57.141.20.37 - - [03/Mar/2026:15:57:58 +0330] "GET /shopdetail/19974371?fileloc=/home/foofelco/public_html/xmlrpc.php&path=/home/foofelco/public_html HTTP/2" 200 15832 "-" "meta-externalagent/1.1 (+https://developers.facebook.com/docs/sharing/webmasters/crawler)"
66.249.75.4 - - [03/Mar/2026:15:57:58 +0330] "GET /?m=285018636 HTTP/1.1" 200 29943 "-" "Mozilla/5.0 (Linux; Android 6.0.1; Nexus 5X Build/MMB29P) AppleWebKit/537.36 (KHTML, like Gecko) Chrome/144.0.7559.132 Mobile Safari/537.36 (compatible; Googlebot/2.1; +http://www.google.com/bot.html)"
74.7.227.54 - - [03/Mar/2026:15:57:59 +0330] "GET /xmlrpc.php?fileloc=//proc/self/root/proc/thread-self/root/etc/alternatives/print-cancelman&path=//proc/self/root/proc/thread-self/root/etc/alternatives HTTP/2" 200 2522 "https://foofel.co/xmlrpc.php?path=//proc/self/root/proc/thread-self/root/etc/alternatives" "Mozilla/5.0 AppleWebKit/537.36 (KHTML, like Gecko; compatible; GPTBot/1.3; +https://openai.com/gptbot)"
57.141.20.33 - - [03/Mar/2026:15:57:59 +0330] "GET /shopdetail/64086471?path=/home/foofelco/public_html HTTP/2" 200 49197 "-" "meta-externalagent/1.1 (+https://developers.facebook.com/docs/sharing/webmasters/crawler)"
57.141.20.25 - - [03/Mar/2026:15:57:59 +0330] "GET /shopdetail/137671071?fileloc=/home/foofelco/public_html/readme.html&path=/home/foofelco/public_html HTTP/2" 200 21522 "-" "meta-externalagent/1.1 (+https://developers.facebook.com/docs/sharing/webmasters/crawler)"
66.249.75.3 - - [03/Mar/2026:15:57:57 +0330] "GET /?z=124045709 HTTP/1.1" 200 30460 "-" "Mozilla/5.0 (Linux; Android 6.0.1; Nexus 5X Build/MMB29P) AppleWebKit/537.36 (KHTML, like Gecko) Chrome/144.0.7559.132 Mobile Safari/537.36 (compatible; Googlebot/2.1; +http://www.google.com/bot.html)"
66.249.75.7 - - [03/Mar/2026:15:57:59 +0330] "GET /?o=f27w48vbkhzl7xg_gkind14524022 HTTP/1.1" 200 31163 "-" "Mozilla/5.0 (Linux; Android 6.0.1; Nexus 5X Build/MMB29P) AppleWebKit/537.36 (KHTML, like Gecko) Chrome/144.0.7559.132 Mobile Safari/537.36 (compatible; Googlebot/2.1; +http://www.google.com/bot.html)"
57.141.20.3 - - [03/Mar/2026:15:58:00 +0330] "GET /shopdetail/159943771?fileloc=/home/foofelco/public_html/wp-load.php&path=/home/foofelco/public_html HTTP/2" 200 15938 "-" "meta-externalagent/1.1 (+https://developers.facebook.com/docs/sharing/webmasters/crawler)"
66.249.75.3 - - [03/Mar/2026:15:58:00 +0330] "GET /?o=f5xjialby01bubi_gkind14524030 HTTP/1.1" 200 30835 "-" "Mozilla/5.0 (Linux; Android 6.0.1; Nexus 5X Build/MMB29P) AppleWebKit/537.36 (KHTML, like Gecko) Chrome/144.0.7559.132 Mobile Safari/537.36 (compatible; Googlebot/2.1; +http://www.google.com/bot.html)"
66.249.75.7 - - [03/Mar/2026:15:58:01 +0330] "GET /?o=f5ou91cbpzs2c29_gkind14523998 HTTP/1.1" 200 30833 "-" "Mozilla/5.0 (Linux; Android 6.0.1; Nexus 5X Build/MMB29P) AppleWebKit/537.36 (KHTML, like Gecko) Chrome/144.0.7559.132 Mobile Safari/537.36 (compatible; Googlebot/2.1; +http://www.google.com/bot.html)"
57.141.20.56 - - [03/Mar/2026:15:58:02 +0330] "GET /goods/1590466637.htm?fileloc=/home/foofelco/public_html/options.php&path=/home/foofelco/public_html HTTP/2" 200 14836 "-" "meta-externalagent/1.1 (+https://developers.facebook.com/docs/sharing/webmasters/crawler)"
66.249.75.3 - - [03/Mar/2026:15:58:02 +0330] "GET /?o=ettv2ih1i2h33fy_gkind14524018 HTTP/1.1" 200 30859 "-" "Mozilla/5.0 (Linux; Android 6.0.1; Nexus 5X Build/MMB29P) AppleWebKit/537.36 (KHTML, like Gecko) Chrome/144.0.7559.132 Mobile Safari/537.36 (compatible; Googlebot/2.1; +http://www.google.com/bot.html)"
57.141.20.58 - - [03/Mar/2026:15:58:02 +0330] "GET /shopdetail/185951171?fileloc=/home/foofelco/public_html/wp-config.php&path=/home/foofelco/public_html HTTP/2" 200 15595 "-" "meta-externalagent/1.1 (+https://developers.facebook.com/docs/sharing/webmasters/crawler)"
57.141.20.31 - - [03/Mar/2026:15:58:03 +0330] "GET /shopdetail/63835471?path=/home/foofelco/public_html/wp-content HTTP/2" 200 31300 "-" "meta-externalagent/1.1 (+https://developers.facebook.com/docs/sharing/webmasters/crawler)"
66.249.75.3 - - [03/Mar/2026:15:58:03 +0330] "GET /?o=e2p9mqdo2adnsnu_gkind14524030 HTTP/1.1" 200 30859 "-" "Mozilla/5.0 (Linux; Android 6.0.1; Nexus 5X Build/MMB29P) AppleWebKit/537.36 (KHTML, like Gecko) Chrome/144.0.7559.132 Mobile Safari/537.36 (compatible; Googlebot/2.1; +http://www.google.com/bot.html)"
57.141.20.27 - - [03/Mar/2026:15:58:04 +0330] "GET /shopdetail/175038771?fileloc=/home/foofelco/public_html/wp-trackback.php&path=/home/foofelco/public_html HTTP/2" 200 17443 "-" "meta-externalagent/1.1 (+https://developers.facebook.com/docs/sharing/webmasters/crawler)"
57.141.20.27 - - [03/Mar/2026:15:58:05 +0330] "GET /goods/85232929759.htm?fileloc=/home/foofelco/public_html/wp-blog-header.php&path=/home/foofelco/public_html HTTP/2" 200 12868 "-" "meta-externalagent/1.1 (+https://developers.facebook.com/docs/sharing/webmasters/crawler)"
57.141.20.31 - - [03/Mar/2026:15:58:05 +0330] "GET /shopdetail/203465171?fileloc=/home/foofelco/public_html/wp-links-opml.php&path=/home/foofelco/public_html HTTP/2" 200 15147 "-" "meta-externalagent/1.1 (+https://developers.facebook.com/docs/sharing/webmasters/crawler)"
57.141.20.53 - - [03/Mar/2026:15:58:06 +0330] "GET /goods/2596841972.htm?fileloc=/home/foofelco/public_html/wp-comments-post.php&path=/home/foofelco/public_html HTTP/2" 200 14756 "-" "meta-externalagent/1.1 (+https://developers.facebook.com/docs/sharing/webmasters/crawler)"
66.249.75.4 - - [03/Mar/2026:15:57:59 +0330] "GET /?r=024047451 HTTP/1.1" 200 30386 "-" "Mozilla/5.0 (Linux; Android 6.0.1; Nexus 5X Build/MMB29P) AppleWebKit/537.36 (KHTML, like Gecko) Chrome/144.0.7559.132 Mobile Safari/537.36 (compatible; Googlebot/2.1; +http://www.google.com/bot.html)"
57.141.20.41 - - [03/Mar/2026:15:58:00 +0330] "GET /goods/2596959228.htm?fileloc=/home/foofelco/public_html/ex.php&path=/home/foofelco/public_html HTTP/2" 200 12339 "-" "meta-externalagent/1.1 (+https://developers.facebook.com/docs/sharing/webmasters/crawler)"
57.141.20.7 - - [03/Mar/2026:15:58:01 +0330] "GET /shopdetail/183282871?path=/home/foofelco/public_html/.tmb HTTP/2" 200 14282 "-" "meta-externalagent/1.1 (+https://developers.facebook.com/docs/sharing/webmasters/crawler)"
66.249.75.5 - - [03/Mar/2026:15:58:00 +0330] "GET /?o=eyumf7i5vriga4z_gkind14524010 HTTP/1.1" 200 30875 "-" "Mozilla/5.0 (Linux; Android 6.0.1; Nexus 5X Build/MMB29P) AppleWebKit/537.36 (KHTML, like Gecko) Chrome/144.0.7559.132 Mobile Safari/537.36 (compatible; Googlebot/2.1; +http://www.google.com/bot.html)"
57.141.20.42 - - [03/Mar/2026:15:58:01 +0330] "GET /shopdetail/142590571?fileloc=/home/foofelco/public_html/wp-log1n.php&path=/home/foofelco/public_html HTTP/2" 200 12345 "-" "meta-externalagent/1.1 (+https://developers.facebook.com/docs/sharing/webmasters/crawler)"
74.7.227.54 - - [03/Mar/2026:15:58:02 +0330] "GET /xmlrpc.php?fileloc=//proc/self/root/proc/thread-self/root/etc/alternatives/print-lpman&path=//proc/self/root/proc/thread-self/root/etc/alternatives HTTP/2" 200 2519 "https://foofel.co/xmlrpc.php?path=//proc/self/root/proc/thread-self/root/etc/alternatives" "Mozilla/5.0 AppleWebKit/537.36 (KHTML, like Gecko; compatible; GPTBot/1.3; +https://openai.com/gptbot)"
51.68.247.195 - - [03/Mar/2026:15:58:01 +0330] "GET /?sitemap113.xml HTTP/2" 200 39685 "-" "Mozilla/5.0 (compatible; AhrefsBot/7.0; +http://ahrefs.com/robot/)"
66.249.75.3 - - [03/Mar/2026:15:58:03 +0330] "GET /?o=fumfjnabz1e0qcv_gkind14524030 HTTP/1.1" 200 30915 "-" "Mozilla/5.0 (Linux; Android 6.0.1; Nexus 5X Build/MMB29P) AppleWebKit/537.36 (KHTML, like Gecko) Chrome/144.0.7559.132 Mobile Safari/537.36 (compatible; Googlebot/2.1; +http://www.google.com/bot.html)"
57.141.20.27 - - [03/Mar/2026:15:58:03 +0330] "GET /shopdetail/64086471?path=/home HTTP/2" 200 13940 "-" "meta-externalagent/1.1 (+https://developers.facebook.com/docs/sharing/webmasters/crawler)"
57.141.20.29 - - [03/Mar/2026:15:58:04 +0330] "GET /shopdetail/52443171?fileloc=/home/foofelco/public_html/options.php&path=/home/foofelco/public_html HTTP/2" 200 14836 "-" "meta-externalagent/1.1 (+https://developers.facebook.com/docs/sharing/webmasters/crawler)"
66.249.75.5 - - [03/Mar/2026:15:58:04 +0330] "GET /?o=epdfae1cqy1bibi_gkind14523990 HTTP/1.1" 200 30913 "-" "Mozilla/5.0 (Linux; Android 6.0.1; Nexus 5X Build/MMB29P) AppleWebKit/537.36 (KHTML, like Gecko) Chrome/144.0.7559.132 Mobile Safari/537.36 (compatible; GoogleOther)"
74.7.227.54 - - [03/Mar/2026:15:58:05 +0330] "GET /xmlrpc.php?fileloc=//proc/self/root/proc/thread-self/root/etc/alternatives/print-lpqman&path=//proc/self/root/proc/thread-self/root/etc/alternatives HTTP/2" 200 2520 "https://foofel.co/xmlrpc.php?path=//proc/self/root/proc/thread-self/root/etc/alternatives" "Mozilla/5.0 AppleWebKit/537.36 (KHTML, like Gecko; compatible; GPTBot/1.3; +https://openai.com/gptbot)"
66.249.75.8 - - [03/Mar/2026:15:58:04 +0330] "GET /?o=f2gidh4btg8uj6p HTTP/1.1" 200 30840 "-" "Mozilla/5.0 (Linux; Android 6.0.1; Nexus 5X Build/MMB29P) AppleWebKit/537.36 (KHTML, like Gecko) Chrome/144.0.7559.132 Mobile Safari/537.36 (compatible; Googlebot/2.1; +http://www.google.com/bot.html)"
66.249.75.6 - - [03/Mar/2026:15:58:05 +0330] "GET /?o=eemejna1z7ak2kr_gkind14523998 HTTP/1.1" 200 30911 "-" "Mozilla/5.0 (Linux; Android 6.0.1; Nexus 5X Build/MMB29P) AppleWebKit/537.36 (KHTML, like Gecko) Chrome/144.0.7559.132 Mobile Safari/537.36 (compatible; Googlebot/2.1; +http://www.google.com/bot.html)"
66.249.75.8 - - [03/Mar/2026:15:58:07 +0330] "GET /?o=ezjhgk70w47hgho_gkind14524010 HTTP/1.1" 200 30902 "-" "Mozilla/5.0 (Linux; Android 6.0.1; Nexus 5X Build/MMB29P) AppleWebKit/537.36 (KHTML, like Gecko) Chrome/144.0.7559.132 Mobile Safari/537.36 (compatible; Googlebot/2.1; +http://www.google.com/bot.html)"
66.249.75.6 - - [03/Mar/2026:15:58:07 +0330] "GET /?o=eh58eut9uetfnra_gkind14523978 HTTP/1.1" 200 31095 "-" "Mozilla/5.0 (Linux; Android 6.0.1; Nexus 5X Build/MMB29P) AppleWebKit/537.36 (KHTML, like Gecko) Chrome/144.0.7559.132 Mobile Safari/537.36 (compatible; Googlebot/2.1; +http://www.google.com/bot.html)"
74.7.227.54 - - [03/Mar/2026:15:58:08 +0330] "GET /xmlrpc.php?fileloc=//proc/self/root/proc/thread-self/root/etc/alternatives/print-lpstatman&path=//proc/self/root/proc/thread-self/root/etc/alternatives HTTP/2" 200 2522 "https://foofel.co/xmlrpc.php?path=//proc/self/root/proc/thread-self/root/etc/alternatives" "Mozilla/5.0 AppleWebKit/537.36 (KHTML, like Gecko; compatible; GPTBot/1.3; +https://openai.com/gptbot)"
57.141.20.47 - - [03/Mar/2026:15:58:08 +0330] "GET /shopdetail/158979971?fileloc=/home/foofelco/public_html/index.php&path=/home/foofelco/public_html HTTP/2" 200 34464 "-" "meta-externalagent/1.1 (+https://developers.facebook.com/docs/sharing/webmasters/crawler)"
66.249.75.8 - - [03/Mar/2026:15:58:08 +0330] "GET /?o=f5xjialby01bubi_gkind14523982 HTTP/1.1" 200 30836 "-" "Mozilla/5.0 (Linux; Android 6.0.1; Nexus 5X Build/MMB29P) AppleWebKit/537.36 (KHTML, like Gecko) Chrome/144.0.7559.132 Mobile Safari/537.36 (compatible; Googlebot/2.1; +http://www.google.com/bot.html)"
57.141.20.26 - - [03/Mar/2026:15:58:09 +0330] "GET /shopdetail/256561571?path=/home/foofelco/public_html/wp-admin HTTP/2" 200 163474 "-" "meta-externalagent/1.1 (+https://developers.facebook.com/docs/sharing/webmasters/crawler)"
66.249.75.7 - - [03/Mar/2026:15:58:09 +0330] "GET /?o=f9dsae1bqx5rz3m_gkind14524030 HTTP/1.1" 200 31227 "-" "Mozilla/5.0 (Linux; Android 6.0.1; Nexus 5X Build/MMB29P) AppleWebKit/537.36 (KHTML, like Gecko) Chrome/144.0.7559.132 Mobile Safari/537.36 (compatible; Googlebot/2.1; +http://www.google.com/bot.html)"
57.141.20.2 - - [03/Mar/2026:15:58:11 +0330] "GET /shopdetail/270932671?path=/home/foofelco/public_html/.tmb HTTP/2" 200 14282 "-" "meta-externalagent/1.1 (+https://developers.facebook.com/docs/sharing/webmasters/crawler)"
74.7.227.54 - - [03/Mar/2026:15:58:11 +0330] "GET /xmlrpc.php?fileloc=//proc/self/root/proc/thread-self/root/etc/alternatives/print-lprmman&path=//proc/self/root/proc/thread-self/root/etc/alternatives HTTP/2" 200 2520 "https://foofel.co/xmlrpc.php?path=//proc/self/root/proc/thread-self/root/etc/alternatives" "Mozilla/5.0 AppleWebKit/537.36 (KHTML, like Gecko; compatible; GPTBot/1.3; +https://openai.com/gptbot)"
57.141.20.30 - - [03/Mar/2026:15:58:12 +0330] "GET /shopdetail/267241671?fileloc=/home/foofelco/public_html/ex.php&path=/home/foofelco/public_html HTTP/2" 200 12339 "-" "meta-externalagent/1.1 (+https://developers.facebook.com/docs/sharing/webmasters/crawler)"
66.249.75.6 - - [03/Mar/2026:15:58:12 +0330] "GET /?x=080000337 HTTP/1.1" 200 31587 "-" "Mozilla/5.0 (Linux; Android 6.0.1; Nexus 5X Build/MMB29P) AppleWebKit/537.36 (KHTML, like Gecko) Chrome/144.0.7559.132 Mobile Safari/537.36 (compatible; GoogleOther)"
57.141.20.53 - - [03/Mar/2026:15:58:12 +0330] "GET /goods/2596841972.htm?fileloc=/home/foofelco/public_html/wp-cron.php&path=/home/foofelco/public_html HTTP/2" 200 16353 "-" "meta-externalagent/1.1 (+https://developers.facebook.com/docs/sharing/webmasters/crawler)"
57.141.20.56 - - [03/Mar/2026:15:58:13 +0330] "GET /shopdetail/142590571?fileloc=/home/foofelco/public_html/item.php&path=/home/foofelco/public_html HTTP/2" 200 12341 "-" "meta-externalagent/1.1 (+https://developers.facebook.com/docs/sharing/webmasters/crawler)"
66.249.75.4 - - [03/Mar/2026:15:58:06 +0330] "GET /?o=fespptgb5lk6si1 HTTP/1.1" 200 30812 "-" "Mozilla/5.0 (Linux; Android 6.0.1; Nexus 5X Build/MMB29P) AppleWebKit/537.36 (KHTML, like Gecko) Chrome/144.0.7559.132 Mobile Safari/537.36 (compatible; Googlebot/2.1; +http://www.google.com/bot.html)"
57.141.20.55 - - [03/Mar/2026:15:58:06 +0330] "GET /goods/6000266444.shtm?path=/home/foofelco/public_html/.tmb HTTP/2" 200 14282 "-" "meta-externalagent/1.1 (+https://developers.facebook.com/docs/sharing/webmasters/crawler)"
57.141.20.40 - - [03/Mar/2026:15:58:07 +0330] "GET /shopdetail/273195371?fileloc=/home/foofelco/public_html/wp-comments-post.php&path=/home/foofelco/public_html HTTP/2" 200 14756 "-" "meta-externalagent/1.1 (+https://developers.facebook.com/docs/sharing/webmasters/crawler)"
57.141.20.45 - - [03/Mar/2026:15:58:07 +0330] "GET /shopdetail/294991471?fileloc=/home/foofelco/public_html/wp-mail.php&path=/home/foofelco/public_html HTTP/2" 200 21087 "-" "meta-externalagent/1.1 (+https://developers.facebook.com/docs/sharing/webmasters/crawler)"
57.141.20.31 - - [03/Mar/2026:15:58:08 +0330] "GET /shopdetail/262486671?fileloc=/home/foofelco/public_html/click.php&path=/home/foofelco/public_html HTTP/2" 200 12342 "-" "meta-externalagent/1.1 (+https://developers.facebook.com/docs/sharing/webmasters/crawler)"
66.249.75.4 - - [03/Mar/2026:15:58:08 +0330] "GET /?o=f33zogrb427haho_gkind14523990 HTTP/1.1" 200 30593 "-" "Mozilla/5.0 (Linux; Android 6.0.1; Nexus 5X Build/MMB29P) AppleWebKit/537.36 (KHTML, like Gecko) Chrome/144.0.7559.132 Mobile Safari/537.36 (compatible; Googlebot/2.1; +http://www.google.com/bot.html)"
57.141.20.37 - - [03/Mar/2026:15:58:10 +0330] "GET /goods/1590299793.htm?path=/home/foofelco/public_html/wp-snapshots HTTP/2" 200 20198 "-" "meta-externalagent/1.1 (+https://developers.facebook.com/docs/sharing/webmasters/crawler)"
66.249.75.4 - - [03/Mar/2026:15:58:09 +0330] "GET /?o=f2mdjnabz7e04cv_gkind14524018 HTTP/1.1" 200 30860 "-" "Mozilla/5.0 (Linux; Android 6.0.1; Nexus 5X Build/MMB29P) AppleWebKit/537.36 (KHTML, like Gecko) Chrome/144.0.7559.132 Mobile Safari/537.36 (compatible; Googlebot/2.1; +http://www.google.com/bot.html)"
57.141.20.38 - - [03/Mar/2026:15:58:10 +0330] "GET /shopdetail/136440471?fileloc=/home/foofelco/public_html/wp-trackback.php&path=/home/foofelco/public_html HTTP/2" 200 17443 "-" "meta-externalagent/1.1 (+https://developers.facebook.com/docs/sharing/webmasters/crawler)"
57.141.20.37 - - [03/Mar/2026:15:58:10 +0330] "GET /shopdetail/280292371?fileloc=/home/foofelco/public_html/xmlrpc.php&path=/home/foofelco/public_html HTTP/2" 200 15832 "-" "meta-externalagent/1.1 (+https://developers.facebook.com/docs/sharing/webmasters/crawler)"
66.249.75.3 - - [03/Mar/2026:15:58:11 +0330] "GET /?m=025046864 HTTP/1.1" 200 29891 "-" "Mozilla/5.0 (Linux; Android 6.0.1; Nexus 5X Build/MMB29P) AppleWebKit/537.36 (KHTML, like Gecko) Chrome/144.0.7559.132 Mobile Safari/537.36 (compatible; Googlebot/2.1; +http://www.google.com/bot.html)"
66.249.75.4 - - [03/Mar/2026:15:58:11 +0330] "GET /?o=erjdgk79w47htho_gkind14524006 HTTP/1.1" 200 31123 "-" "Mozilla/5.0 (Linux; Android 6.0.1; Nexus 5X Build/MMB29P) AppleWebKit/537.36 (KHTML, like Gecko) Chrome/144.0.7559.132 Mobile Safari/537.36 (compatible; Googlebot/2.1; +http://www.google.com/bot.html)"
57.141.20.31 - - [03/Mar/2026:15:58:11 +0330] "GET /shopdetail/185951171?fileloc=/home/foofelco/public_html/license.txt&path=/home/foofelco/public_html HTTP/2" 200 32363 "-" "meta-externalagent/1.1 (+https://developers.facebook.com/docs/sharing/webmasters/crawler)"
66.249.75.3 - - [03/Mar/2026:15:58:12 +0330] "GET /?o=e6qqzfe8fze0tcv_gkind14524018 HTTP/1.1" 200 31106 "-" "Mozilla/5.0 (Linux; Android 6.0.1; Nexus 5X Build/MMB29P) AppleWebKit/537.36 (KHTML, like Gecko) Chrome/144.0.7559.132 Mobile Safari/537.36 (compatible; Googlebot/2.1; +http://www.google.com/bot.html)"
57.141.20.46 - - [03/Mar/2026:15:58:13 +0330] "GET /goods/2596959228.htm?fileloc=/home/foofelco/public_html/php.ini&path=/home/foofelco/public_html HTTP/2" 200 12340 "-" "meta-externalagent/1.1 (+https://developers.facebook.com/docs/sharing/webmasters/crawler)"
66.249.75.5 - - [03/Mar/2026:15:58:13 +0330] "GET /?o=fg5xeutbu7lj772_gkind14524026 HTTP/1.1" 200 30836 "-" "Mozilla/5.0 (Linux; Android 6.0.1; Nexus 5X Build/MMB29P) AppleWebKit/537.36 (KHTML, like Gecko) Chrome/144.0.7559.132 Mobile Safari/537.36 (compatible; Googlebot/2.1; +http://www.google.com/bot.html)"
74.7.227.54 - - [03/Mar/2026:15:58:14 +0330] "GET /xmlrpc.php?fileloc=//proc/self/root/usr/lib/firmware/intel/iwlwifi/iwlwifi-so-a0-gf-a0-79.ucode&path=//proc/self/root/usr/lib/firmware/intel/iwlwifi HTTP/2" 200 2535 "https://foofel.co/xmlrpc.php?path=//proc/self/root/usr/lib/firmware/intel/iwlwifi" "Mozilla/5.0 AppleWebKit/537.36 (KHTML, like Gecko; compatible; GPTBot/1.3; +https://openai.com/gptbot)"
66.249.75.6 - - [03/Mar/2026:15:58:14 +0330] "GET /?o=e1lm6y9rmi97tvq HTTP/1.1" 200 30889 "-" "Mozilla/5.0 (Linux; Android 6.0.1; Nexus 5X Build/MMB29P) AppleWebKit/537.36 (KHTML, like Gecko) Chrome/144.0.7559.132 Mobile Safari/537.36 (compatible; Googlebot/2.1; +http://www.google.com/bot.html)"
57.141.20.53 - - [03/Mar/2026:15:58:15 +0330] "GET /shopdetail/136440471?fileloc=/home/foofelco/public_html/index.php&path=/home/foofelco/public_html HTTP/2" 200 34464 "-" "meta-externalagent/1.1 (+https://developers.facebook.com/docs/sharing/webmasters/crawler)"
66.249.75.6 - - [03/Mar/2026:15:58:15 +0330] "GET /?o=e265rjun73uswgb HTTP/1.1" 200 30007 "-" "Mozilla/5.0 (Linux; Android 6.0.1; Nexus 5X Build/MMB29P) AppleWebKit/537.36 (KHTML, like Gecko) Chrome/144.0.7559.132 Mobile Safari/537.36 (compatible; Googlebot/2.1; +http://www.google.com/bot.html)"
57.141.20.31 - - [03/Mar/2026:15:58:16 +0330] "GET /shopdetail/19974371?fileloc=/home/foofelco/public_html/wp-load.php&path=/home/foofelco/public_html HTTP/2" 200 15938 "-" "meta-externalagent/1.1 (+https://developers.facebook.com/docs/sharing/webmasters/crawler)"
57.141.20.2 - - [03/Mar/2026:15:58:16 +0330] "GET /goods/85232929759.htm?path=/home/foofelco/public_html/wp-snapshots HTTP/2" 200 20198 "-" "meta-externalagent/1.1 (+https://developers.facebook.com/docs/sharing/webmasters/crawler)"
66.249.75.6 - - [03/Mar/2026:15:58:16 +0330] "GET /?o=fudoae1bqh5rt3m_gkind14523994 HTTP/1.1" 200 30912 "-" "Mozilla/5.0 (Linux; Android 6.0.1; Nexus 5X Build/MMB29P) AppleWebKit/537.36 (KHTML, like Gecko) Chrome/144.0.7559.132 Mobile Safari/537.36 (compatible; Googlebot/2.1; +http://www.google.com/bot.html)"
74.7.227.54 - - [03/Mar/2026:15:58:18 +0330] "GET /xmlrpc.php?fileloc=//proc/self/root/usr/lib/firmware/intel/iwlwifi/iwlwifi-so-a0-jf-b0-77.ucode&path=//proc/self/root/usr/lib/firmware/intel/iwlwifi HTTP/2" 200 2537 "https://foofel.co/xmlrpc.php?path=//proc/self/root/usr/lib/firmware/intel/iwlwifi" "Mozilla/5.0 AppleWebKit/537.36 (KHTML, like Gecko; compatible; GPTBot/1.3; +https://openai.com/gptbot)"
57.141.20.13 - - [03/Mar/2026:15:58:17 +0330] "GET /shopdetail/137671071?path=/home/foofelco/public_html/wp-includes HTTP/2" 200 345244 "-" "meta-externalagent/1.1 (+https://developers.facebook.com/docs/sharing/webmasters/crawler)"
66.249.75.5 - - [03/Mar/2026:15:58:17 +0330] "GET /?o=f5ou91cbpzs2c29_gkind14523994 HTTP/1.1" 200 30833 "-" "Mozilla/5.0 (Linux; Android 6.0.1; Nexus 5X Build/MMB29P) AppleWebKit/537.36 (KHTML, like Gecko) Chrome/144.0.7559.132 Mobile Safari/537.36 (compatible; Googlebot/2.1; +http://www.google.com/bot.html)"
57.141.20.31 - - [03/Mar/2026:15:58:18 +0330] "GET /goods/1590466637.htm?path=/home/foofelco/public_html/.tmb HTTP/2" 200 14282 "-" "meta-externalagent/1.1 (+https://developers.facebook.com/docs/sharing/webmasters/crawler)"
57.141.20.19 - - [03/Mar/2026:15:58:19 +0330] "GET /shopdetail/156228471?fileloc=/home/foofelco/public_html/wp-settings.php&path=/home/foofelco/public_html HTTP/2" 200 31798 "-" "meta-externalagent/1.1 (+https://developers.facebook.com/docs/sharing/webmasters/crawler)"
57.141.20.48 - - [03/Mar/2026:15:58:14 +0330] "GET /shopdetail/210137371?path=/home/foofelco/public_html/wp-admin HTTP/2" 200 163474 "-" "meta-externalagent/1.1 (+https://developers.facebook.com/docs/sharing/webmasters/crawler)"
57.141.20.31 - - [03/Mar/2026:15:58:14 +0330] "GET /shopdetail/52443171?fileloc=/home/foofelco/public_html/wp-mail.php&path=/home/foofelco/public_html HTTP/2" 200 21087 "-" "meta-externalagent/1.1 (+https://developers.facebook.com/docs/sharing/webmasters/crawler)"
57.141.20.31 - - [03/Mar/2026:15:58:15 +0330] "GET /shopdetail/210969271?fileloc=/home/foofelco/public_html/xmlrpc.php&path=/home/foofelco/public_html HTTP/2" 200 15832 "-" "meta-externalagent/1.1 (+https://developers.facebook.com/docs/sharing/webmasters/crawler)"
66.249.75.4 - - [03/Mar/2026:15:58:15 +0330] "GET /?h=020046701 HTTP/1.1" 200 31204 "-" "Mozilla/5.0 (Linux; Android 6.0.1; Nexus 5X Build/MMB29P) AppleWebKit/537.36 (KHTML, like Gecko) Chrome/144.0.7559.132 Mobile Safari/537.36 (compatible; Googlebot/2.1; +http://www.google.com/bot.html)"
66.249.75.3 - - [03/Mar/2026:15:58:16 +0330] "GET /?o=ebp8mqdz2adnlnu_gkind14523990 HTTP/1.1" 200 31009 "-" "Mozilla/5.0 (Linux; Android 6.0.1; Nexus 5X Build/MMB29P) AppleWebKit/537.36 (KHTML, like Gecko) Chrome/144.0.7559.132 Mobile Safari/537.36 (compatible; Googlebot/2.1; +http://www.google.com/bot.html)"
57.141.20.4 - - [03/Mar/2026:15:58:17 +0330] "GET /shopdetail/205518971?path=/home/foofelco/public_html/wp-snapshots HTTP/2" 200 20198 "-" "meta-externalagent/1.1 (+https://developers.facebook.com/docs/sharing/webmasters/crawler)"
57.141.20.5 - - [03/Mar/2026:15:58:18 +0330] "GET /shopdetail/169312171?fileloc=/home/foofelco/public_html/wp-activate.php&path=/home/foofelco/public_html HTTP/2" 200 20246 "-" "meta-externalagent/1.1 (+https://developers.facebook.com/docs/sharing/webmasters/crawler)"
66.249.75.4 - - [03/Mar/2026:15:58:18 +0330] "GET /?jp/258021426.html HTTP/1.1" 200 30603 "-" "Mozilla/5.0 (Linux; Android 6.0.1; Nexus 5X Build/MMB29P) AppleWebKit/537.36 (KHTML, like Gecko) Chrome/144.0.7559.132 Mobile Safari/537.36 (compatible; Googlebot/2.1; +http://www.google.com/bot.html)"
57.141.20.16 - - [03/Mar/2026:15:58:19 +0330] "GET /goods/2596841972.htm?fileloc=/home/foofelco/public_html/wp-activate.php&path=/home/foofelco/public_html HTTP/2" 200 20246 "-" "meta-externalagent/1.1 (+https://developers.facebook.com/docs/sharing/webmasters/crawler)"
66.249.75.6 - - [03/Mar/2026:15:58:19 +0330] "GET /?o=ezstptgr5dgqgqx_gkind14523978 HTTP/1.1" 200 30835 "-" "Mozilla/5.0 (Linux; Android 6.0.1; Nexus 5X Build/MMB29P) AppleWebKit/537.36 (KHTML, like Gecko) Chrome/144.0.7559.132 Mobile Safari/537.36 (compatible; Googlebot/2.1; +http://www.google.com/bot.html)"
57.141.20.31 - - [03/Mar/2026:15:58:20 +0330] "GET /goods/69882024184.htm?path=/home/foofelco/public_html/wp-snapshots HTTP/2" 200 20198 "-" "meta-externalagent/1.1 (+https://developers.facebook.com/docs/sharing/webmasters/crawler)"
66.249.75.3 - - [03/Mar/2026:15:58:20 +0330] "GET /?o=fpggdh4btb8uo6p_gkind14524026 HTTP/1.1" 200 31413 "-" "Mozilla/5.0 (Linux; Android 6.0.1; Nexus 5X Build/MMB29P) AppleWebKit/537.36 (KHTML, like Gecko) Chrome/144.0.7559.132 Mobile Safari/537.36 (compatible; Googlebot/2.1; +http://www.google.com/bot.html)"
57.141.20.19 - - [03/Mar/2026:15:58:21 +0330] "GET /goods/159020906.htm?fileloc=/home/foofelco/public_html/wp-blog-header.php&path=/home/foofelco/public_html HTTP/2" 200 12868 "-" "meta-externalagent/1.1 (+https://developers.facebook.com/docs/sharing/webmasters/crawler)"
66.249.75.4 - - [03/Mar/2026:15:58:21 +0330] "GET /?o=fn0uldob1z4eoel HTTP/1.1" 200 3793 "-" "Mozilla/5.0 (Linux; Android 6.0.1; Nexus 5X Build/MMB29P) AppleWebKit/537.36 (KHTML, like Gecko) Chrome/144.0.7559.132 Mobile Safari/537.36 (compatible; Googlebot/2.1; +http://www.google.com/bot.html)"
66.249.75.6 - - [03/Mar/2026:15:58:18 +0330] "GET /?o=fg5xeutbu7lj772_gkind14523990 HTTP/1.1" 200 30835 "-" "Mozilla/5.0 (Linux; Android 6.0.1; Nexus 5X Build/MMB29P) AppleWebKit/537.36 (KHTML, like Gecko) Chrome/144.0.7559.132 Mobile Safari/537.36 (compatible; Googlebot/2.1; +http://www.google.com/bot.html)"
74.7.227.54 - - [03/Mar/2026:15:58:21 +0330] "GET /xmlrpc.php?fileloc=//proc/self/root/proc/thread-self/root/proc/lve/task_sched_stat&path=//proc/self/root/proc/thread-self/root/proc/lve HTTP/2" 200 2543 "https://foofel.co/xmlrpc.php?path=//proc/self/root/proc/thread-self/root/proc/lve" "Mozilla/5.0 AppleWebKit/537.36 (KHTML, like Gecko; compatible; GPTBot/1.3; +https://openai.com/gptbot)"
57.141.20.47 - - [03/Mar/2026:15:58:20 +0330] "GET /goods/1590111833.htm?fileloc=/home/foofelco/public_html/radio.php&path=/home/foofelco/public_html HTTP/2" 200 12342 "-" "meta-externalagent/1.1 (+https://developers.facebook.com/docs/sharing/webmasters/crawler)"
57.141.20.27 - - [03/Mar/2026:15:58:21 +0330] "GET /shopdetail/67629971?path=/home/foofelco/public_html/images HTTP/2" 200 17209 "-" "meta-externalagent/1.1 (+https://developers.facebook.com/docs/sharing/webmasters/crawler)"
57.141.20.0 - - [03/Mar/2026:15:58:22 +0330] "GET /shopdetail/163443471?fileloc=/home/foofelco/public_html/wp-trackback.php&path=/home/foofelco/public_html HTTP/2" 200 17443 "-" "meta-externalagent/1.1 (+https://developers.facebook.com/docs/sharing/webmasters/crawler)"
66.249.75.5 - - [03/Mar/2026:15:58:22 +0330] "GET /?o=ebl06y9xmi973vq_gkind14523974 HTTP/1.1" 200 31108 "-" "Mozilla/5.0 (Linux; Android 6.0.1; Nexus 5X Build/MMB29P) AppleWebKit/537.36 (KHTML, like Gecko) Chrome/144.0.7559.132 Mobile Safari/537.36 (compatible; Googlebot/2.1; +http://www.google.com/bot.html)"
66.249.75.5 - - [03/Mar/2026:15:58:22 +0330] "GET /?o=eg7048vxksv5f5c_gkind14524014 HTTP/1.1" 200 29659 "-" "Mozilla/5.0 (Linux; Android 6.0.1; Nexus 5X Build/MMB29P) AppleWebKit/537.36 (KHTML, like Gecko) Chrome/144.0.7559.132 Mobile Safari/537.36 (compatible; Googlebot/2.1; +http://www.google.com/bot.html)"
57.141.20.57 - - [03/Mar/2026:15:58:23 +0330] "GET /shopdetail/273195371?fileloc=/home/foofelco/public_html/index.php&path=/home/foofelco/public_html HTTP/2" 200 34464 "-" "meta-externalagent/1.1 (+https://developers.facebook.com/docs/sharing/webmasters/crawler)"
74.7.227.54 - - [03/Mar/2026:15:58:24 +0330] "GET /xmlrpc.php?fileloc=//proc/self/root/proc/thread-self/root/proc/lve/debug&path=//proc/self/root/proc/thread-self/root/proc/lve HTTP/2" 200 2504 "https://foofel.co/xmlrpc.php?path=//proc/self/root/proc/thread-self/root/proc/lve" "Mozilla/5.0 AppleWebKit/537.36 (KHTML, like Gecko; compatible; GPTBot/1.3; +https://openai.com/gptbot)"
57.141.20.49 - - [03/Mar/2026:15:58:24 +0330] "GET /goods/6000266444.shtm?path=/home/foofelco/public_html/wp-snapshots HTTP/2" 200 20198 "-" "meta-externalagent/1.1 (+https://developers.facebook.com/docs/sharing/webmasters/crawler)"
57.141.20.23 - - [03/Mar/2026:15:58:25 +0330] "GET /shopdetail/280292371?fileloc=/home/foofelco/public_html/options.php&path=/home/foofelco/public_html HTTP/2" 200 14836 "-" "meta-externalagent/1.1 (+https://developers.facebook.com/docs/sharing/webmasters/crawler)"
57.141.20.23 - - [03/Mar/2026:15:58:25 +0330] "GET /shopdetail/57520371?path=/home/foofelco/public_html/wp-content HTTP/2" 200 31300 "-" "meta-externalagent/1.1 (+https://developers.facebook.com/docs/sharing/webmasters/crawler)"
57.141.20.48 - - [03/Mar/2026:15:58:26 +0330] "GET /shopdetail/210969271?fileloc=/home/foofelco/public_html/robots.txt&path=/home/foofelco/public_html HTTP/2" 200 12423 "-" "meta-externalagent/1.1 (+https://developers.facebook.com/docs/sharing/webmasters/crawler)"
66.249.75.5 - - [03/Mar/2026:15:58:26 +0330] "GET /?o=e26vrju673us3gb_gkind14523998 HTTP/1.1" 200 31117 "-" "Mozilla/5.0 (Linux; Android 6.0.1; Nexus 5X Build/MMB29P) AppleWebKit/537.36 (KHTML, like Gecko) Chrome/144.0.7559.132 Mobile Safari/537.36 (compatible; Googlebot/2.1; +http://www.google.com/bot.html)"
66.249.75.6 - - [03/Mar/2026:15:58:23 +0330] "GET /?o=e4sgptgw5dgqzqx_gkind14524030 HTTP/1.1" 200 31415 "-" "Mozilla/5.0 (Linux; Android 6.0.1; Nexus 5X Build/MMB29P) AppleWebKit/537.36 (KHTML, like Gecko) Chrome/144.0.7559.132 Mobile Safari/537.36 (compatible; Googlebot/2.1; +http://www.google.com/bot.html)"
57.141.20.14 - - [03/Mar/2026:15:58:23 +0330] "GET /shopdetail/210137371?fileloc=/home/foofelco/public_html/.htaccess&path=/home/foofelco/public_html HTTP/2" 200 14420 "-" "meta-externalagent/1.1 (+https://developers.facebook.com/docs/sharing/webmasters/crawler)"
57.141.20.21 - - [03/Mar/2026:15:58:24 +0330] "GET /shopdetail/162264771?fileloc=/home/foofelco/public_html/wp-config.php&path=/home/foofelco/public_html HTTP/2" 200 15595 "-" "meta-externalagent/1.1 (+https://developers.facebook.com/docs/sharing/webmasters/crawler)"
66.249.75.4 - - [03/Mar/2026:15:58:23 +0330] "GET /?o=e2rnc4f5sofdz1w_gkind14523990 HTTP/1.1" 200 30860 "-" "Mozilla/5.0 (Linux; Android 6.0.1; Nexus 5X Build/MMB29P) AppleWebKit/537.36 (KHTML, like Gecko) Chrome/144.0.7559.132 Mobile Safari/537.36 (compatible; Googlebot/2.1; +http://www.google.com/bot.html)"
66.249.75.6 - - [03/Mar/2026:15:58:24 +0330] "GET /?o=eqxsialxyulj972_gkind14524026 HTTP/1.1" 200 29267 "-" "Mozilla/5.0 (Linux; Android 6.0.1; Nexus 5X Build/MMB29P) AppleWebKit/537.36 (KHTML, like Gecko) Chrome/144.0.7559.132 Mobile Safari/537.36 (compatible; Googlebot/2.1; +http://www.google.com/bot.html)"
57.141.20.29 - - [03/Mar/2026:15:58:25 +0330] "GET /shopdetail/137671071?fileloc=/home/foofelco/public_html/wp-config.php&path=/home/foofelco/public_html HTTP/2" 200 15595 "-" "meta-externalagent/1.1 (+https://developers.facebook.com/docs/sharing/webmasters/crawler)"
66.249.75.6 - - [03/Mar/2026:15:58:25 +0330] "GET /?o=e882hxw6xhwi5ud_gkind14524018 HTTP/1.1" 200 29153 "-" "Mozilla/5.0 (Linux; Android 6.0.1; Nexus 5X Build/MMB29P) AppleWebKit/537.36 (KHTML, like Gecko) Chrome/144.0.7559.132 Mobile Safari/537.36 (compatible; Googlebot/2.1; +http://www.google.com/bot.html)"
66.249.75.4 - - [03/Mar/2026:15:58:25 +0330] "GET /?n=224031893 HTTP/1.1" 200 30249 "-" "Mozilla/5.0 (Linux; Android 6.0.1; Nexus 5X Build/MMB29P) AppleWebKit/537.36 (KHTML, like Gecko) Chrome/144.0.7559.132 Mobile Safari/537.36 (compatible; Googlebot/2.1; +http://www.google.com/bot.html)"
66.249.75.6 - - [03/Mar/2026:15:58:26 +0330] "GET /?o=eg7048vxksv5f5c_gkind14524022 HTTP/1.1" 200 29658 "-" "Mozilla/5.0 (Linux; Android 6.0.1; Nexus 5X Build/MMB29P) AppleWebKit/537.36 (KHTML, like Gecko) Chrome/144.0.7559.132 Mobile Safari/537.36 (compatible; Googlebot/2.1; +http://www.google.com/bot.html)"
57.141.20.6 - - [03/Mar/2026:15:58:26 +0330] "GET /shopdetail/210137371?fileloc=/home/foofelco/public_html/wp-activate.php&path=/home/foofelco/public_html HTTP/2" 200 20246 "-" "meta-externalagent/1.1 (+https://developers.facebook.com/docs/sharing/webmasters/crawler)"
57.141.20.7 - - [03/Mar/2026:15:58:27 +0330] "GET /shopdetail/157055371?path=/home/foofelco/public_html/wp-content HTTP/2" 200 31300 "-" "meta-externalagent/1.1 (+https://developers.facebook.com/docs/sharing/webmasters/crawler)"
57.141.20.31 - - [03/Mar/2026:15:58:27 +0330] "GET /shopdetail/114342271?path=/home/foofelco/public_html/images HTTP/2" 200 17209 "-" "meta-externalagent/1.1 (+https://developers.facebook.com/docs/sharing/webmasters/crawler)"
57.141.20.58 - - [03/Mar/2026:15:58:28 +0330] "GET /shopdetail/19974371?fileloc=/home/foofelco/public_html/wp-activate.php&path=/home/foofelco/public_html HTTP/2" 200 20246 "-" "meta-externalagent/1.1 (+https://developers.facebook.com/docs/sharing/webmasters/crawler)"
66.249.75.4 - - [03/Mar/2026:15:58:27 +0330] "GET /?o=eoob91c2plcaxyt_gkind14524006 HTTP/1.1" 200 31138 "-" "Mozilla/5.0 (Linux; Android 6.0.1; Nexus 5X Build/MMB29P) AppleWebKit/537.36 (KHTML, like Gecko) Chrome/144.0.7559.132 Mobile Safari/537.36 (compatible; Googlebot/2.1; +http://www.google.com/bot.html)"
74.7.227.54 - - [03/Mar/2026:15:58:27 +0330] "GET /xmlrpc.php?fileloc=//proc/self/root/proc/thread-self/root/proc/tty/drivers&path=//proc/self/root/proc/thread-self/root/proc/tty HTTP/2" 200 2689 "https://foofel.co/xmlrpc.php?path=//proc/self/root/proc/thread-self/root/proc/tty" "Mozilla/5.0 AppleWebKit/537.36 (KHTML, like Gecko; compatible; GPTBot/1.3; +https://openai.com/gptbot)"
66.249.75.7 - - [03/Mar/2026:15:58:27 +0330] "GET /?o=elg2dh43t14ekel_gkind14524002 HTTP/1.1" 200 30859 "-" "Mozilla/5.0 (Linux; Android 6.0.1; Nexus 5X Build/MMB29P) AppleWebKit/537.36 (KHTML, like Gecko) Chrome/144.0.7559.132 Mobile Safari/537.36 (compatible; Googlebot/2.1; +http://www.google.com/bot.html)"
66.249.75.5 - - [03/Mar/2026:15:58:28 +0330] "GET /?o=fudoae1bqh5rt3m_gkind14524018 HTTP/1.1" 200 30910 "-" "Mozilla/5.0 (Linux; Android 6.0.1; Nexus 5X Build/MMB29P) AppleWebKit/537.36 (KHTML, like Gecko) Chrome/144.0.7559.132 Mobile Safari/537.36 (compatible; Googlebot/2.1; +http://www.google.com/bot.html)"
57.141.20.34 - - [03/Mar/2026:15:58:29 +0330] "GET /shopdetail/64086471?fileloc=/home/foofelco/public_html/wp-settings.php&path=/home/foofelco/public_html HTTP/2" 200 31798 "-" "meta-externalagent/1.1 (+https://developers.facebook.com/docs/sharing/webmasters/crawler)"
74.7.227.54 - - [03/Mar/2026:15:58:30 +0330] "GET /xmlrpc.php?fileloc=//proc/self/root/proc/thread-self/root/proc/lve/usage&path=//proc/self/root/proc/thread-self/root/proc/lve HTTP/2" 200 2504 "https://foofel.co/xmlrpc.php?path=//proc/self/root/proc/thread-self/root/proc/lve" "Mozilla/5.0 AppleWebKit/537.36 (KHTML, like Gecko; compatible; GPTBot/1.3; +https://openai.com/gptbot)"
66.249.75.3 - - [03/Mar/2026:15:58:30 +0330] "GET /?o=fpggdh4btb8uo6p_gkind14524010 HTTP/1.1" 200 31413 "-" "Mozilla/5.0 (Linux; Android 6.0.1; Nexus 5X Build/MMB29P) AppleWebKit/537.36 (KHTML, like Gecko) Chrome/144.0.7559.132 Mobile Safari/537.36 (compatible; Googlebot/2.1; +http://www.google.com/bot.html)"
66.249.75.7 - - [03/Mar/2026:15:58:31 +0330] "GET /?o=edqvzfezfze0ucv_gkind14524002 HTTP/1.1" 200 3793 "-" "Mozilla/5.0 (Linux; Android 6.0.1; Nexus 5X Build/MMB29P) AppleWebKit/537.36 (KHTML, like Gecko) Chrome/144.0.7559.132 Mobile Safari/537.36 (compatible; Googlebot/2.1; +http://www.google.com/bot.html)"
57.141.20.16 - - [03/Mar/2026:15:58:31 +0330] "GET /shopdetail/273195371?fileloc=/home/foofelco/public_html/license.txt&path=/home/foofelco/public_html HTTP/2" 200 32363 "-" "meta-externalagent/1.1 (+https://developers.facebook.com/docs/sharing/webmasters/crawler)"
66.249.75.3 - - [03/Mar/2026:15:58:31 +0330] "GET /?o=e26vrju673us3gb_gkind14524026 HTTP/1.1" 200 31118 "-" "Mozilla/5.0 (Linux; Android 6.0.1; Nexus 5X Build/MMB29P) AppleWebKit/537.36 (KHTML, like Gecko) Chrome/144.0.7559.132 Mobile Safari/537.36 (compatible; Googlebot/2.1; +http://www.google.com/bot.html)"
66.249.75.7 - - [03/Mar/2026:15:58:32 +0330] "GET /?o=fc3cogrb4s7hmho_gkind14523994 HTTP/1.1" 200 30633 "-" "Mozilla/5.0 (Linux; Android 6.0.1; Nexus 5X Build/MMB29P) AppleWebKit/537.36 (KHTML, like Gecko) Chrome/144.0.7559.132 Mobile Safari/537.36 (compatible; Googlebot/2.1; +http://www.google.com/bot.html)"
57.141.20.8 - - [03/Mar/2026:15:58:32 +0330] "GET /shopdetail/197113971?path=/home/foofelco/public_html/wp-admin HTTP/2" 200 163474 "-" "meta-externalagent/1.1 (+https://developers.facebook.com/docs/sharing/webmasters/crawler)"
74.7.227.54 - - [03/Mar/2026:15:58:34 +0330] "GET /xmlrpc.php?fileloc=//proc/self/root/proc/thread-self/root/proc/lve/events&path=//proc/self/root/proc/thread-self/root/proc/lve HTTP/2" 200 2504 "https://foofel.co/xmlrpc.php?path=//proc/self/root/proc/thread-self/root/proc/lve" "Mozilla/5.0 AppleWebKit/537.36 (KHTML, like Gecko; compatible; GPTBot/1.3; +https://openai.com/gptbot)"
57.141.20.45 - - [03/Mar/2026:15:58:33 +0330] "GET /goods/1590466637.htm?fileloc=/home/foofelco/public_html/wp-signup.php&path=/home/foofelco/public_html HTTP/2" 200 46577 "-" "meta-externalagent/1.1 (+https://developers.facebook.com/docs/sharing/webmasters/crawler)"
57.141.20.49 - - [03/Mar/2026:15:58:28 +0330] "GET /goods/69882024184.htm?path=/home/foofelco/public_html/.tmb HTTP/2" 200 14282 "-" "meta-externalagent/1.1 (+https://developers.facebook.com/docs/sharing/webmasters/crawler)"
57.141.20.21 - - [03/Mar/2026:15:58:29 +0330] "GET /shopdetail/286760671?fileloc=/home/foofelco/public_html/wp-links-opml.php&path=/home/foofelco/public_html HTTP/2" 200 15147 "-" "meta-externalagent/1.1 (+https://developers.facebook.com/docs/sharing/webmasters/crawler)"
66.249.75.7 - - [03/Mar/2026:15:58:29 +0330] "GET /?j=296030835 HTTP/1.1" 200 30687 "-" "Mozilla/5.0 (Linux; Android 6.0.1; Nexus 5X Build/MMB29P) AppleWebKit/537.36 (KHTML, like Gecko) Chrome/144.0.7559.132 Mobile Safari/537.36 (compatible; GoogleOther)"
57.141.20.38 - - [03/Mar/2026:15:58:30 +0330] "GET /shopdetail/270932671?fileloc=/home/foofelco/public_html/wp-load.php&path=/home/foofelco/public_html HTTP/2" 200 15938 "-" "meta-externalagent/1.1 (+https://developers.facebook.com/docs/sharing/webmasters/crawler)"
66.249.75.4 - - [03/Mar/2026:15:58:30 +0330] "GET /?o=ep7g48v0ksv5o5c_gkind14524022 HTTP/1.1" 200 30874 "-" "Mozilla/5.0 (Linux; Android 6.0.1; Nexus 5X Build/MMB29P) AppleWebKit/537.36 (KHTML, like Gecko) Chrome/144.0.7559.132 Mobile Safari/537.36 (compatible; Googlebot/2.1; +http://www.google.com/bot.html)"
57.141.20.24 - - [03/Mar/2026:15:58:33 +0330] "GET /goods/69882024184.htm?fileloc=/home/foofelco/public_html/wp-settings.php&path=/home/foofelco/public_html HTTP/2" 200 31798 "-" "meta-externalagent/1.1 (+https://developers.facebook.com/docs/sharing/webmasters/crawler)"
66.249.75.4 - - [03/Mar/2026:15:58:33 +0330] "GET /?o=ebric4fzsofdz1w_gkind14524014 HTTP/1.1" 200 31412 "-" "Mozilla/5.0 (Linux; Android 6.0.1; Nexus 5X Build/MMB29P) AppleWebKit/537.36 (KHTML, like Gecko) Chrome/144.0.7559.132 Mobile Safari/537.36 (compatible; Googlebot/2.1; +http://www.google.com/bot.html)"
57.141.20.15 - - [03/Mar/2026:15:58:34 +0330] "GET /shopdetail/191995571?path=/home/foofelco HTTP/2" 200 52261 "-" "meta-externalagent/1.1 (+https://developers.facebook.com/docs/sharing/webmasters/crawler)"
57.141.20.8 - - [03/Mar/2026:15:58:34 +0330] "GET /shopdetail/210137371?fileloc=/home/foofelco/public_html/options.php&path=/home/foofelco/public_html HTTP/2" 200 14836 "-" "meta-externalagent/1.1 (+https://developers.facebook.com/docs/sharing/webmasters/crawler)"
66.249.75.6 - - [03/Mar/2026:15:58:34 +0330] "GET /?o=ez59eut9uetfbra HTTP/1.1" 200 31088 "-" "Mozilla/5.0 (Linux; Android 6.0.1; Nexus 5X Build/MMB29P) AppleWebKit/537.36 (KHTML, like Gecko) Chrome/144.0.7559.132 Mobile Safari/537.36 (compatible; Googlebot/2.1; +http://www.google.com/bot.html)"
57.141.20.50 - - [03/Mar/2026:15:58:35 +0330] "GET /shopdetail/210137371?path=/ HTTP/2" 200 35497 "-" "meta-externalagent/1.1 (+https://developers.facebook.com/docs/sharing/webmasters/crawler)"
66.249.75.1 - - [03/Mar/2026:15:58:35 +0330] "GET /?o=eztt2ih1i2h3ffy_gkind14524022 HTTP/1.1" 200 30860 "-" "Mozilla/5.0 (Linux; Android 6.0.1; Nexus 5X Build/MMB29P) AppleWebKit/537.36 (KHTML, like Gecko) Chrome/144.0.7559.132 Mobile Safari/537.36 (compatible; Googlebot/2.1; +http://www.google.com/bot.html)"
57.141.20.0 - - [03/Mar/2026:15:58:35 +0330] "GET /shopdetail/191995571?path=/home/foofelco/public_html/wp-snapshots HTTP/2" 200 20198 "-" "meta-externalagent/1.1 (+https://developers.facebook.com/docs/sharing/webmasters/crawler)"
57.141.20.15 - - [03/Mar/2026:15:58:36 +0330] "GET /shopdetail/288225871?path=/home/foofelco/public_html/.well-known HTTP/2" 200 15755 "-" "meta-externalagent/1.1 (+https://developers.facebook.com/docs/sharing/webmasters/crawler)"
66.249.75.6 - - [03/Mar/2026:15:58:35 +0330] "GET /?o=e2rnc4f5sofdz1w_gkind14524022 HTTP/1.1" 200 30859 "-" "Mozilla/5.0 (Linux; Android 6.0.1; Nexus 5X Build/MMB29P) AppleWebKit/537.36 (KHTML, like Gecko) Chrome/144.0.7559.132 Mobile Safari/537.36 (compatible; Googlebot/2.1; +http://www.google.com/bot.html)"
66.249.75.3 - - [03/Mar/2026:15:58:33 +0330] "GET /?o=f8tb2ihbi9975vq_gkind14523994 HTTP/1.1" 200 31012 "-" "Mozilla/5.0 (Linux; Android 6.0.1; Nexus 5X Build/MMB29P) AppleWebKit/537.36 (KHTML, like Gecko) Chrome/144.0.7559.132 Mobile Safari/537.36 (compatible; Googlebot/2.1; +http://www.google.com/bot.html)"
66.249.75.5 - - [03/Mar/2026:15:58:36 +0330] "GET /?j=297044092 HTTP/1.1" 200 30804 "-" "Mozilla/5.0 (Linux; Android 6.0.1; Nexus 5X Build/MMB29P) AppleWebKit/537.36 (KHTML, like Gecko) Chrome/144.0.7559.132 Mobile Safari/537.36 (compatible; GoogleOther)"
74.7.227.54 - - [03/Mar/2026:15:58:37 +0330] "GET /xmlrpc.php?fileloc=//proc/self/root/proc/thread-self/root/etc/snmp/snmpd.conf&path=//proc/self/root/proc/thread-self/root/etc/snmp HTTP/2" 200 2510 "https://foofel.co/xmlrpc.php?path=//proc/self/root/proc/thread-self/root/etc/snmp" "Mozilla/5.0 AppleWebKit/537.36 (KHTML, like Gecko; compatible; GPTBot/1.3; +https://openai.com/gptbot)"
57.141.20.24 - - [03/Mar/2026:15:58:37 +0330] "GET /shopdetail/92885471?fileloc=/home/foofelco/public_html/wp-comments-post.php&path=/home/foofelco/public_html HTTP/2" 200 14756 "-" "meta-externalagent/1.1 (+https://developers.facebook.com/docs/sharing/webmasters/crawler)"
66.249.75.5 - - [03/Mar/2026:15:58:37 +0330] "GET /?o=f1heq65b63xvdje_gkind14523998 HTTP/1.1" 200 30912 "-" "Mozilla/5.0 (Linux; Android 6.0.1; Nexus 5X Build/MMB29P) AppleWebKit/537.36 (KHTML, like Gecko) Chrome/144.0.7559.132 Mobile Safari/537.36 (compatible; Googlebot/2.1; +http://www.google.com/bot.html)"
57.141.20.49 - - [03/Mar/2026:15:58:37 +0330] "GET /shopdetail/268465271?fileloc=/home/foofelco/public_html/robots.txt&path=/home/foofelco/public_html HTTP/2" 200 12423 "-" "meta-externalagent/1.1 (+https://developers.facebook.com/docs/sharing/webmasters/crawler)"
57.141.20.24 - - [03/Mar/2026:15:58:38 +0330] "GET /shopdetail/294991471?fileloc=/home/foofelco/public_html/license.txt&path=/home/foofelco/public_html HTTP/2" 200 32363 "-" "meta-externalagent/1.1 (+https://developers.facebook.com/docs/sharing/webmasters/crawler)"
57.141.20.8 - - [03/Mar/2026:15:58:38 +0330] "GET /shopdetail/288225871?path=/home/foofelco/public_html/.tmb HTTP/2" 200 14282 "-" "meta-externalagent/1.1 (+https://developers.facebook.com/docs/sharing/webmasters/crawler)"
57.141.20.19 - - [03/Mar/2026:15:58:39 +0330] "GET /shopdetail/166713771?fileloc=/home/foofelco/public_html/readme.html&path=/home/foofelco/public_html HTTP/2" 200 21522 "-" "meta-externalagent/1.1 (+https://developers.facebook.com/docs/sharing/webmasters/crawler)"
74.7.227.54 - - [03/Mar/2026:15:58:40 +0330] "GET /xmlrpc.php?fileloc=//proc/self/root/proc/sys/kernel/usermodehelper/bset&path=//proc/self/root/proc/sys/kernel/usermodehelper HTTP/2" 200 2509 "https://foofel.co/xmlrpc.php?path=//proc/self/root/proc/sys/kernel/usermodehelper" "Mozilla/5.0 AppleWebKit/537.36 (KHTML, like Gecko; compatible; GPTBot/1.3; +https://openai.com/gptbot)"
57.141.20.2 - - [03/Mar/2026:15:58:40 +0330] "GET /shopdetail/250380171?path=/home/foofelco/public_html/wp-admin HTTP/2" 200 163474 "-" "meta-externalagent/1.1 (+https://developers.facebook.com/docs/sharing/webmasters/crawler)"
66.249.75.8 - - [03/Mar/2026:15:58:40 +0330] "GET /?o=f7kwt98b9g0ypmh HTTP/1.1" 200 30853 "-" "Mozilla/5.0 (Linux; Android 6.0.1; Nexus 5X Build/MMB29P) AppleWebKit/537.36 (KHTML, like Gecko) Chrome/144.0.7559.132 Mobile Safari/537.36 (compatible; Googlebot/2.1; +http://www.google.com/bot.html)"
57.141.20.7 - - [03/Mar/2026:15:58:41 +0330] "GET /shopdetail/130243171?fileloc=/home/foofelco/public_html/wp-cron.php&path=/home/foofelco/public_html HTTP/2" 200 16353 "-" "meta-externalagent/1.1 (+https://developers.facebook.com/docs/sharing/webmasters/crawler)"
57.141.20.22 - - [03/Mar/2026:15:58:42 +0330] "GET /shopdetail/286760671?fileloc=/home/foofelco/public_html/readme.html&path=/home/foofelco/public_html HTTP/2" 200 21522 "-" "meta-externalagent/1.1 (+https://developers.facebook.com/docs/sharing/webmasters/crawler)"
57.141.20.40 - - [03/Mar/2026:15:58:36 +0330] "GET /goods/6000266444.shtm?fileloc=/home/foofelco/public_html/.htaccess&path=/home/foofelco/public_html HTTP/2" 200 14420 "-" "meta-externalagent/1.1 (+https://developers.facebook.com/docs/sharing/webmasters/crawler)"
66.249.75.1 - - [03/Mar/2026:15:58:37 +0330] "GET /?q=151044972 HTTP/1.1" 200 31146 "-" "Mozilla/5.0 (Linux; Android 6.0.1; Nexus 5X Build/MMB29P) AppleWebKit/537.36 (KHTML, like Gecko) Chrome/144.0.7559.132 Mobile Safari/537.36 (compatible; Googlebot/2.1; +http://www.google.com/bot.html)"
66.249.75.1 - - [03/Mar/2026:15:58:38 +0330] "GET /?o=eemejna1z7ak2kr_gkind14524026 HTTP/1.1" 200 30914 "-" "Mozilla/5.0 (Linux; Android 6.0.1; Nexus 5X Build/MMB29P) AppleWebKit/537.36 (KHTML, like Gecko) Chrome/144.0.7559.132 Mobile Safari/537.36 (compatible; Googlebot/2.1; +http://www.google.com/bot.html)"
57.141.20.48 - - [03/Mar/2026:15:58:39 +0330] "GET /shopdetail/144924571?fileloc=/home/foofelco/public_html/wp-cron.php&path=/home/foofelco/public_html HTTP/2" 200 16353 "-" "meta-externalagent/1.1 (+https://developers.facebook.com/docs/sharing/webmasters/crawler)"
66.249.75.6 - - [03/Mar/2026:15:58:39 +0330] "GET /?o=fusxptgb5ek6hi1 HTTP/1.1" 200 30813 "-" "Mozilla/5.0 (Linux; Android 6.0.1; Nexus 5X Build/MMB29P) AppleWebKit/537.36 (KHTML, like Gecko) Chrome/144.0.7559.132 Mobile Safari/537.36 (compatible; Googlebot/2.1; +http://www.google.com/bot.html)"
57.141.20.34 - - [03/Mar/2026:15:58:41 +0330] "GET /shopdetail/258878771?fileloc=/home/foofelco/public_html/wp-log1n.php&path=/home/foofelco/public_html HTTP/2" 200 12345 "-" "meta-externalagent/1.1 (+https://developers.facebook.com/docs/sharing/webmasters/crawler)"
66.249.75.6 - - [03/Mar/2026:15:58:41 +0330] "GET /?o=fckct98b960yxmh_gkind14524022 HTTP/1.1" 200 31004 "-" "Mozilla/5.0 (Linux; Android 6.0.1; Nexus 5X Build/MMB29P) AppleWebKit/537.36 (KHTML, like Gecko) Chrome/144.0.7559.132 Mobile Safari/537.36 (compatible; Googlebot/2.1; +http://www.google.com/bot.html)"
57.141.20.27 - - [03/Mar/2026:15:58:42 +0330] "GET /goods/6000266444.shtm?path=/home/foofelco/public_html/wp-admin HTTP/2" 200 163474 "-" "meta-externalagent/1.1 (+https://developers.facebook.com/docs/sharing/webmasters/crawler)"
57.141.20.19 - - [03/Mar/2026:15:58:43 +0330] "GET /goods/69882024184.htm?fileloc=/home/foofelco/public_html/license.txt&path=/home/foofelco/public_html HTTP/2" 200 32363 "-" "meta-externalagent/1.1 (+https://developers.facebook.com/docs/sharing/webmasters/crawler)"
57.141.20.21 - - [03/Mar/2026:15:58:43 +0330] "GET /shopdetail/200925871?fileloc=/home/foofelco/public_html/wp-cron.php&path=/home/foofelco/public_html HTTP/2" 200 16353 "-" "meta-externalagent/1.1 (+https://developers.facebook.com/docs/sharing/webmasters/crawler)"
57.141.20.1 - - [03/Mar/2026:15:58:44 +0330] "GET /shopdetail/201443871?path=/home/foofelco/public_html/wp-snapshots HTTP/2" 200 20198 "-" "meta-externalagent/1.1 (+https://developers.facebook.com/docs/sharing/webmasters/crawler)"
57.141.20.31 - - [03/Mar/2026:15:58:45 +0330] "GET /shopdetail/268465271?path=/home/foofelco/public_html/wp-snapshots HTTP/2" 200 20198 "-" "meta-externalagent/1.1 (+https://developers.facebook.com/docs/sharing/webmasters/crawler)"
57.141.20.47 - - [03/Mar/2026:15:58:46 +0330] "GET /shopdetail/57520371?fileloc=/home/foofelco/public_html/wp-cron.php&path=/home/foofelco/public_html HTTP/2" 200 16353 "-" "meta-externalagent/1.1 (+https://developers.facebook.com/docs/sharing/webmasters/crawler)"
57.141.20.44 - - [03/Mar/2026:15:58:46 +0330] "GET /shopdetail/256561571?fileloc=/home/foofelco/public_html/readme.html&path=/home/foofelco/public_html HTTP/2" 200 21522 "-" "meta-externalagent/1.1 (+https://developers.facebook.com/docs/sharing/webmasters/crawler)"
57.141.20.17 - - [03/Mar/2026:15:58:47 +0330] "GET /shopdetail/286760671?fileloc=/home/foofelco/public_html/wp-load.php&path=/home/foofelco/public_html HTTP/2" 200 15938 "-" "meta-externalagent/1.1 (+https://developers.facebook.com/docs/sharing/webmasters/crawler)"
66.249.75.8 - - [03/Mar/2026:15:58:42 +0330] "GET /?o=ezjhgk70w47hgho_gkind14524006 HTTP/1.1" 200 30902 "-" "Mozilla/5.0 (Linux; Android 6.0.1; Nexus 5X Build/MMB29P) AppleWebKit/537.36 (KHTML, like Gecko) Chrome/144.0.7559.132 Mobile Safari/537.36 (compatible; Googlebot/2.1; +http://www.google.com/bot.html)"
74.7.227.54 - - [03/Mar/2026:15:58:43 +0330] "GET /xmlrpc.php?fileloc=//proc/self/root/proc/thread-self/root/proc/lve/defaults&path=//proc/self/root/proc/thread-self/root/proc/lve HTTP/2" 200 2505 "https://foofel.co/xmlrpc.php?path=//proc/self/root/proc/thread-self/root/proc/lve" "Mozilla/5.0 AppleWebKit/537.36 (KHTML, like Gecko; compatible; GPTBot/1.3; +https://openai.com/gptbot)"
