57.141.20.31 - - [03/Mar/2026:15:48:06 +0330] "GET /shopdetail/289588471?fileloc=/home/foofelco/public_html/wp-signup.php&path=/home/foofelco/public_html HTTP/2" 200 46577 "-" "meta-externalagent/1.1 (+https://developers.facebook.com/docs/sharing/webmasters/crawler)"
57.141.20.47 - - [03/Mar/2026:15:48:06 +0330] "GET /shopdetail/160716671?fileloc=/home/foofelco/public_html/index.php&path=/home/foofelco/public_html HTTP/2" 200 34464 "-" "meta-externalagent/1.1 (+https://developers.facebook.com/docs/sharing/webmasters/crawler)"
57.141.20.2 - - [03/Mar/2026:15:48:08 +0330] "GET /shopdetail/203465171?fileloc=/home/foofelco/public_html/wp-config.php&path=/home/foofelco/public_html HTTP/2" 200 15595 "-" "meta-externalagent/1.1 (+https://developers.facebook.com/docs/sharing/webmasters/crawler)"
66.249.75.5 - - [03/Mar/2026:15:48:09 +0330] "GET /?o=e4pxmqd62adnunu_gkind14524002 HTTP/1.1" 200 31413 "-" "Mozilla/5.0 (Linux; Android 6.0.1; Nexus 5X Build/MMB29P) AppleWebKit/537.36 (KHTML, like Gecko) Chrome/144.0.7559.132 Mobile Safari/537.36 (compatible; Googlebot/2.1; +http://www.google.com/bot.html)"
57.141.20.0 - - [03/Mar/2026:15:48:09 +0330] "GET /goods/1590299793.htm?fileloc=/home/foofelco/public_html/wp-settings.php&path=/home/foofelco/public_html HTTP/2" 200 31798 "-" "meta-externalagent/1.1 (+https://developers.facebook.com/docs/sharing/webmasters/crawler)"
57.141.20.52 - - [03/Mar/2026:15:48:10 +0330] "GET /shopdetail/116885571?fileloc=/home/foofelco/public_html/robots.txt&path=/home/foofelco/public_html HTTP/2" 200 12423 "-" "meta-externalagent/1.1 (+https://developers.facebook.com/docs/sharing/webmasters/crawler)"
57.141.20.52 - - [03/Mar/2026:15:48:10 +0330] "GET /shopdetail/160716671?path=/home/foofelco HTTP/2" 200 52261 "-" "meta-externalagent/1.1 (+https://developers.facebook.com/docs/sharing/webmasters/crawler)"
66.249.75.6 - - [03/Mar/2026:15:48:06 +0330] "GET /?o=e4pxmqd62adnunu_gkind14524010 HTTP/1.1" 200 31413 "-" "Mozilla/5.0 (Linux; Android 6.0.1; Nexus 5X Build/MMB29P) AppleWebKit/537.36 (KHTML, like Gecko) Chrome/144.0.7559.132 Mobile Safari/537.36 (compatible; Googlebot/2.1; +http://www.google.com/bot.html)"
57.141.20.34 - - [03/Mar/2026:15:48:07 +0330] "GET /shopdetail/65771871?fileloc=/home/foofelco/public_html/license.txt&path=/home/foofelco/public_html HTTP/2" 200 32363 "-" "meta-externalagent/1.1 (+https://developers.facebook.com/docs/sharing/webmasters/crawler)"
74.7.227.54 - - [03/Mar/2026:15:48:08 +0330] "GET /xmlrpc.php?fileloc=//proc/self/root/proc/thread-self/root/proc/thread-self/root/proc/self/root/bin/instmodsh&path=//proc/self/root/proc/thread-self/root/proc/thread-self/root/proc/self/root/bin HTTP/2" 200 3842 "https://foofel.co/xmlrpc.php?path=//proc/self/root/proc/thread-self/root/proc/thread-self/root/proc/self/root/bin" "Mozilla/5.0 AppleWebKit/537.36 (KHTML, like Gecko; compatible; GPTBot/1.3; +https://openai.com/gptbot)"
66.249.75.7 - - [03/Mar/2026:15:48:08 +0330] "GET /?o=ec0kldoy1xomha5_gkind14524002 HTTP/1.1" 200 3793 "-" "Mozilla/5.0 (Linux; Android 6.0.1; Nexus 5X Build/MMB29P) AppleWebKit/537.36 (KHTML, like Gecko) Chrome/144.0.7559.132 Mobile Safari/537.36 (compatible; Googlebot/2.1; +http://www.google.com/bot.html)"
57.141.20.14 - - [03/Mar/2026:15:48:09 +0330] "GET /goods/1590465402.htm?fileloc=/home/foofelco/public_html/wp-settings.php&path=/home/foofelco/public_html HTTP/2" 200 31798 "-" "meta-externalagent/1.1 (+https://developers.facebook.com/docs/sharing/webmasters/crawler)"
66.249.75.6 - - [03/Mar/2026:15:48:08 +0330] "GET /?o=ecf50s3wgc316pk HTTP/1.1" 200 30772 "-" "Mozilla/5.0 (Linux; Android 6.0.1; Nexus 5X Build/MMB29P) AppleWebKit/537.36 (KHTML, like Gecko) Chrome/144.0.7559.132 Mobile Safari/537.36 (compatible; Googlebot/2.1; +http://www.google.com/bot.html)"
66.249.75.4 - - [03/Mar/2026:15:48:10 +0330] "GET /?w=078004685 HTTP/1.1" 200 30915 "-" "Mozilla/5.0 (Linux; Android 6.0.1; Nexus 5X Build/MMB29P) AppleWebKit/537.36 (KHTML, like Gecko) Chrome/144.0.7559.132 Mobile Safari/537.36 (compatible; Googlebot/2.1; +http://www.google.com/bot.html)"
74.7.227.54 - - [03/Mar/2026:15:48:11 +0330] "GET /xmlrpc.php?fileloc=//proc/self/root/proc/thread-self/root/proc/thread-self/root/proc/self/root/usr/bin/mkdir&path=//proc/self/root/proc/thread-self/root/proc/thread-self/root/proc/self/root/usr/bin HTTP/2" 200 2538 "https://foofel.co/xmlrpc.php?path=//proc/self/root/proc/thread-self/root/proc/thread-self/root/proc/self/root/usr/bin" "Mozilla/5.0 AppleWebKit/537.36 (KHTML, like Gecko; compatible; GPTBot/1.3; +https://openai.com/gptbot)"
57.141.20.31 - - [03/Mar/2026:15:48:11 +0330] "GET /shopdetail/293436671?path=/home/foofelco/public_html/wp-snapshots HTTP/2" 200 20198 "-" "meta-externalagent/1.1 (+https://developers.facebook.com/docs/sharing/webmasters/crawler)"
57.141.20.31 - - [03/Mar/2026:15:48:11 +0330] "GET /shopdetail/149915771?fileloc=/home/foofelco/public_html/wp-comments-post.php&path=/home/foofelco/public_html HTTP/2" 200 14756 "-" "meta-externalagent/1.1 (+https://developers.facebook.com/docs/sharing/webmasters/crawler)"
66.249.75.5 - - [03/Mar/2026:15:48:11 +0330] "GET /?o=fu4u15sbhtwikud_gkind14524030 HTTP/1.1" 200 31412 "-" "Mozilla/5.0 (Linux; Android 6.0.1; Nexus 5X Build/MMB29P) AppleWebKit/537.36 (KHTML, like Gecko) Chrome/144.0.7559.132 Mobile Safari/537.36 (compatible; Googlebot/2.1; +http://www.google.com/bot.html)"
57.141.20.0 - - [03/Mar/2026:15:48:12 +0330] "GET /shopdetail/273561171?fileloc=/home/foofelco/public_html/wp-cron.php&path=/home/foofelco/public_html HTTP/2" 200 16353 "-" "meta-externalagent/1.1 (+https://developers.facebook.com/docs/sharing/webmasters/crawler)"
66.249.75.4 - - [03/Mar/2026:15:48:12 +0330] "GET /?o=epmjjna9z7akckr_gkind14524014 HTTP/1.1" 200 31228 "-" "Mozilla/5.0 (Linux; Android 6.0.1; Nexus 5X Build/MMB29P) AppleWebKit/537.36 (KHTML, like Gecko) Chrome/144.0.7559.132 Mobile Safari/537.36 (compatible; Googlebot/2.1; +http://www.google.com/bot.html)"
74.7.227.54 - - [03/Mar/2026:15:48:14 +0330] "GET /xmlrpc.php?fileloc=//proc/self/root/proc/thread-self/root/proc/thread-self/root/proc/self/root/usr/bin/egrep&path=//proc/self/root/proc/thread-self/root/proc/thread-self/root/proc/self/root/usr/bin HTTP/2" 200 2564 "https://foofel.co/xmlrpc.php?path=//proc/self/root/proc/thread-self/root/proc/thread-self/root/proc/self/root/usr/bin" "Mozilla/5.0 AppleWebKit/537.36 (KHTML, like Gecko; compatible; GPTBot/1.3; +https://openai.com/gptbot)"
66.249.75.7 - - [03/Mar/2026:15:48:13 +0330] "GET /?o=fhesn32b3aus5gb_gkind14524014 HTTP/1.1" 200 30965 "-" "Mozilla/5.0 (Linux; Android 6.0.1; Nexus 5X Build/MMB29P) AppleWebKit/537.36 (KHTML, like Gecko) Chrome/144.0.7559.132 Mobile Safari/537.36 (compatible; Googlebot/2.1; +http://www.google.com/bot.html)"
57.141.20.39 - - [03/Mar/2026:15:48:14 +0330] "GET /goods/1590187342.htm?fileloc=/home/foofelco/public_html/wp-config.php&path=/home/foofelco/public_html HTTP/2" 200 15595 "-" "meta-externalagent/1.1 (+https://developers.facebook.com/docs/sharing/webmasters/crawler)"
66.249.75.7 - - [03/Mar/2026:15:48:14 +0330] "GET /?o=e63cogrc40rpmd8_gkind14524010 HTTP/1.1" 200 30966 "-" "Mozilla/5.0 (Linux; Android 6.0.1; Nexus 5X Build/MMB29P) AppleWebKit/537.36 (KHTML, like Gecko) Chrome/144.0.7559.132 Mobile Safari/537.36 (compatible; Googlebot/2.1; +http://www.google.com/bot.html)"
66.249.75.6 - - [03/Mar/2026:15:48:15 +0330] "GET /?o=f8ak7bybni2oj0j HTTP/1.1" 200 30987 "-" "Mozilla/5.0 (Linux; Android 6.0.1; Nexus 5X Build/MMB29P) AppleWebKit/537.36 (KHTML, like Gecko) Chrome/144.0.7559.132 Mobile Safari/537.36 (compatible; Googlebot/2.1; +http://www.google.com/bot.html)"
66.249.75.4 - - [03/Mar/2026:15:48:16 +0330] "GET /?o=fbedn32b3fusegb HTTP/1.1" 200 30943 "-" "Mozilla/5.0 (Linux; Android 6.0.1; Nexus 5X Build/MMB29P) AppleWebKit/537.36 (KHTML, like Gecko) Chrome/144.0.7559.132 Mobile Safari/537.36 (compatible; Googlebot/2.1; +http://www.google.com/bot.html)"
57.141.20.16 - - [03/Mar/2026:15:48:17 +0330] "GET /shopdetail/201443871?fileloc=/home/foofelco/public_html/wp-comments-post.php&path=/home/foofelco/public_html HTTP/2" 200 14756 "-" "meta-externalagent/1.1 (+https://developers.facebook.com/docs/sharing/webmasters/crawler)"
74.7.227.54 - - [03/Mar/2026:15:48:17 +0330] "GET /xmlrpc.php?fileloc=//proc/self/root/proc/thread-self/root/proc/thread-self/root/proc/self/root/usr/include/cursesp.h&path=//proc/self/root/proc/thread-self/root/proc/thread-self/root/proc/self/root/usr/include HTTP/2" 200 5615 "https://foofel.co/xmlrpc.php?path=//proc/self/root/proc/thread-self/root/proc/thread-self/root/proc/self/root/usr/include" "Mozilla/5.0 AppleWebKit/537.36 (KHTML, like Gecko; compatible; GPTBot/1.3; +https://openai.com/gptbot)"
57.141.20.11 - - [03/Mar/2026:15:48:17 +0330] "GET /goods/25961094825.htm?path=/home/foofelco/public_html/.well-known HTTP/2" 200 15755 "-" "meta-externalagent/1.1 (+https://developers.facebook.com/docs/sharing/webmasters/crawler)"
66.249.75.4 - - [03/Mar/2026:15:48:17 +0330] "GET /?o=fmsqptgb5bk6ui1 HTTP/1.1" 200 30814 "-" "Mozilla/5.0 (Linux; Android 6.0.1; Nexus 5X Build/MMB29P) AppleWebKit/537.36 (KHTML, like Gecko) Chrome/144.0.7559.132 Mobile Safari/537.36 (compatible; Googlebot/2.1; +http://www.google.com/bot.html)"
66.249.75.5 - - [03/Mar/2026:15:48:18 +0330] "GET /?o=eb7848v6ksv5m5c_gkind14523982 HTTP/1.1" 200 29791 "-" "Mozilla/5.0 (Linux; Android 6.0.1; Nexus 5X Build/MMB29P) AppleWebKit/537.36 (KHTML, like Gecko) Chrome/144.0.7559.132 Mobile Safari/537.36 (compatible; Googlebot/2.1; +http://www.google.com/bot.html)"
66.249.75.8 - - [03/Mar/2026:15:48:10 +0330] "GET /?o=e7t62ihwi2h3ify HTTP/1.1" 200 30852 "-" "Mozilla/5.0 (Linux; Android 6.0.1; Nexus 5X Build/MMB29P) AppleWebKit/537.36 (KHTML, like Gecko) Chrome/144.0.7559.132 Mobile Safari/537.36 (compatible; Googlebot/2.1; +http://www.google.com/bot.html)"
57.141.20.27 - - [03/Mar/2026:15:48:10 +0330] "GET /shopdetail/186484471?fileloc=/home/foofelco/public_html/xmlrpc.php&path=/home/foofelco/public_html HTTP/2" 200 15832 "-" "meta-externalagent/1.1 (+https://developers.facebook.com/docs/sharing/webmasters/crawler)"
66.249.75.5 - - [03/Mar/2026:15:48:11 +0330] "GET /?o=fqbhk0zb01rpzd8 HTTP/1.1" 200 3793 "-" "Mozilla/5.0 (Linux; Android 6.0.1; Nexus 5X Build/MMB29P) AppleWebKit/537.36 (KHTML, like Gecko) Chrome/144.0.7559.132 Mobile Safari/537.36 (compatible; Googlebot/2.1; +http://www.google.com/bot.html)"
57.141.20.35 - - [03/Mar/2026:15:48:13 +0330] "GET /shopdetail/27213571?fileloc=/home/foofelco/public_html/license.txt&path=/home/foofelco/public_html HTTP/2" 200 32363 "-" "meta-externalagent/1.1 (+https://developers.facebook.com/docs/sharing/webmasters/crawler)"
57.141.20.20 - - [03/Mar/2026:15:48:13 +0330] "GET /shopdetail/170424571?path=/home/foofelco/public_html HTTP/2" 200 49197 "-" "meta-externalagent/1.1 (+https://developers.facebook.com/docs/sharing/webmasters/crawler)"
57.141.20.26 - - [03/Mar/2026:15:48:13 +0330] "GET /shopdetail/293436671?fileloc=/home/foofelco/public_html/wp-activate.php&path=/home/foofelco/public_html HTTP/2" 200 20246 "-" "meta-externalagent/1.1 (+https://developers.facebook.com/docs/sharing/webmasters/crawler)"
57.141.20.31 - - [03/Mar/2026:15:48:14 +0330] "GET /shopdetail/268465271?fileloc=/home/foofelco/public_html/acxzqui.php&path=/home/foofelco/public_html HTTP/2" 200 12344 "-" "meta-externalagent/1.1 (+https://developers.facebook.com/docs/sharing/webmasters/crawler)"
57.141.20.36 - - [03/Mar/2026:15:48:15 +0330] "GET /shopdetail/293436671?fileloc=/home/foofelco/public_html/wp-signup.php&path=/home/foofelco/public_html HTTP/2" 200 46577 "-" "meta-externalagent/1.1 (+https://developers.facebook.com/docs/sharing/webmasters/crawler)"
66.249.75.3 - - [03/Mar/2026:15:48:15 +0330] "GET /?o=ea36ogri40rpwd8 HTTP/1.1" 200 31162 "-" "Mozilla/5.0 (Linux; Android 6.0.1; Nexus 5X Build/MMB29P) AppleWebKit/537.36 (KHTML, like Gecko) Chrome/144.0.7559.132 Mobile Safari/537.36 (compatible; Googlebot/2.1; +http://www.google.com/bot.html)"
57.141.20.46 - - [03/Mar/2026:15:48:15 +0330] "GET /shopdetail/149915771?fileloc=/home/foofelco/public_html/wp-cron.php&path=/home/foofelco/public_html HTTP/2" 200 16353 "-" "meta-externalagent/1.1 (+https://developers.facebook.com/docs/sharing/webmasters/crawler)"
57.141.20.44 - - [03/Mar/2026:15:48:16 +0330] "GET /goods/85233037640.htm?fileloc=/home/foofelco/public_html/xmlrpc.php&path=/home/foofelco/public_html HTTP/2" 200 15832 "-" "meta-externalagent/1.1 (+https://developers.facebook.com/docs/sharing/webmasters/crawler)"
66.249.75.3 - - [03/Mar/2026:15:48:16 +0330] "GET /?o=f3vpswjb83n9bl4_gkind14524026 HTTP/1.1" 200 30635 "-" "Mozilla/5.0 (Linux; Android 6.0.1; Nexus 5X Build/MMB29P) AppleWebKit/537.36 (KHTML, like Gecko) Chrome/144.0.7559.132 Mobile Safari/537.36 (compatible; Googlebot/2.1; +http://www.google.com/bot.html)"
57.141.20.44 - - [03/Mar/2026:15:48:18 +0330] "GET /goods/1590487389.htm?path=/home/foofelco/public_html/.tmb HTTP/2" 200 14282 "-" "meta-externalagent/1.1 (+https://developers.facebook.com/docs/sharing/webmasters/crawler)"
57.141.20.35 - - [03/Mar/2026:15:48:18 +0330] "GET /shopdetail/48999171?path=/home/foofelco/public_html/wp-includes HTTP/2" 200 345244 "-" "meta-externalagent/1.1 (+https://developers.facebook.com/docs/sharing/webmasters/crawler)"
57.141.20.41 - - [03/Mar/2026:15:48:19 +0330] "GET /goods/25961046007.htm?fileloc=/home/foofelco/public_html/index.php&path=/home/foofelco/public_html HTTP/2" 200 34464 "-" "meta-externalagent/1.1 (+https://developers.facebook.com/docs/sharing/webmasters/crawler)"
66.249.75.4 - - [03/Mar/2026:15:48:18 +0330] "GET /?o=flulf7ibvby8y8f_gkind14523994 HTTP/1.1" 200 30875 "-" "Mozilla/5.0 (Linux; Android 6.0.1; Nexus 5X Build/MMB29P) AppleWebKit/537.36 (KHTML, like Gecko) Chrome/144.0.7559.132 Mobile Safari/537.36 (compatible; Googlebot/2.1; +http://www.google.com/bot.html)"
66.249.75.5 - - [03/Mar/2026:15:48:19 +0330] "GET /?o=f6xgialbyy1bybi HTTP/1.1" 200 31083 "-" "Mozilla/5.0 (Linux; Android 6.0.1; Nexus 5X Build/MMB29P) AppleWebKit/537.36 (KHTML, like Gecko) Chrome/144.0.7559.132 Mobile Safari/537.36 (compatible; Googlebot/2.1; +http://www.google.com/bot.html)"
57.141.20.1 - - [03/Mar/2026:15:48:19 +0330] "GET /shopdetail/48999171?fileloc=/home/foofelco/public_html/wp-cron.php&path=/home/foofelco/public_html HTTP/2" 200 16353 "-" "meta-externalagent/1.1 (+https://developers.facebook.com/docs/sharing/webmasters/crawler)"
66.249.75.4 - - [03/Mar/2026:15:48:19 +0330] "GET /?o=dovqswjd8gjtct0_gkind14524030 HTTP/1.1" 200 31010 "-" "Mozilla/5.0 (Linux; Android 6.0.1; Nexus 5X Build/MMB29P) AppleWebKit/537.36 (KHTML, like Gecko) Chrome/144.0.7559.132 Mobile Safari/537.36 (compatible; Googlebot/2.1; +http://www.google.com/bot.html)"
74.7.227.54 - - [03/Mar/2026:15:48:20 +0330] "GET /xmlrpc.php?fileloc=//proc/self/root/proc/thread-self/root/proc/self/root/proc/self/root/sbin/sendmail&path=//proc/self/root/proc/thread-self/root/proc/self/root/proc/self/root/sbin HTTP/2" 200 3060 "https://foofel.co/xmlrpc.php?path=//proc/self/root/proc/thread-self/root/proc/self/root/proc/self/root/sbin" "Mozilla/5.0 AppleWebKit/537.36 (KHTML, like Gecko; compatible; GPTBot/1.3; +https://openai.com/gptbot)"
57.141.20.22 - - [03/Mar/2026:15:48:20 +0330] "GET /shopdetail/289588471?fileloc=/home/foofelco/public_html/robots.txt&path=/home/foofelco/public_html HTTP/2" 200 12423 "-" "meta-externalagent/1.1 (+https://developers.facebook.com/docs/sharing/webmasters/crawler)"
57.141.20.31 - - [03/Mar/2026:15:48:22 +0330] "GET /shopdetail/273561171?fileloc=/home/foofelco/public_html/readme.html&path=/home/foofelco/public_html HTTP/2" 200 21522 "-" "meta-externalagent/1.1 (+https://developers.facebook.com/docs/sharing/webmasters/crawler)"
57.141.20.7 - - [03/Mar/2026:15:48:22 +0330] "GET /shopdetail/175038771?fileloc=/home/foofelco/public_html/wp-load.php&path=/home/foofelco/public_html HTTP/2" 200 15938 "-" "meta-externalagent/1.1 (+https://developers.facebook.com/docs/sharing/webmasters/crawler)"
66.249.75.4 - - [03/Mar/2026:15:48:22 +0330] "GET /?o=ewqmzfexfze0ecv_gkind14524010 HTTP/1.1" 200 3793 "-" "Mozilla/5.0 (Linux; Android 6.0.1; Nexus 5X Build/MMB29P) AppleWebKit/537.36 (KHTML, like Gecko) Chrome/144.0.7559.132 Mobile Safari/537.36 (compatible; Googlebot/2.1; +http://www.google.com/bot.html)"
74.7.227.54 - - [03/Mar/2026:15:48:23 +0330] "GET /xmlrpc.php?fileloc=//proc/self/root/proc/thread-self/root/proc/self/root/proc/thread-self/root/bin/pathchk&path=//proc/self/root/proc/thread-self/root/proc/self/root/proc/thread-self/root/bin HTTP/2" 200 2529 "https://foofel.co/xmlrpc.php?path=//proc/self/root/proc/thread-self/root/proc/self/root/proc/thread-self/root/bin" "Mozilla/5.0 AppleWebKit/537.36 (KHTML, like Gecko; compatible; GPTBot/1.3; +https://openai.com/gptbot)"
66.249.75.3 - - [03/Mar/2026:15:48:23 +0330] "GET /?o=fn6orjub7jakikr HTTP/1.1" 200 31086 "-" "Mozilla/5.0 (Linux; Android 6.0.1; Nexus 5X Build/MMB29P) AppleWebKit/537.36 (KHTML, like Gecko) Chrome/144.0.7559.132 Mobile Safari/537.36 (compatible; Googlebot/2.1; +http://www.google.com/bot.html)"
66.249.75.4 - - [03/Mar/2026:15:48:24 +0330] "GET /?o=fpkrt98b910ymmh_gkind14524022 HTTP/1.1" 200 31004 "-" "Mozilla/5.0 (Linux; Android 6.0.1; Nexus 5X Build/MMB29P) AppleWebKit/537.36 (KHTML, like Gecko) Chrome/144.0.7559.132 Mobile Safari/537.36 (compatible; Googlebot/2.1; +http://www.google.com/bot.html)"
57.141.20.2 - - [03/Mar/2026:15:48:24 +0330] "GET /goods/1590465402.htm?path=/home/foofelco/public_html HTTP/2" 200 49197 "-" "meta-externalagent/1.1 (+https://developers.facebook.com/docs/sharing/webmasters/crawler)"
57.141.20.24 - - [03/Mar/2026:15:48:19 +0330] "GET /shopdetail/258878771?fileloc=/home/foofelco/public_html/acxzqui.php&path=/home/foofelco/public_html HTTP/2" 200 12344 "-" "meta-externalagent/1.1 (+https://developers.facebook.com/docs/sharing/webmasters/crawler)"
57.141.20.54 - - [03/Mar/2026:15:48:20 +0330] "GET /shopdetail/210138171?path=/home/foofelco/public_html/wp-snapshots HTTP/2" 200 20198 "-" "meta-externalagent/1.1 (+https://developers.facebook.com/docs/sharing/webmasters/crawler)"
66.249.75.3 - - [03/Mar/2026:15:48:20 +0330] "GET /?o=edkrt98p9t8ue6p HTTP/1.1" 200 30983 "-" "Mozilla/5.0 (Linux; Android 6.0.1; Nexus 5X Build/MMB29P) AppleWebKit/537.36 (KHTML, like Gecko) Chrome/144.0.7559.132 Mobile Safari/537.36 (compatible; Googlebot/2.1; +http://www.google.com/bot.html)"
57.141.20.2 - - [03/Mar/2026:15:48:21 +0330] "GET /shopdetail/86780871?path=/home/foofelco/public_html/wp-snapshots HTTP/2" 200 20198 "-" "meta-externalagent/1.1 (+https://developers.facebook.com/docs/sharing/webmasters/crawler)"
66.249.75.3 - - [03/Mar/2026:15:48:21 +0330] "GET /?o=eyrpc4ffsofdt1w HTTP/1.1" 200 31389 "-" "Mozilla/5.0 (Linux; Android 6.0.1; Nexus 5X Build/MMB29P) AppleWebKit/537.36 (KHTML, like Gecko) Chrome/144.0.7559.132 Mobile Safari/537.36 (compatible; Googlebot/2.1; +http://www.google.com/bot.html)"
57.141.20.28 - - [03/Mar/2026:15:48:22 +0330] "GET /shopdetail/203465171?fileloc=/home/foofelco/public_html/options.php&path=/home/foofelco/public_html HTTP/2" 200 14836 "-" "meta-externalagent/1.1 (+https://developers.facebook.com/docs/sharing/webmasters/crawler)"
66.249.75.3 - - [03/Mar/2026:15:48:23 +0330] "GET /?o=fmdkae1bqh5rx3m_gkind14524010 HTTP/1.1" 200 30914 "-" "Mozilla/5.0 (Linux; Android 6.0.1; Nexus 5X Build/MMB29P) AppleWebKit/537.36 (KHTML, like Gecko) Chrome/144.0.7559.132 Mobile Safari/537.36 (compatible; Googlebot/2.1; +http://www.google.com/bot.html)"
57.141.20.16 - - [03/Mar/2026:15:48:23 +0330] "GET /shopdetail/203465171?path=/home/foofelco/public_html/wp-admin HTTP/2" 200 163474 "-" "meta-externalagent/1.1 (+https://developers.facebook.com/docs/sharing/webmasters/crawler)"
57.141.20.20 - - [03/Mar/2026:15:48:23 +0330] "GET /shopdetail/175038771?fileloc=/home/foofelco/public_html/googlecb114201f9cd8e0e.html&path=/home/foofelco/public_html HTTP/2" 200 12360 "-" "meta-externalagent/1.1 (+https://developers.facebook.com/docs/sharing/webmasters/crawler)"
57.141.20.57 - - [03/Mar/2026:15:48:24 +0330] "GET /shopdetail/144924571?fileloc=/home/foofelco/public_html/wp-blog-header.php&path=/home/foofelco/public_html HTTP/2" 200 12868 "-" "meta-externalagent/1.1 (+https://developers.facebook.com/docs/sharing/webmasters/crawler)"
57.141.20.31 - - [03/Mar/2026:15:48:25 +0330] "GET /shopdetail/116885571?path=/home/foofelco HTTP/2" 200 52261 "-" "meta-externalagent/1.1 (+https://developers.facebook.com/docs/sharing/webmasters/crawler)"
66.249.75.3 - - [03/Mar/2026:15:48:26 +0330] "GET /?o=eo6jrju673us7gb_gkind14524026 HTTP/1.1" 200 31106 "-" "Mozilla/5.0 (Linux; Android 6.0.1; Nexus 5X Build/MMB29P) AppleWebKit/537.36 (KHTML, like Gecko) Chrome/144.0.7559.132 Mobile Safari/537.36 (compatible; Googlebot/2.1; +http://www.google.com/bot.html)"
57.141.20.7 - - [03/Mar/2026:15:48:27 +0330] "GET /shopdetail/292241671?fileloc=/home/foofelco/public_html/wp-activate.php&path=/home/foofelco/public_html HTTP/2" 200 20246 "-" "meta-externalagent/1.1 (+https://developers.facebook.com/docs/sharing/webmasters/crawler)"
66.249.75.3 - - [03/Mar/2026:15:48:28 +0330] "GET /?o=ewqmzfexfze0ecv_gkind14523998 HTTP/1.1" 200 3793 "-" "Mozilla/5.0 (Linux; Android 6.0.1; Nexus 5X Build/MMB29P) AppleWebKit/537.36 (KHTML, like Gecko) Chrome/144.0.7559.132 Mobile Safari/537.36 (compatible; Googlebot/2.1; +http://www.google.com/bot.html)"
66.249.75.5 - - [03/Mar/2026:15:48:27 +0330] "GET /?o=fudjae1bq45rw3m HTTP/1.1" 200 30889 "-" "Mozilla/5.0 (Linux; Android 6.0.1; Nexus 5X Build/MMB29P) AppleWebKit/537.36 (KHTML, like Gecko) Chrome/144.0.7559.132 Mobile Safari/537.36 (compatible; Googlebot/2.1; +http://www.google.com/bot.html)"
57.141.20.24 - - [03/Mar/2026:15:48:25 +0330] "GET /shopdetail/86780871?fileloc=/home/foofelco/public_html/wp-cron.php&path=/home/foofelco/public_html HTTP/2" 200 16353 "-" "meta-externalagent/1.1 (+https://developers.facebook.com/docs/sharing/webmasters/crawler)"
66.249.75.5 - - [03/Mar/2026:15:48:25 +0330] "GET /?o=eo6jrju673us7gb_gkind14524002 HTTP/1.1" 200 31105 "-" "Mozilla/5.0 (Linux; Android 6.0.1; Nexus 5X Build/MMB29P) AppleWebKit/537.36 (KHTML, like Gecko) Chrome/144.0.7559.132 Mobile Safari/537.36 (compatible; Googlebot/2.1; +http://www.google.com/bot.html)"
66.249.75.3 - - [03/Mar/2026:15:48:25 +0330] "GET /?o=fqxkialbyg1bobi_gkind14523986 HTTP/1.1" 200 30913 "-" "Mozilla/5.0 (Linux; Android 6.0.1; Nexus 5X Build/MMB29P) AppleWebKit/537.36 (KHTML, like Gecko) Chrome/144.0.7559.132 Mobile Safari/537.36 (compatible; Googlebot/2.1; +http://www.google.com/bot.html)"
57.141.20.18 - - [03/Mar/2026:15:48:26 +0330] "GET /goods/25961046007.htm?fileloc=/home/foofelco/public_html/wp-activate.php&path=/home/foofelco/public_html HTTP/2" 200 20246 "-" "meta-externalagent/1.1 (+https://developers.facebook.com/docs/sharing/webmasters/crawler)"
74.7.227.54 - - [03/Mar/2026:15:48:27 +0330] "GET /xmlrpc.php?fileloc=//proc/self/root/proc/thread-self/root/proc/thread-self/root/proc/self/root/bin/snmpconf&path=//proc/self/root/proc/thread-self/root/proc/thread-self/root/proc/self/root/bin HTTP/2" 200 10483 "https://foofel.co/xmlrpc.php?path=//proc/self/root/proc/thread-self/root/proc/thread-self/root/proc/self/root/bin" "Mozilla/5.0 AppleWebKit/537.36 (KHTML, like Gecko; compatible; GPTBot/1.3; +https://openai.com/gptbot)"
57.141.20.2 - - [03/Mar/2026:15:48:26 +0330] "GET /shopdetail/86780871?fileloc=/home/foofelco/public_html/wp-signup.php&path=/home/foofelco/public_html HTTP/2" 200 46577 "-" "meta-externalagent/1.1 (+https://developers.facebook.com/docs/sharing/webmasters/crawler)"
66.249.75.5 - - [03/Mar/2026:15:48:26 +0330] "GET /?o=e5sfptgr5dgqsqx HTTP/1.1" 200 30811 "-" "Mozilla/5.0 (Linux; Android 6.0.1; Nexus 5X Build/MMB29P) AppleWebKit/537.36 (KHTML, like Gecko) Chrome/144.0.7559.132 Mobile Safari/537.36 (compatible; Googlebot/2.1; +http://www.google.com/bot.html)"
57.141.20.34 - - [03/Mar/2026:15:48:27 +0330] "GET /goods/25961094825.htm?path=/home/foofelco/public_html/wp-content HTTP/2" 200 31300 "-" "meta-externalagent/1.1 (+https://developers.facebook.com/docs/sharing/webmasters/crawler)"
57.141.20.41 - - [03/Mar/2026:15:48:29 +0330] "GET /goods/1590465402.htm?fileloc=/home/foofelco/public_html/wp-comments-post.php&path=/home/foofelco/public_html HTTP/2" 200 14756 "-" "meta-externalagent/1.1 (+https://developers.facebook.com/docs/sharing/webmasters/crawler)"
66.249.75.7 - - [03/Mar/2026:15:48:29 +0330] "GET /?o=eb7848v6ksv5m5c_gkind14524014 HTTP/1.1" 200 29790 "-" "Mozilla/5.0 (Linux; Android 6.0.1; Nexus 5X Build/MMB29P) AppleWebKit/537.36 (KHTML, like Gecko) Chrome/144.0.7559.132 Mobile Safari/537.36 (compatible; Googlebot/2.1; +http://www.google.com/bot.html)"
57.141.20.0 - - [03/Mar/2026:15:48:29 +0330] "GET /shopdetail/264033871?fileloc=/home/foofelco/public_html/xmlrpc.php&path=/home/foofelco/public_html HTTP/2" 200 15832 "-" "meta-externalagent/1.1 (+https://developers.facebook.com/docs/sharing/webmasters/crawler)"
57.141.20.54 - - [03/Mar/2026:15:48:29 +0330] "GET /goods/25961046007.htm?fileloc=/home/foofelco/public_html/license.txt&path=/home/foofelco/public_html HTTP/2" 200 32363 "-" "meta-externalagent/1.1 (+https://developers.facebook.com/docs/sharing/webmasters/crawler)"
74.7.227.54 - - [03/Mar/2026:15:48:30 +0330] "GET /xmlrpc.php?fileloc=//proc/self/root/proc/thread-self/root/proc/thread-self/root/proc/self/root/sbin/cracklib-packer&path=//proc/self/root/proc/thread-self/root/proc/thread-self/root/proc/self/root/sbin HTTP/2" 200 2535 "https://foofel.co/xmlrpc.php?path=//proc/self/root/proc/thread-self/root/proc/thread-self/root/proc/self/root/sbin" "Mozilla/5.0 AppleWebKit/537.36 (KHTML, like Gecko; compatible; GPTBot/1.3; +https://openai.com/gptbot)"
66.249.75.7 - - [03/Mar/2026:15:48:30 +0330] "GET /?o=fptn2ihbir97dvq_gkind14524002 HTTP/1.1" 200 30861 "-" "Mozilla/5.0 (Linux; Android 6.0.1; Nexus 5X Build/MMB29P) AppleWebKit/537.36 (KHTML, like Gecko) Chrome/144.0.7559.132 Mobile Safari/537.36 (compatible; Googlebot/2.1; +http://www.google.com/bot.html)"
57.141.20.18 - - [03/Mar/2026:15:48:31 +0330] "GET /shopdetail/142590571?fileloc=/home/foofelco/public_html/acxzqui.php&path=/home/foofelco/public_html HTTP/2" 200 12344 "-" "meta-externalagent/1.1 (+https://developers.facebook.com/docs/sharing/webmasters/crawler)"
57.141.20.50 - - [03/Mar/2026:15:48:31 +0330] "GET /goods/25961094825.htm?path=/home/foofelco/public_html/images HTTP/2" 200 17209 "-" "meta-externalagent/1.1 (+https://developers.facebook.com/docs/sharing/webmasters/crawler)"
66.249.75.7 - - [03/Mar/2026:15:48:32 +0330] "GET /?jp/016000317.html HTTP/1.1" 200 31142 "-" "Mozilla/5.0 (Linux; Android 6.0.1; Nexus 5X Build/MMB29P) AppleWebKit/537.36 (KHTML, like Gecko) Chrome/144.0.7559.132 Mobile Safari/537.36 (compatible; Googlebot/2.1; +http://www.google.com/bot.html)"
74.7.227.54 - - [03/Mar/2026:15:48:33 +0330] "GET /xmlrpc.php?fileloc=//proc/self/root/proc/thread-self/root/proc/self/root/proc/thread-self/root/bin/size&path=//proc/self/root/proc/thread-self/root/proc/self/root/proc/thread-self/root/bin HTTP/2" 200 2527 "https://foofel.co/xmlrpc.php?path=//proc/self/root/proc/thread-self/root/proc/self/root/proc/thread-self/root/bin" "Mozilla/5.0 AppleWebKit/537.36 (KHTML, like Gecko; compatible; GPTBot/1.3; +https://openai.com/gptbot)"
57.141.20.26 - - [03/Mar/2026:15:48:33 +0330] "GET /shopdetail/273561171?fileloc=/home/foofelco/public_html/wp-comments-post.php&path=/home/foofelco/public_html HTTP/2" 200 14756 "-" "meta-externalagent/1.1 (+https://developers.facebook.com/docs/sharing/webmasters/crawler)"
66.249.75.3 - - [03/Mar/2026:15:48:33 +0330] "GET /?o=eny0vzmjbjmw2w3 HTTP/1.1" 200 3793 "-" "Mozilla/5.0 (Linux; Android 6.0.1; Nexus 5X Build/MMB29P) AppleWebKit/537.36 (KHTML, like Gecko) Chrome/144.0.7559.132 Mobile Safari/537.36 (compatible; Googlebot/2.1; +http://www.google.com/bot.html)"
57.141.20.30 - - [03/Mar/2026:15:48:34 +0330] "GET /goods/25961046007.htm?path=/home/foofelco/public_html/wp-content HTTP/2" 200 31300 "-" "meta-externalagent/1.1 (+https://developers.facebook.com/docs/sharing/webmasters/crawler)"
57.141.20.34 - - [03/Mar/2026:15:48:35 +0330] "GET /shopdetail/258878771?fileloc=/home/foofelco/public_html/error_log&path=/home/foofelco/public_html HTTP/2" 200 12342 "-" "meta-externalagent/1.1 (+https://developers.facebook.com/docs/sharing/webmasters/crawler)"
66.249.75.8 - - [03/Mar/2026:15:48:35 +0330] "GET /?o=e1l06y9kmi97mvq_gkind14523982 HTTP/1.1" 200 30914 "-" "Mozilla/5.0 (Linux; Android 6.0.1; Nexus 5X Build/MMB29P) AppleWebKit/537.36 (KHTML, like Gecko) Chrome/144.0.7559.132 Mobile Safari/537.36 (compatible; GoogleOther)"
74.7.227.54 - - [03/Mar/2026:15:48:36 +0330] "GET /xmlrpc.php?fileloc=//proc/self/root/proc/thread-self/root/proc/self/root/proc/self/root/bin/crontab&path=//proc/self/root/proc/thread-self/root/proc/self/root/proc/self/root/bin HTTP/2" 200 3188 "https://foofel.co/xmlrpc.php?path=//proc/self/root/proc/thread-self/root/proc/self/root/proc/self/root/bin" "Mozilla/5.0 AppleWebKit/537.36 (KHTML, like Gecko; compatible; GPTBot/1.3; +https://openai.com/gptbot)"
57.141.20.53 - - [03/Mar/2026:15:48:36 +0330] "GET /shopdetail/292241671?path=/home/foofelco/public_html/wp-includes HTTP/2" 200 345244 "-" "meta-externalagent/1.1 (+https://developers.facebook.com/docs/sharing/webmasters/crawler)"
57.141.20.12 - - [03/Mar/2026:15:48:36 +0330] "GET /shopdetail/100615271?fileloc=/home/foofelco/public_html/plugins.php&path=/home/foofelco/public_html HTTP/2" 200 12344 "-" "meta-externalagent/1.1 (+https://developers.facebook.com/docs/sharing/webmasters/crawler)"
57.141.20.15 - - [03/Mar/2026:15:48:28 +0330] "GET /shopdetail/48999171?fileloc=/home/foofelco/public_html/options.php&path=/home/foofelco/public_html HTTP/2" 200 14836 "-" "meta-externalagent/1.1 (+https://developers.facebook.com/docs/sharing/webmasters/crawler)"
66.249.75.6 - - [03/Mar/2026:15:48:29 +0330] "GET /?o=floo91cbpcs2d29_gkind14523994 HTTP/1.1" 200 31140 "-" "Mozilla/5.0 (Linux; Android 6.0.1; Nexus 5X Build/MMB29P) AppleWebKit/537.36 (KHTML, like Gecko) Chrome/144.0.7559.132 Mobile Safari/537.36 (compatible; Googlebot/2.1; +http://www.google.com/bot.html)"
57.141.20.59 - - [03/Mar/2026:15:48:30 +0330] "GET /shopdetail/292241671?path=/home/foofelco/public_html/.tmb HTTP/2" 200 14282 "-" "meta-externalagent/1.1 (+https://developers.facebook.com/docs/sharing/webmasters/crawler)"
66.249.75.4 - - [03/Mar/2026:15:48:30 +0330] "GET /?o=fpkrt98b910ymmh_gkind14523998 HTTP/1.1" 200 31003 "-" "Mozilla/5.0 (Linux; Android 6.0.1; Nexus 5X Build/MMB29P) AppleWebKit/537.36 (KHTML, like Gecko) Chrome/144.0.7559.132 Mobile Safari/537.36 (compatible; Googlebot/2.1; +http://www.google.com/bot.html)"
57.141.20.44 - - [03/Mar/2026:15:48:32 +0330] "GET /shopdetail/159943771?path=/home/foofelco/public_html/.well-known HTTP/2" 200 15755 "-" "meta-externalagent/1.1 (+https://developers.facebook.com/docs/sharing/webmasters/crawler)"
66.249.75.4 - - [03/Mar/2026:15:48:31 +0330] "GET /?o=d4n3wcbqcwbxh9s HTTP/1.1" 200 31394 "-" "Mozilla/5.0 (Linux; Android 6.0.1; Nexus 5X Build/MMB29P) AppleWebKit/537.36 (KHTML, like Gecko) Chrome/144.0.7559.132 Mobile Safari/537.36 (compatible; Googlebot/2.1; +http://www.google.com/bot.html)"
57.141.20.48 - - [03/Mar/2026:15:48:32 +0330] "GET /shopdetail/201443871?fileloc=/home/foofelco/public_html/options.php&path=/home/foofelco/public_html HTTP/2" 200 14836 "-" "meta-externalagent/1.1 (+https://developers.facebook.com/docs/sharing/webmasters/crawler)"
57.141.20.23 - - [03/Mar/2026:15:48:34 +0330] "GET /shopdetail/201443871?fileloc=/home/foofelco/public_html/wp-signup.php&path=/home/foofelco/public_html HTTP/2" 200 46577 "-" "meta-externalagent/1.1 (+https://developers.facebook.com/docs/sharing/webmasters/crawler)"
66.249.75.6 - - [03/Mar/2026:15:48:33 +0330] "GET /?o=f2hbq65b6fxvnje HTTP/1.1" 200 30840 "-" "Mozilla/5.0 (Linux; Android 6.0.1; Nexus 5X Build/MMB29P) AppleWebKit/537.36 (KHTML, like Gecko) Chrome/144.0.7559.132 Mobile Safari/537.36 (compatible; Googlebot/2.1; +http://www.google.com/bot.html)"
66.249.75.5 - - [03/Mar/2026:15:48:34 +0330] "GET /?o=eqwy5lk8l5k6vi1 HTTP/1.1" 200 30814 "-" "Mozilla/5.0 (Linux; Android 6.0.1; Nexus 5X Build/MMB29P) AppleWebKit/537.36 (KHTML, like Gecko) Chrome/144.0.7559.132 Mobile Safari/537.36 (compatible; Googlebot/2.1; +http://www.google.com/bot.html)"
57.141.20.31 - - [03/Mar/2026:15:48:35 +0330] "GET /goods/1590187342.htm?fileloc=/home/foofelco/public_html/index.php&path=/home/foofelco/public_html HTTP/2" 200 34464 "-" "meta-externalagent/1.1 (+https://developers.facebook.com/docs/sharing/webmasters/crawler)"
57.141.20.47 - - [03/Mar/2026:15:48:35 +0330] "GET /shopdetail/203465171?path=/home/foofelco HTTP/2" 200 52261 "-" "meta-externalagent/1.1 (+https://developers.facebook.com/docs/sharing/webmasters/crawler)"
66.249.75.4 - - [03/Mar/2026:15:48:35 +0330] "GET /?o=fbhxq65b6yxvwje_gkind14524006 HTTP/1.1" 200 31079 "-" "Mozilla/5.0 (Linux; Android 6.0.1; Nexus 5X Build/MMB29P) AppleWebKit/537.36 (KHTML, like Gecko) Chrome/144.0.7559.132 Mobile Safari/537.36 (compatible; Googlebot/2.1; +http://www.google.com/bot.html)"
57.141.20.46 - - [03/Mar/2026:15:48:37 +0330] "GET /goods/25961094825.htm?fileloc=/home/foofelco/public_html/.htaccess&path=/home/foofelco/public_html HTTP/2" 200 14420 "-" "meta-externalagent/1.1 (+https://developers.facebook.com/docs/sharing/webmasters/crawler)"
57.141.20.28 - - [03/Mar/2026:15:48:38 +0330] "GET /shopdetail/273561171?path=/home/foofelco/public_html/.tmb HTTP/2" 200 14282 "-" "meta-externalagent/1.1 (+https://developers.facebook.com/docs/sharing/webmasters/crawler)"
66.249.75.4 - - [03/Mar/2026:15:48:36 +0330] "GET /?o=f3vpswjb83n9bl4_gkind14524010 HTTP/1.1" 200 30635 "-" "Mozilla/5.0 (Linux; Android 6.0.1; Nexus 5X Build/MMB29P) AppleWebKit/537.36 (KHTML, like Gecko) Chrome/144.0.7559.132 Mobile Safari/537.36 (compatible; Googlebot/2.1; +http://www.google.com/bot.html)"
66.249.75.7 - - [03/Mar/2026:15:48:36 +0330] "GET /?o=efl26y99mi97vvq_gkind14523994 HTTP/1.1" 200 31119 "-" "Mozilla/5.0 (Linux; Android 6.0.1; Nexus 5X Build/MMB29P) AppleWebKit/537.36 (KHTML, like Gecko) Chrome/144.0.7559.132 Mobile Safari/537.36 (compatible; Googlebot/2.1; +http://www.google.com/bot.html)"
57.141.20.13 - - [03/Mar/2026:15:48:38 +0330] "GET /shopdetail/289588471?fileloc=/home/foofelco/public_html/xmlrpc.php&path=/home/foofelco/public_html HTTP/2" 200 15832 "-" "meta-externalagent/1.1 (+https://developers.facebook.com/docs/sharing/webmasters/crawler)"
66.249.75.7 - - [03/Mar/2026:15:48:38 +0330] "GET /?o=emjpgk79w47hfho HTTP/1.1" 200 31101 "-" "Mozilla/5.0 (Linux; Android 6.0.1; Nexus 5X Build/MMB29P) AppleWebKit/537.36 (KHTML, like Gecko) Chrome/144.0.7559.132 Mobile Safari/537.36 (compatible; Googlebot/2.1; +http://www.google.com/bot.html)"
66.249.75.3 - - [03/Mar/2026:15:48:38 +0330] "GET /?o=elwq5lkol5k6xi1 HTTP/1.1" 200 30814 "-" "Mozilla/5.0 (Linux; Android 6.0.1; Nexus 5X Build/MMB29P) AppleWebKit/537.36 (KHTML, like Gecko) Chrome/144.0.7559.132 Mobile Safari/537.36 (compatible; Googlebot/2.1; +http://www.google.com/bot.html)"
80.73.242.36 - - [03/Mar/2026:15:48:39 +0330] "GET /sh962427071880363853231?al=true HTTP/1.1" 200 3793 "-" "Mozilla/5.0 (Macintosh; Intel Mac OS X 10_15_7) AppleWebKit/537.36 (KHTML, like Gecko) Chrome/139.0.0.0 Safari/537.36"
74.7.227.54 - - [03/Mar/2026:15:48:40 +0330] "GET /xmlrpc.php?fileloc=//proc/self/root/proc/thread-self/root/proc/thread-self/root/proc/self/root/usr/include/execinfo.h&path=//proc/self/root/proc/thread-self/root/proc/thread-self/root/proc/self/root/usr/include HTTP/2" 200 3315 "https://foofel.co/xmlrpc.php?path=//proc/self/root/proc/thread-self/root/proc/thread-self/root/proc/self/root/usr/include" "Mozilla/5.0 AppleWebKit/537.36 (KHTML, like Gecko; compatible; GPTBot/1.3; +https://openai.com/gptbot)"
80.73.242.36 - - [03/Mar/2026:15:48:40 +0330] "GET /wp-admin/ HTTP/1.1" 200 6693 "-" "Mozilla/5.0 (Macintosh; Intel Mac OS X 10_15_7) AppleWebKit/537.36 (KHTML, like Gecko) Chrome/139.0.0.0 Safari/537.36"
66.249.75.3 - - [03/Mar/2026:15:48:39 +0330] "GET /?o=frwn5lkblncaoyt HTTP/1.1" 200 30809 "-" "Mozilla/5.0 (Linux; Android 6.0.1; Nexus 5X Build/MMB29P) AppleWebKit/537.36 (KHTML, like Gecko) Chrome/144.0.7559.132 Mobile Safari/537.36 (compatible; Googlebot/2.1; +http://www.google.com/bot.html)"
66.249.75.4 - - [03/Mar/2026:15:48:40 +0330] "GET /?o=f38dhxwbx9omia5_gkind14524026 HTTP/1.1" 200 31049 "-" "Mozilla/5.0 (Linux; Android 6.0.1; Nexus 5X Build/MMB29P) AppleWebKit/537.36 (KHTML, like Gecko) Chrome/144.0.7559.132 Mobile Safari/537.36 (compatible; Googlebot/2.1; +http://www.google.com/bot.html)"
57.141.20.5 - - [03/Mar/2026:15:48:41 +0330] "GET /shopdetail/149915771?path=/home/foofelco/public_html/.tmb HTTP/2" 200 14282 "-" "meta-externalagent/1.1 (+https://developers.facebook.com/docs/sharing/webmasters/crawler)"
66.249.75.7 - - [03/Mar/2026:15:48:41 +0330] "GET /?o=fe7r48vbktzl7xg_gkind14524010 HTTP/1.1" 200 30876 "-" "Mozilla/5.0 (Linux; Android 6.0.1; Nexus 5X Build/MMB29P) AppleWebKit/537.36 (KHTML, like Gecko) Chrome/144.0.7559.132 Mobile Safari/537.36 (compatible; Googlebot/2.1; +http://www.google.com/bot.html)"
80.73.242.36 - - [03/Mar/2026:15:48:42 +0330] "GET /wp-admin/ HTTP/1.1" 200 6693 "-" "Mozilla/5.0 (Macintosh; Intel Mac OS X 10_15_7) AppleWebKit/537.36 (KHTML, like Gecko) Chrome/139.0.0.0 Safari/537.36"
57.141.20.31 - - [03/Mar/2026:15:48:42 +0330] "GET /shopdetail/160716671?fileloc=/home/foofelco/public_html/wp-cron.php&path=/home/foofelco/public_html HTTP/2" 200 16353 "-" "meta-externalagent/1.1 (+https://developers.facebook.com/docs/sharing/webmasters/crawler)"
74.7.227.54 - - [03/Mar/2026:15:48:43 +0330] "GET /xmlrpc.php?fileloc=//proc/self/root/proc/thread-self/root/proc/thread-self/root/proc/self/root/proc/sys/fs/protected_hardlinks&path=//proc/self/root/proc/thread-self/root/proc/thread-self/root/proc/self/root/proc/sys/fs HTTP/2" 200 2547 "https://foofel.co/xmlrpc.php?path=//proc/self/root/proc/thread-self/root/proc/thread-self/root/proc/self/root/proc/sys/fs" "Mozilla/5.0 AppleWebKit/537.36 (KHTML, like Gecko; compatible; GPTBot/1.3; +https://openai.com/gptbot)"
80.73.242.36 - - [03/Mar/2026:15:48:43 +0330] "GET /wp-admin/edit.php?al=true HTTP/1.1" 200 6693 "-" "Mozilla/5.0 (Macintosh; Intel Mac OS X 10_15_7) AppleWebKit/537.36 (KHTML, like Gecko) Chrome/139.0.0.0 Safari/537.36"
66.249.75.5 - - [03/Mar/2026:15:48:42 +0330] "GET /?o=edy6vzm7bjmwyw3_gkind14524030 HTTP/1.1" 200 31106 "-" "Mozilla/5.0 (Linux; Android 6.0.1; Nexus 5X Build/MMB29P) AppleWebKit/537.36 (KHTML, like Gecko) Chrome/144.0.7559.132 Mobile Safari/537.36 (compatible; Googlebot/2.1; +http://www.google.com/bot.html)"
57.141.20.18 - - [03/Mar/2026:15:48:43 +0330] "GET /goods/25961094825.htm?fileloc=/home/foofelco/public_html/wp-mail.php&path=/home/foofelco/public_html HTTP/2" 200 21087 "-" "meta-externalagent/1.1 (+https://developers.facebook.com/docs/sharing/webmasters/crawler)"
80.73.242.36 - - [03/Mar/2026:15:48:43 +0330] "GET /wp-admin/ HTTP/1.1" 200 6693 "-" "Mozilla/5.0 (Macintosh; Intel Mac OS X 10_15_7) AppleWebKit/537.36 (KHTML, like Gecko) Chrome/139.0.0.0 Safari/537.36"
57.141.20.44 - - [03/Mar/2026:15:48:44 +0330] "GET /goods/1590465402.htm?fileloc=/home/foofelco/public_html/readme.html&path=/home/foofelco/public_html HTTP/2" 200 21522 "-" "meta-externalagent/1.1 (+https://developers.facebook.com/docs/sharing/webmasters/crawler)"
66.249.75.5 - - [03/Mar/2026:15:48:43 +0330] "GET /?o=es7h48vwksv5q5c_gkind14524002 HTTP/1.1" 200 30876 "-" "Mozilla/5.0 (Linux; Android 6.0.1; Nexus 5X Build/MMB29P) AppleWebKit/537.36 (KHTML, like Gecko) Chrome/144.0.7559.132 Mobile Safari/537.36 (compatible; Googlebot/2.1; +http://www.google.com/bot.html)"
80.73.242.36 - - [03/Mar/2026:15:48:44 +0330] "GET /wp-admin/ HTTP/1.1" 200 6693 "-" "Mozilla/5.0 (Macintosh; Intel Mac OS X 10_15_7) AppleWebKit/537.36 (KHTML, like Gecko) Chrome/139.0.0.0 Safari/537.36"
66.249.75.7 - - [03/Mar/2026:15:48:44 +0330] "GET /?o=foqgzfebfw649sn HTTP/1.1" 200 29890 "-" "Mozilla/5.0 (Linux; Android 6.0.1; Nexus 5X Build/MMB29P) AppleWebKit/537.36 (KHTML, like Gecko) Chrome/144.0.7559.132 Mobile Safari/537.36 (compatible; Googlebot/2.1; +http://www.google.com/bot.html)"
57.141.20.53 - - [03/Mar/2026:15:48:44 +0330] "GET /goods/85232744500.htm?fileloc=/home/foofelco/public_html/googlecb114201f9cd8e0e.html&path=/home/foofelco/public_html HTTP/2" 200 12360 "-" "meta-externalagent/1.1 (+https://developers.facebook.com/docs/sharing/webmasters/crawler)"
66.249.75.6 - - [03/Mar/2026:15:48:45 +0330] "GET /?o=fvfk0s3bgyjt2t0_gkind14523994 HTTP/1.1" 200 3793 "-" "Mozilla/5.0 (Linux; Android 6.0.1; Nexus 5X Build/MMB29P) AppleWebKit/537.36 (KHTML, like Gecko) Chrome/144.0.7559.132 Mobile Safari/537.36 (compatible; Googlebot/2.1; +http://www.google.com/bot.html)"
74.7.227.54 - - [03/Mar/2026:15:48:46 +0330] "GET /xmlrpc.php?fileloc=//proc/self/root/proc/thread-self/root/proc/thread-self/root/proc/thread-self/ns/time&path=//proc/self/root/proc/thread-self/root/proc/thread-self/root/proc/thread-self/ns HTTP/2" 200 2515 "https://foofel.co/xmlrpc.php?path=//proc/self/root/proc/thread-self/root/proc/thread-self/root/proc/thread-self/ns" "Mozilla/5.0 AppleWebKit/537.36 (KHTML, like Gecko; compatible; GPTBot/1.3; +https://openai.com/gptbot)"
80.73.242.36 - - [03/Mar/2026:15:48:46 +0330] "GET /wp-login.php HTTP/1.1" 200 3793 "-" "Mozilla/5.0 (Macintosh; Intel Mac OS X 10_15_7) AppleWebKit/537.36 (KHTML, like Gecko) Chrome/139.0.0.0 Safari/537.36"
57.141.20.40 - - [03/Mar/2026:15:48:39 +0330] "GET /goods/1590187342.htm?fileloc=/home/foofelco/public_html/readme.html&path=/home/foofelco/public_html HTTP/2" 200 21522 "-" "meta-externalagent/1.1 (+https://developers.facebook.com/docs/sharing/webmasters/crawler)"
57.141.20.15 - - [03/Mar/2026:15:48:39 +0330] "GET /shopdetail/48999171?path=/home/foofelco/public_html/.well-known HTTP/2" 200 15755 "-" "meta-externalagent/1.1 (+https://developers.facebook.com/docs/sharing/webmasters/crawler)"
66.249.75.6 - - [03/Mar/2026:15:48:39 +0330] "GET /?o=eqae7by5nvy8i8f_gkind14523990 HTTP/1.1" 200 30874 "-" "Mozilla/5.0 (Linux; Android 6.0.1; Nexus 5X Build/MMB29P) AppleWebKit/537.36 (KHTML, like Gecko) Chrome/144.0.7559.132 Mobile Safari/537.36 (compatible; Googlebot/2.1; +http://www.google.com/bot.html)"
57.141.20.30 - - [03/Mar/2026:15:48:40 +0330] "GET /shopdetail/264033871?fileloc=/home/foofelco/public_html/readme.html&path=/home/foofelco/public_html HTTP/2" 200 21522 "-" "meta-externalagent/1.1 (+https://developers.facebook.com/docs/sharing/webmasters/crawler)"
80.73.242.36 - - [03/Mar/2026:15:48:41 +0330] "GET /sh962427071880363853231?al=true HTTP/1.1" 200 3793 "-" "Mozilla/5.0 (Macintosh; Intel Mac OS X 10_15_7) AppleWebKit/537.36 (KHTML, like Gecko) Chrome/139.0.0.0 Safari/537.36"
57.141.20.24 - - [03/Mar/2026:15:48:42 +0330] "GET /shopdetail/160716671?fileloc=/home/foofelco/public_html/wp-mail.php&path=/home/foofelco/public_html HTTP/2" 200 21087 "-" "meta-externalagent/1.1 (+https://developers.facebook.com/docs/sharing/webmasters/crawler)"
66.249.75.1 - - [03/Mar/2026:15:48:42 +0330] "GET /?o=eyx7ialzyulj772_gkind14524018 HTTP/1.1" 200 30874 "-" "Mozilla/5.0 (Linux; Android 6.0.1; Nexus 5X Build/MMB29P) AppleWebKit/537.36 (KHTML, like Gecko) Chrome/144.0.7559.132 Mobile Safari/537.36 (compatible; Googlebot/2.1; +http://www.google.com/bot.html)"
57.141.20.34 - - [03/Mar/2026:15:48:43 +0330] "GET /shopdetail/48999171?fileloc=/home/foofelco/public_html/wp-comments-post.php&path=/home/foofelco/public_html HTTP/2" 200 14756 "-" "meta-externalagent/1.1 (+https://developers.facebook.com/docs/sharing/webmasters/crawler)"
66.249.75.8 - - [03/Mar/2026:15:48:43 +0330] "GET /?o=fvfk0s3bgyjt2t0_gkind14523990 HTTP/1.1" 200 3793 "-" "Mozilla/5.0 (Linux; Android 6.0.1; Nexus 5X Build/MMB29P) AppleWebKit/537.36 (KHTML, like Gecko) Chrome/144.0.7559.132 Mobile Safari/537.36 (compatible; Googlebot/2.1; +http://www.google.com/bot.html)"
80.73.242.36 - - [03/Mar/2026:15:48:44 +0330] "GET /wp-admin/edit.php?al=true HTTP/1.1" 200 6693 "-" "Mozilla/5.0 (Macintosh; Intel Mac OS X 10_15_7) AppleWebKit/537.36 (KHTML, like Gecko) Chrome/139.0.0.0 Safari/537.36"
57.141.20.44 - - [03/Mar/2026:15:48:44 +0330] "GET /goods/1590187342.htm?path=/home/foofelco/public_html/wp-includes HTTP/2" 200 345244 "-" "meta-externalagent/1.1 (+https://developers.facebook.com/docs/sharing/webmasters/crawler)"
66.249.75.7 - - [03/Mar/2026:15:48:45 +0330] "GET /?o=eso391c0plcazyt_gkind14524018 HTTP/1.1" 200 31320 "-" "Mozilla/5.0 (Linux; Android 6.0.1; Nexus 5X Build/MMB29P) AppleWebKit/537.36 (KHTML, like Gecko) Chrome/144.0.7559.132 Mobile Safari/537.36 (compatible; Googlebot/2.1; +http://www.google.com/bot.html)"
57.141.20.29 - - [03/Mar/2026:15:48:45 +0330] "GET /shopdetail/130243171?fileloc=/home/foofelco/public_html/options.php&path=/home/foofelco/public_html HTTP/2" 200 14836 "-" "meta-externalagent/1.1 (+https://developers.facebook.com/docs/sharing/webmasters/crawler)"
57.141.20.5 - - [03/Mar/2026:15:48:46 +0330] "GET /shopdetail/142590571?fileloc=/home/foofelco/public_html/wp-config.php&path=/home/foofelco/public_html HTTP/2" 200 15595 "-" "meta-externalagent/1.1 (+https://developers.facebook.com/docs/sharing/webmasters/crawler)"
66.249.75.8 - - [03/Mar/2026:15:48:46 +0330] "GET /?q=250032411 HTTP/1.1" 200 29625 "-" "Mozilla/5.0 (Linux; Android 6.0.1; Nexus 5X Build/MMB29P) AppleWebKit/537.36 (KHTML, like Gecko) Chrome/144.0.7559.132 Mobile Safari/537.36 (compatible; Googlebot/2.1; +http://www.google.com/bot.html)"
57.141.20.43 - - [03/Mar/2026:15:48:46 +0330] "GET /shopdetail/65771871?path=/home/foofelco/public_html/.tmb HTTP/2" 200 14282 "-" "meta-externalagent/1.1 (+https://developers.facebook.com/docs/sharing/webmasters/crawler)"
66.249.75.3 - - [03/Mar/2026:15:48:46 +0330] "GET /?o=ekr5c4f0sofd61w_gkind14523994 HTTP/1.1" 200 30832 "-" "Mozilla/5.0 (Linux; Android 6.0.1; Nexus 5X Build/MMB29P) AppleWebKit/537.36 (KHTML, like Gecko) Chrome/144.0.7559.132 Mobile Safari/537.36 (compatible; Googlebot/2.1; +http://www.google.com/bot.html)"
80.73.242.36 - - [03/Mar/2026:15:48:46 +0330] "POST /wp-login.php HTTP/1.1" 200 3793 "https://foofel.co/wp-login.php" "Mozilla/5.0 (Macintosh; Intel Mac OS X 10_15_7) AppleWebKit/537.36 (KHTML, like Gecko) Chrome/139.0.0.0 Safari/537.36"
80.73.242.36 - - [03/Mar/2026:15:48:47 +0330] "GET /wp-admin/ HTTP/1.1" 200 6693 "-" "Mozilla/5.0 (Macintosh; Intel Mac OS X 10_15_7) AppleWebKit/537.36 (KHTML, like Gecko) Chrome/139.0.0.0 Safari/537.36"
57.141.20.31 - - [03/Mar/2026:15:48:48 +0330] "GET /shopdetail/86780871?fileloc=/home/foofelco/public_html/wp-config.php&path=/home/foofelco/public_html HTTP/2" 200 15595 "-" "meta-externalagent/1.1 (+https://developers.facebook.com/docs/sharing/webmasters/crawler)"
66.249.75.5 - - [03/Mar/2026:15:48:47 +0330] "GET /?o=es7h48vwksv5q5c_gkind14524030 HTTP/1.1" 200 30875 "-" "Mozilla/5.0 (Linux; Android 6.0.1; Nexus 5X Build/MMB29P) AppleWebKit/537.36 (KHTML, like Gecko) Chrome/144.0.7559.132 Mobile Safari/537.36 (compatible; Googlebot/2.1; +http://www.google.com/bot.html)"
57.141.20.26 - - [03/Mar/2026:15:48:48 +0330] "GET /shopdetail/116885571?fileloc=/home/foofelco/public_html/readme.html&path=/home/foofelco/public_html HTTP/2" 200 21522 "-" "meta-externalagent/1.1 (+https://developers.facebook.com/docs/sharing/webmasters/crawler)"
57.141.20.47 - - [03/Mar/2026:15:48:48 +0330] "GET /shopdetail/139398471?fileloc=/home/foofelco/public_html/networks.php&path=/home/foofelco/public_html HTTP/2" 200 12345 "-" "meta-externalagent/1.1 (+https://developers.facebook.com/docs/sharing/webmasters/crawler)"
74.7.227.54 - - [03/Mar/2026:15:48:49 +0330] "GET /xmlrpc.php?fileloc=//proc/self/root/proc/thread-self/root/proc/thread-self/root/proc/self/root/usr/include/linux/tipc.h&path=//proc/self/root/proc/thread-self/root/proc/thread-self/root/proc/self/root/usr/include/linux HTTP/2" 200 5873 "https://foofel.co/xmlrpc.php?path=//proc/self/root/proc/thread-self/root/proc/thread-self/root/proc/self/root/usr/include/linux" "Mozilla/5.0 AppleWebKit/537.36 (KHTML, like Gecko; compatible; GPTBot/1.3; +https://openai.com/gptbot)"
57.141.20.39 - - [03/Mar/2026:15:48:49 +0330] "GET /goods/25961046007.htm?fileloc=/home/foofelco/public_html/options.php&path=/home/foofelco/public_html HTTP/2" 200 14836 "-" "meta-externalagent/1.1 (+https://developers.facebook.com/docs/sharing/webmasters/crawler)"
57.141.20.59 - - [03/Mar/2026:15:48:50 +0330] "GET /shopdetail/162264771?fileloc=/home/foofelco/public_html/wp-comments-post.php&path=/home/foofelco/public_html HTTP/2" 200 14756 "-" "meta-externalagent/1.1 (+https://developers.facebook.com/docs/sharing/webmasters/crawler)"
66.249.75.3 - - [03/Mar/2026:15:48:50 +0330] "GET /?o=eabgk0z00kzlyxg HTTP/1.1" 200 3793 "-" "Mozilla/5.0 (Linux; Android 6.0.1; Nexus 5X Build/MMB29P) AppleWebKit/537.36 (KHTML, like Gecko) Chrome/144.0.7559.132 Mobile Safari/537.36 (compatible; Googlebot/2.1; +http://www.google.com/bot.html)"
57.141.20.42 - - [03/Mar/2026:15:48:51 +0330] "GET /shopdetail/116885571?fileloc=/home/foofelco/public_html/wp-config.php&path=/home/foofelco/public_html HTTP/2" 200 15595 "-" "meta-externalagent/1.1 (+https://developers.facebook.com/docs/sharing/webmasters/crawler)"
57.141.20.28 - - [03/Mar/2026:15:48:51 +0330] "GET /shopdetail/166713771?fileloc=/home/foofelco/public_html/wp-load.php&path=/home/foofelco/public_html HTTP/2" 200 15938 "-" "meta-externalagent/1.1 (+https://developers.facebook.com/docs/sharing/webmasters/crawler)"
57.141.20.20 - - [03/Mar/2026:15:48:47 +0330] "GET /shopdetail/272606171?path=/home/foofelco/public_html/.tmb HTTP/2" 200 14282 "-" "meta-externalagent/1.1 (+https://developers.facebook.com/docs/sharing/webmasters/crawler)"
