57.141.20.37 - - [03/Mar/2026:15:50:14 +0330] "GET /shopdetail/48999171?fileloc=/home/foofelco/public_html/wp-mail.php&path=/home/foofelco/public_html HTTP/2" 200 21087 "-" "meta-externalagent/1.1 (+https://developers.facebook.com/docs/sharing/webmasters/crawler)"
66.249.75.4 - - [03/Mar/2026:15:50:14 +0330] "GET /?o=ffdtae1bqz5rh3m HTTP/1.1" 200 30889 "-" "Mozilla/5.0 (Linux; Android 6.0.1; Nexus 5X Build/MMB29P) AppleWebKit/537.36 (KHTML, like Gecko) Chrome/144.0.7559.132 Mobile Safari/537.36 (compatible; Googlebot/2.1; +http://www.google.com/bot.html)"
66.249.75.5 - - [03/Mar/2026:15:50:16 +0330] "GET /?o=es6xrju873usdgb_gkind14523982 HTTP/1.1" 200 31105 "-" "Mozilla/5.0 (Linux; Android 6.0.1; Nexus 5X Build/MMB29P) AppleWebKit/537.36 (KHTML, like Gecko) Chrome/144.0.7559.132 Mobile Safari/537.36 (compatible; Googlebot/2.1; +http://www.google.com/bot.html)"
66.249.75.4 - - [03/Mar/2026:15:50:16 +0330] "GET /?o=eh4215s9hps2a29_gkind14523994 HTTP/1.1" 200 32002 "-" "Mozilla/5.0 (Linux; Android 6.0.1; Nexus 5X Build/MMB29P) AppleWebKit/537.36 (KHTML, like Gecko) Chrome/144.0.7559.132 Mobile Safari/537.36 (compatible; Googlebot/2.1; +http://www.google.com/bot.html)"
74.7.227.54 - - [03/Mar/2026:15:50:17 +0330] "GET /xmlrpc.php?fileloc=//proc/self/root/proc/thread-self/root/proc/thread-self/root/proc/self/root/proc/sys/fs/xfs/irix_symlink_mode&path=//proc/self/root/proc/thread-self/root/proc/thread-self/root/proc/self/root/proc/sys/fs/xfs HTTP/2" 200 2558 "https://foofel.co/xmlrpc.php?path=//proc/self/root/proc/thread-self/root/proc/thread-self/root/proc/self/root/proc/sys/fs/xfs" "Mozilla/5.0 AppleWebKit/537.36 (KHTML, like Gecko; compatible; GPTBot/1.3; +https://openai.com/gptbot)"
66.249.75.5 - - [03/Mar/2026:15:50:17 +0330] "GET /?o=f3j1gk7bw4bxk9s_gkind14524006 HTTP/1.1" 200 30636 "-" "Mozilla/5.0 (Linux; Android 6.0.1; Nexus 5X Build/MMB29P) AppleWebKit/537.36 (KHTML, like Gecko) Chrome/144.0.7559.132 Mobile Safari/537.36 (compatible; Googlebot/2.1; +http://www.google.com/bot.html)"
57.141.20.55 - - [03/Mar/2026:15:50:18 +0330] "GET /goods/2596959228.htm?fileloc=/home/foofelco/public_html/wp-config.php&path=/home/foofelco/public_html HTTP/2" 200 15595 "-" "meta-externalagent/1.1 (+https://developers.facebook.com/docs/sharing/webmasters/crawler)"
66.249.75.5 - - [03/Mar/2026:15:50:18 +0330] "GET /?o=fbxxialbyv1bxbi HTTP/1.1" 200 30889 "-" "Mozilla/5.0 (Linux; Android 6.0.1; Nexus 5X Build/MMB29P) AppleWebKit/537.36 (KHTML, like Gecko) Chrome/144.0.7559.132 Mobile Safari/537.36 (compatible; Googlebot/2.1; +http://www.google.com/bot.html)"
57.141.20.50 - - [03/Mar/2026:15:50:19 +0330] "GET /shopdetail/268465271?fileloc=/home/foofelco/public_html/networks.php&path=/home/foofelco/public_html HTTP/2" 200 12345 "-" "meta-externalagent/1.1 (+https://developers.facebook.com/docs/sharing/webmasters/crawler)"
66.249.75.5 - - [03/Mar/2026:15:50:19 +0330] "GET /?o=e6fj0s38gc316pk_gkind14524030 HTTP/1.1" 200 31104 "-" "Mozilla/5.0 (Linux; Android 6.0.1; Nexus 5X Build/MMB29P) AppleWebKit/537.36 (KHTML, like Gecko) Chrome/144.0.7559.132 Mobile Safari/537.36 (compatible; Googlebot/2.1; +http://www.google.com/bot.html)"
57.141.20.28 - - [03/Mar/2026:15:50:17 +0330] "GET /shopdetail/273561171?fileloc=/home/foofelco/public_html/wp-signup.php&path=/home/foofelco/public_html HTTP/2" 200 46577 "-" "meta-externalagent/1.1 (+https://developers.facebook.com/docs/sharing/webmasters/crawler)"
66.249.75.4 - - [03/Mar/2026:15:50:17 +0330] "GET /?o=e8q2zfeyfze0rcv_gkind14524006 HTTP/1.1" 200 31010 "-" "Mozilla/5.0 (Linux; Android 6.0.1; Nexus 5X Build/MMB29P) AppleWebKit/537.36 (KHTML, like Gecko) Chrome/144.0.7559.132 Mobile Safari/537.36 (compatible; Googlebot/2.1; +http://www.google.com/bot.html)"
57.141.20.38 - - [03/Mar/2026:15:50:19 +0330] "GET /shopdetail/7745271?fileloc=/home/foofelco/public_html/wp-blog-header.php&path=/home/foofelco/public_html HTTP/2" 200 12868 "-" "meta-externalagent/1.1 (+https://developers.facebook.com/docs/sharing/webmasters/crawler)"
57.141.20.43 - - [03/Mar/2026:15:50:20 +0330] "GET /goods/85233084456.htm?fileloc=/home/foofelco/public_html/wp-mail.php&path=/home/foofelco/public_html HTTP/2" 200 21087 "-" "meta-externalagent/1.1 (+https://developers.facebook.com/docs/sharing/webmasters/crawler)"
66.249.75.4 - - [03/Mar/2026:15:50:20 +0330] "GET /?o=e82abrqbrbqc4o7 HTTP/1.1" 200 30811 "-" "Mozilla/5.0 (Linux; Android 6.0.1; Nexus 5X Build/MMB29P) AppleWebKit/537.36 (KHTML, like Gecko) Chrome/144.0.7559.132 Mobile Safari/537.36 (compatible; Googlebot/2.1; +http://www.google.com/bot.html)"
57.141.20.0 - - [03/Mar/2026:15:50:20 +0330] "GET /goods/1590487389.htm?path=/home/foofelco/public_html/wp-includes HTTP/2" 200 345244 "-" "meta-externalagent/1.1 (+https://developers.facebook.com/docs/sharing/webmasters/crawler)"
57.141.20.20 - - [03/Mar/2026:15:50:22 +0330] "GET /shopdetail/36326971?fileloc=/home/foofelco/public_html/readme.html&path=/home/foofelco/public_html HTTP/2" 200 21522 "-" "meta-externalagent/1.1 (+https://developers.facebook.com/docs/sharing/webmasters/crawler)"
57.141.20.26 - - [03/Mar/2026:15:50:23 +0330] "GET /shopdetail/22532471?fileloc=/home/foofelco/public_html/wp-trackback.php&path=/home/foofelco/public_html HTTP/2" 200 17443 "-" "meta-externalagent/1.1 (+https://developers.facebook.com/docs/sharing/webmasters/crawler)"
66.249.75.4 - - [03/Mar/2026:15:50:22 +0330] "GET /?o=floh91cbpbs2429_gkind14524014 HTTP/1.1" 200 31140 "-" "Mozilla/5.0 (Linux; Android 6.0.1; Nexus 5X Build/MMB29P) AppleWebKit/537.36 (KHTML, like Gecko) Chrome/144.0.7559.132 Mobile Safari/537.36 (compatible; Googlebot/2.1; +http://www.google.com/bot.html)"
57.141.20.21 - - [03/Mar/2026:15:50:23 +0330] "GET /goods/1590487389.htm?fileloc=/home/foofelco/public_html/wp-activate.php&path=/home/foofelco/public_html HTTP/2" 200 20246 "-" "meta-externalagent/1.1 (+https://developers.facebook.com/docs/sharing/webmasters/crawler)"
66.249.75.3 - - [03/Mar/2026:15:50:24 +0330] "GET /?o=fctt2ihbio970vq_gkind14524014 HTTP/1.1" 200 30861 "-" "Mozilla/5.0 (Linux; Android 6.0.1; Nexus 5X Build/MMB29P) AppleWebKit/537.36 (KHTML, like Gecko) Chrome/144.0.7559.132 Mobile Safari/537.36 (compatible; Googlebot/2.1; +http://www.google.com/bot.html)"
66.249.75.4 - - [03/Mar/2026:15:50:24 +0330] "GET /?o=e6fj0s38gc316pk_gkind14524022 HTTP/1.1" 200 31104 "-" "Mozilla/5.0 (Linux; Android 6.0.1; Nexus 5X Build/MMB29P) AppleWebKit/537.36 (KHTML, like Gecko) Chrome/144.0.7559.132 Mobile Safari/537.36 (compatible; Googlebot/2.1; +http://www.google.com/bot.html)"
66.249.75.6 - - [03/Mar/2026:15:50:25 +0330] "GET /?o=fsyqvzmbbtqc6o7_gkind14524022 HTTP/1.1" 200 31107 "-" "Mozilla/5.0 (Linux; Android 6.0.1; Nexus 5X Build/MMB29P) AppleWebKit/537.36 (KHTML, like Gecko) Chrome/144.0.7559.132 Mobile Safari/537.36 (compatible; Googlebot/2.1; +http://www.google.com/bot.html)"
57.141.20.39 - - [03/Mar/2026:15:50:26 +0330] "GET /shopdetail/201443871?fileloc=/home/foofelco/public_html/wp-activate.php&path=/home/foofelco/public_html HTTP/2" 200 20246 "-" "meta-externalagent/1.1 (+https://developers.facebook.com/docs/sharing/webmasters/crawler)"
57.141.20.46 - - [03/Mar/2026:15:50:20 +0330] "GET /goods/2596959228.htm?path=/home/foofelco/public_html/75f33 HTTP/2" 200 12794 "-" "meta-externalagent/1.1 (+https://developers.facebook.com/docs/sharing/webmasters/crawler)"
66.249.75.5 - - [03/Mar/2026:15:50:20 +0330] "GET /?o=fiob91cbpes2129_gkind14524022 HTTP/1.1" 200 31141 "-" "Mozilla/5.0 (Linux; Android 6.0.1; Nexus 5X Build/MMB29P) AppleWebKit/537.36 (KHTML, like Gecko) Chrome/144.0.7559.132 Mobile Safari/537.36 (compatible; Googlebot/2.1; +http://www.google.com/bot.html)"
74.7.227.54 - - [03/Mar/2026:15:50:21 +0330] "GET /xmlrpc.php?fileloc=//proc/self/root/proc/thread-self/root/proc/thread-self/root/proc/self/root/usr/bin/espdiff&path=//proc/self/root/proc/thread-self/root/proc/thread-self/root/proc/self/root/usr/bin HTTP/2" 200 3422 "https://foofel.co/xmlrpc.php?path=//proc/self/root/proc/thread-self/root/proc/thread-self/root/proc/self/root/usr/bin" "Mozilla/5.0 AppleWebKit/537.36 (KHTML, like Gecko; compatible; GPTBot/1.3; +https://openai.com/gptbot)"
57.141.20.32 - - [03/Mar/2026:15:50:21 +0330] "GET /goods/1590111833.htm?path=/home/foofelco/public_html/.well-known HTTP/2" 200 15755 "-" "meta-externalagent/1.1 (+https://developers.facebook.com/docs/sharing/webmasters/crawler)"
66.249.75.5 - - [03/Mar/2026:15:50:21 +0330] "GET /?o=eqos91cwplcanyt_gkind14524018 HTTP/1.1" 200 31140 "-" "Mozilla/5.0 (Linux; Android 6.0.1; Nexus 5X Build/MMB29P) AppleWebKit/537.36 (KHTML, like Gecko) Chrome/144.0.7559.132 Mobile Safari/537.36 (compatible; Googlebot/2.1; +http://www.google.com/bot.html)"
57.141.20.6 - - [03/Mar/2026:15:50:22 +0330] "GET /shopdetail/272606171?fileloc=/home/foofelco/public_html/wp-activate.php&path=/home/foofelco/public_html HTTP/2" 200 20246 "-" "meta-externalagent/1.1 (+https://developers.facebook.com/docs/sharing/webmasters/crawler)"
66.249.75.5 - - [03/Mar/2026:15:50:21 +0330] "GET /?o=fctt2ihbio970vq_gkind14524026 HTTP/1.1" 200 30862 "-" "Mozilla/5.0 (Linux; Android 6.0.1; Nexus 5X Build/MMB29P) AppleWebKit/537.36 (KHTML, like Gecko) Chrome/144.0.7559.132 Mobile Safari/537.36 (compatible; Googlebot/2.1; +http://www.google.com/bot.html)"
74.7.227.54 - - [03/Mar/2026:15:50:24 +0330] "GET /xmlrpc.php?fileloc=//proc/self/root/proc/thread-self/root/proc/thread-self/root/lib/systemd/systemd-pstore&path=//proc/self/root/proc/thread-self/root/proc/thread-self/root/lib/systemd HTTP/2" 200 2524 "https://foofel.co/xmlrpc.php?path=//proc/self/root/proc/thread-self/root/proc/thread-self/root/lib/systemd" "Mozilla/5.0 AppleWebKit/537.36 (KHTML, like Gecko; compatible; GPTBot/1.3; +https://openai.com/gptbot)"
57.141.20.23 - - [03/Mar/2026:15:50:24 +0330] "GET /shopdetail/291825971?fileloc=/home/foofelco/public_html/wp-comments-post.php&path=/home/foofelco/public_html HTTP/2" 200 14756 "-" "meta-externalagent/1.1 (+https://developers.facebook.com/docs/sharing/webmasters/crawler)"
57.141.20.31 - - [03/Mar/2026:15:50:24 +0330] "GET /shopdetail/183282871?path=/home/foofelco/public_html/wp-includes HTTP/2" 200 345244 "-" "meta-externalagent/1.1 (+https://developers.facebook.com/docs/sharing/webmasters/crawler)"
57.141.20.31 - - [03/Mar/2026:15:50:25 +0330] "GET /shopdetail/166713771?fileloc=/home/foofelco/public_html/wp-links-opml.php&path=/home/foofelco/public_html HTTP/2" 200 15147 "-" "meta-externalagent/1.1 (+https://developers.facebook.com/docs/sharing/webmasters/crawler)"
57.141.20.5 - - [03/Mar/2026:15:50:25 +0330] "GET /shopdetail/158373671?path=/home/foofelco/public_html/images HTTP/2" 200 17209 "-" "meta-externalagent/1.1 (+https://developers.facebook.com/docs/sharing/webmasters/crawler)"
66.249.75.5 - - [03/Mar/2026:15:50:25 +0330] "GET /?o=fiydvzmbbvqcwo7_gkind14524026 HTTP/1.1" 200 30878 "-" "Mozilla/5.0 (Linux; Android 6.0.1; Nexus 5X Build/MMB29P) AppleWebKit/537.36 (KHTML, like Gecko) Chrome/144.0.7559.132 Mobile Safari/537.36 (compatible; Googlebot/2.1; +http://www.google.com/bot.html)"
74.7.227.54 - - [03/Mar/2026:15:50:27 +0330] "GET /xmlrpc.php?fileloc=//proc/self/root/proc/thread-self/root/proc/self/root/proc/thread-self/root/bin/slabtop&path=//proc/self/root/proc/thread-self/root/proc/self/root/proc/thread-self/root/bin HTTP/2" 200 2529 "https://foofel.co/xmlrpc.php?path=//proc/self/root/proc/thread-self/root/proc/self/root/proc/thread-self/root/bin" "Mozilla/5.0 AppleWebKit/537.36 (KHTML, like Gecko; compatible; GPTBot/1.3; +https://openai.com/gptbot)"
57.141.20.47 - - [03/Mar/2026:15:50:27 +0330] "GET /goods/60042008430.shtm?path=/home/foofelco/public_html/.tmb HTTP/2" 200 14282 "-" "meta-externalagent/1.1 (+https://developers.facebook.com/docs/sharing/webmasters/crawler)"
66.249.75.3 - - [03/Mar/2026:15:50:28 +0330] "GET /?f=146010255 HTTP/1.1" 200 31237 "-" "Mozilla/5.0 (Linux; Android 6.0.1; Nexus 5X Build/MMB29P) AppleWebKit/537.36 (KHTML, like Gecko) Chrome/144.0.7559.132 Mobile Safari/537.36 (compatible; Googlebot/2.1; +http://www.google.com/bot.html)"
66.249.75.5 - - [03/Mar/2026:15:50:29 +0330] "GET /?o=fx3kogrb437h7ho_gkind14523994 HTTP/1.1" 200 30634 "-" "Mozilla/5.0 (Linux; Android 6.0.1; Nexus 5X Build/MMB29P) AppleWebKit/537.36 (KHTML, like Gecko) Chrome/144.0.7559.132 Mobile Safari/537.36 (compatible; Googlebot/2.1; +http://www.google.com/bot.html)"
57.141.20.54 - - [03/Mar/2026:15:50:29 +0330] "GET /shopdetail/7745271?fileloc=/home/foofelco/public_html/wp-config.php&path=/home/foofelco/public_html HTTP/2" 200 15595 "-" "meta-externalagent/1.1 (+https://developers.facebook.com/docs/sharing/webmasters/crawler)"
74.7.227.54 - - [03/Mar/2026:15:50:30 +0330] "GET /xmlrpc.php?fileloc=//proc/self/root/proc/thread-self/root/proc/thread-self/root/proc/self/root/usr/include/autosprintf.h&path=//proc/self/root/proc/thread-self/root/proc/thread-self/root/proc/self/root/usr/include HTTP/2" 200 3630 "https://foofel.co/xmlrpc.php?path=//proc/self/root/proc/thread-self/root/proc/thread-self/root/proc/self/root/usr/include" "Mozilla/5.0 AppleWebKit/537.36 (KHTML, like Gecko; compatible; GPTBot/1.3; +https://openai.com/gptbot)"
57.141.20.4 - - [03/Mar/2026:15:50:30 +0330] "GET /shopdetail/158373671?path=/home/foofelco/public_html/.tmb HTTP/2" 200 14282 "-" "meta-externalagent/1.1 (+https://developers.facebook.com/docs/sharing/webmasters/crawler)"
66.249.75.7 - - [03/Mar/2026:15:50:29 +0330] "GET /?o=f9vmswjb8pn9tl4 HTTP/1.1" 200 31206 "-" "Mozilla/5.0 (Linux; Android 6.0.1; Nexus 5X Build/MMB29P) AppleWebKit/537.36 (KHTML, like Gecko) Chrome/144.0.7559.132 Mobile Safari/537.36 (compatible; Googlebot/2.1; +http://www.google.com/bot.html)"
66.249.75.3 - - [03/Mar/2026:15:50:30 +0330] "GET /?o=fhdlae1bqs5rm3m_gkind14523982 HTTP/1.1" 200 30913 "-" "Mozilla/5.0 (Linux; Android 6.0.1; Nexus 5X Build/MMB29P) AppleWebKit/537.36 (KHTML, like Gecko) Chrome/144.0.7559.132 Mobile Safari/537.36 (compatible; Googlebot/2.1; +http://www.google.com/bot.html)"
57.141.20.55 - - [03/Mar/2026:15:50:30 +0330] "GET /shopdetail/161166171?fileloc=/home/foofelco/public_html/wp-trackback.php&path=/home/foofelco/public_html HTTP/2" 200 17443 "-" "meta-externalagent/1.1 (+https://developers.facebook.com/docs/sharing/webmasters/crawler)"
57.141.20.57 - - [03/Mar/2026:15:50:31 +0330] "GET /shopdetail/21323771?fileloc=/home/foofelco/public_html/index.php&path=/home/foofelco/public_html HTTP/2" 200 34464 "-" "meta-externalagent/1.1 (+https://developers.facebook.com/docs/sharing/webmasters/crawler)"
66.249.75.7 - - [03/Mar/2026:15:50:31 +0330] "GET /?o=f31wy2pbettfbra_gkind14524014 HTTP/1.1" 200 31064 "-" "Mozilla/5.0 (Linux; Android 6.0.1; Nexus 5X Build/MMB29P) AppleWebKit/537.36 (KHTML, like Gecko) Chrome/144.0.7559.132 Mobile Safari/537.36 (compatible; Googlebot/2.1; +http://www.google.com/bot.html)"
57.141.20.43 - - [03/Mar/2026:15:50:32 +0330] "GET /shopdetail/210138171?fileloc=/home/foofelco/public_html/wp-blog-header.php&path=/home/foofelco/public_html HTTP/2" 200 12868 "-" "meta-externalagent/1.1 (+https://developers.facebook.com/docs/sharing/webmasters/crawler)"
57.141.20.18 - - [03/Mar/2026:15:50:26 +0330] "GET /shopdetail/87912971?fileloc=/home/foofelco/public_html/wp-comments-post.php&path=/home/foofelco/public_html HTTP/2" 200 14756 "-" "meta-externalagent/1.1 (+https://developers.facebook.com/docs/sharing/webmasters/crawler)"
57.141.20.9 - - [03/Mar/2026:15:50:27 +0330] "GET /goods/2596959228.htm?fileloc=/home/foofelco/public_html/acxzqui.php&path=/home/foofelco/public_html HTTP/2" 200 12344 "-" "meta-externalagent/1.1 (+https://developers.facebook.com/docs/sharing/webmasters/crawler)"
66.249.75.4 - - [03/Mar/2026:15:50:26 +0330] "GET /?o=ff4h15sbh0witud HTTP/1.1" 200 31389 "-" "Mozilla/5.0 (Linux; Android 6.0.1; Nexus 5X Build/MMB29P) AppleWebKit/537.36 (KHTML, like Gecko) Chrome/144.0.7559.132 Mobile Safari/537.36 (compatible; Googlebot/2.1; +http://www.google.com/bot.html)"
57.141.20.7 - - [03/Mar/2026:15:50:27 +0330] "GET /shopdetail/272606171?fileloc=/home/foofelco/public_html/wp-comments-post.php&path=/home/foofelco/public_html HTTP/2" 200 14756 "-" "meta-externalagent/1.1 (+https://developers.facebook.com/docs/sharing/webmasters/crawler)"
66.249.75.6 - - [03/Mar/2026:15:50:27 +0330] "GET /?o=f6yfvzmbbjqcwo7 HTTP/1.1" 200 31085 "-" "Mozilla/5.0 (Linux; Android 6.0.1; Nexus 5X Build/MMB29P) AppleWebKit/537.36 (KHTML, like Gecko) Chrome/144.0.7559.132 Mobile Safari/537.36 (compatible; Googlebot/2.1; +http://www.google.com/bot.html)"
66.249.75.3 - - [03/Mar/2026:15:50:27 +0330] "GET /?o=efzj8onqo8n9el4 HTTP/1.1" 200 30986 "-" "Mozilla/5.0 (Linux; Android 6.0.1; Nexus 5X Build/MMB29P) AppleWebKit/537.36 (KHTML, like Gecko) Chrome/144.0.7559.132 Mobile Safari/537.36 (compatible; Googlebot/2.1; +http://www.google.com/bot.html)"
57.141.20.20 - - [03/Mar/2026:15:50:28 +0330] "GET /shopdetail/51315971?fileloc=/home/foofelco/public_html/wp-mail.php&path=/home/foofelco/public_html HTTP/2" 200 21087 "-" "meta-externalagent/1.1 (+https://developers.facebook.com/docs/sharing/webmasters/crawler)"
57.141.20.19 - - [03/Mar/2026:15:50:29 +0330] "GET /shopdetail/162264771?fileloc=/home/foofelco/public_html/options.php&path=/home/foofelco/public_html HTTP/2" 200 14836 "-" "meta-externalagent/1.1 (+https://developers.facebook.com/docs/sharing/webmasters/crawler)"
57.141.20.28 - - [03/Mar/2026:15:50:31 +0330] "GET /shopdetail/116885571?fileloc=/home/foofelco/public_html/xmlrpc.php&path=/home/foofelco/public_html HTTP/2" 200 15832 "-" "meta-externalagent/1.1 (+https://developers.facebook.com/docs/sharing/webmasters/crawler)"
66.249.75.3 - - [03/Mar/2026:15:50:31 +0330] "GET /?q=202035713 HTTP/1.1" 200 31192 "-" "Mozilla/5.0 (Linux; Android 6.0.1; Nexus 5X Build/MMB29P) AppleWebKit/537.36 (KHTML, like Gecko) Chrome/144.0.7559.132 Mobile Safari/537.36 (compatible; GoogleOther)"
57.141.20.16 - - [03/Mar/2026:15:50:33 +0330] "GET /shopdetail/144924571?fileloc=/home/foofelco/public_html/options.php&path=/home/foofelco/public_html HTTP/2" 200 14836 "-" "meta-externalagent/1.1 (+https://developers.facebook.com/docs/sharing/webmasters/crawler)"
57.141.20.50 - - [03/Mar/2026:15:50:34 +0330] "GET /shopdetail/158373671?fileloc=/home/foofelco/public_html/wp-load.php&path=/home/foofelco/public_html HTTP/2" 200 15938 "-" "meta-externalagent/1.1 (+https://developers.facebook.com/docs/sharing/webmasters/crawler)"
57.141.20.18 - - [03/Mar/2026:15:50:35 +0330] "GET /shopdetail/267241671?path=/home/foofelco/public_html/75f33 HTTP/2" 200 12794 "-" "meta-externalagent/1.1 (+https://developers.facebook.com/docs/sharing/webmasters/crawler)"
66.249.75.4 - - [03/Mar/2026:15:50:34 +0330] "GET /?o=fhdlae1bqs5rm3m_gkind14524022 HTTP/1.1" 200 30913 "-" "Mozilla/5.0 (Linux; Android 6.0.1; Nexus 5X Build/MMB29P) AppleWebKit/537.36 (KHTML, like Gecko) Chrome/144.0.7559.132 Mobile Safari/537.36 (compatible; Googlebot/2.1; +http://www.google.com/bot.html)"
57.141.20.53 - - [03/Mar/2026:15:50:35 +0330] "GET /shopdetail/203465171?path=/ HTTP/2" 200 35497 "-" "meta-externalagent/1.1 (+https://developers.facebook.com/docs/sharing/webmasters/crawler)"
57.141.20.31 - - [03/Mar/2026:15:50:32 +0330] "GET /goods/60042008430.shtm?fileloc=/home/foofelco/public_html/readme.html&path=/home/foofelco/public_html HTTP/2" 200 21522 "-" "meta-externalagent/1.1 (+https://developers.facebook.com/docs/sharing/webmasters/crawler)"
66.249.75.3 - - [03/Mar/2026:15:50:32 +0330] "GET /?o=f31wy2pbettfbra_gkind14524022 HTTP/1.1" 200 31064 "-" "Mozilla/5.0 (Linux; Android 6.0.1; Nexus 5X Build/MMB29P) AppleWebKit/537.36 (KHTML, like Gecko) Chrome/144.0.7559.132 Mobile Safari/537.36 (compatible; Googlebot/2.1; +http://www.google.com/bot.html)"
74.7.227.54 - - [03/Mar/2026:15:50:33 +0330] "GET /xmlrpc.php?fileloc=//proc/self/root/proc/thread-self/root/proc/thread-self/root/proc/self/root/etc/pam.d/runuser&path=//proc/self/root/proc/thread-self/root/proc/thread-self/root/proc/self/root/etc/pam.d HTTP/2" 200 2621 "https://foofel.co/xmlrpc.php?path=//proc/self/root/proc/thread-self/root/proc/thread-self/root/proc/self/root/etc/pam.d" "Mozilla/5.0 AppleWebKit/537.36 (KHTML, like Gecko; compatible; GPTBot/1.3; +https://openai.com/gptbot)"
57.141.20.34 - - [03/Mar/2026:15:50:33 +0330] "GET /shopdetail/201443871?fileloc=/home/foofelco/public_html/xmlrpc.php&path=/home/foofelco/public_html HTTP/2" 200 15832 "-" "meta-externalagent/1.1 (+https://developers.facebook.com/docs/sharing/webmasters/crawler)"
66.249.75.7 - - [03/Mar/2026:15:50:33 +0330] "GET /?o=ekof91c4plca7yt_gkind14524006 HTTP/1.1" 200 31140 "-" "Mozilla/5.0 (Linux; Android 6.0.1; Nexus 5X Build/MMB29P) AppleWebKit/537.36 (KHTML, like Gecko) Chrome/144.0.7559.132 Mobile Safari/537.36 (compatible; Googlebot/2.1; +http://www.google.com/bot.html)"
57.141.20.28 - - [03/Mar/2026:15:50:33 +0330] "GET /shopdetail/51315971?path=/home/foofelco/public_html/images HTTP/2" 200 17209 "-" "meta-externalagent/1.1 (+https://developers.facebook.com/docs/sharing/webmasters/crawler)"
66.249.75.4 - - [03/Mar/2026:15:50:33 +0330] "GET /?y=099006082 HTTP/1.1" 200 30426 "-" "Mozilla/5.0 (Linux; Android 6.0.1; Nexus 5X Build/MMB29P) AppleWebKit/537.36 (KHTML, like Gecko) Chrome/144.0.7559.132 Mobile Safari/537.36 (compatible; Googlebot/2.1; +http://www.google.com/bot.html)"
66.249.75.7 - - [03/Mar/2026:15:50:34 +0330] "GET /?o=fj2mbrqbryigd4z_gkind14524018 HTTP/1.1" 200 30862 "-" "Mozilla/5.0 (Linux; Android 6.0.1; Nexus 5X Build/MMB29P) AppleWebKit/537.36 (KHTML, like Gecko) Chrome/144.0.7559.132 Mobile Safari/537.36 (compatible; Googlebot/2.1; +http://www.google.com/bot.html)"
74.7.227.54 - - [03/Mar/2026:15:50:36 +0330] "GET /xmlrpc.php?fileloc=//proc/self/root/proc/thread-self/root/proc/thread-self/root/proc/self/root/bin/mysqlshow&path=//proc/self/root/proc/thread-self/root/proc/thread-self/root/proc/self/root/bin HTTP/2" 200 2530 "https://foofel.co/xmlrpc.php?path=//proc/self/root/proc/thread-self/root/proc/thread-self/root/proc/self/root/bin" "Mozilla/5.0 AppleWebKit/537.36 (KHTML, like Gecko; compatible; GPTBot/1.3; +https://openai.com/gptbot)"
57.141.20.58 - - [03/Mar/2026:15:50:36 +0330] "GET /goods/1590487389.htm?path=/home/foofelco/public_html/.well-known HTTP/2" 200 15755 "-" "meta-externalagent/1.1 (+https://developers.facebook.com/docs/sharing/webmasters/crawler)"
66.249.75.4 - - [03/Mar/2026:15:50:36 +0330] "GET /?o=exkft98e9t8uz6p HTTP/1.1" 200 30984 "-" "Mozilla/5.0 (Linux; Android 6.0.1; Nexus 5X Build/MMB29P) AppleWebKit/537.36 (KHTML, like Gecko) Chrome/144.0.7559.132 Mobile Safari/537.36 (compatible; Googlebot/2.1; +http://www.google.com/bot.html)"
57.141.20.15 - - [03/Mar/2026:15:50:36 +0330] "GET /shopdetail/273561171?path=/home/foofelco/public_html/wp-includes HTTP/2" 200 345244 "-" "meta-externalagent/1.1 (+https://developers.facebook.com/docs/sharing/webmasters/crawler)"
57.141.20.27 - - [03/Mar/2026:15:50:37 +0330] "GET /shopdetail/133279071?fileloc=/home/foofelco/public_html/.htaccess&path=/home/foofelco/public_html HTTP/2" 200 14420 "-" "meta-externalagent/1.1 (+https://developers.facebook.com/docs/sharing/webmasters/crawler)"
66.249.75.3 - - [03/Mar/2026:15:50:37 +0330] "GET /?o=fiydvzmbbvqcwo7_gkind14524010 HTTP/1.1" 200 30877 "-" "Mozilla/5.0 (Linux; Android 6.0.1; Nexus 5X Build/MMB29P) AppleWebKit/537.36 (KHTML, like Gecko) Chrome/144.0.7559.132 Mobile Safari/537.36 (compatible; Googlebot/2.1; +http://www.google.com/bot.html)"
57.141.20.19 - - [03/Mar/2026:15:50:38 +0330] "GET /shopdetail/7745271?fileloc=/home/foofelco/public_html/wp-links-opml.php&path=/home/foofelco/public_html HTTP/2" 200 15147 "-" "meta-externalagent/1.1 (+https://developers.facebook.com/docs/sharing/webmasters/crawler)"
66.249.75.6 - - [03/Mar/2026:15:50:38 +0330] "GET /?o=fnov91cbpts2i29_gkind14524030 HTTP/1.1" 200 31142 "-" "Mozilla/5.0 (Linux; Android 6.0.1; Nexus 5X Build/MMB29P) AppleWebKit/537.36 (KHTML, like Gecko) Chrome/144.0.7559.132 Mobile Safari/537.36 (compatible; Googlebot/2.1; +http://www.google.com/bot.html)"
66.249.75.7 - - [03/Mar/2026:15:50:38 +0330] "GET /?o=ervsswjw8gjtgt0 HTTP/1.1" 200 30987 "-" "Mozilla/5.0 (Linux; Android 6.0.1; Nexus 5X Build/MMB29P) AppleWebKit/537.36 (KHTML, like Gecko) Chrome/144.0.7559.132 Mobile Safari/537.36 (compatible; Googlebot/2.1; +http://www.google.com/bot.html)"
74.7.227.54 - - [03/Mar/2026:15:50:39 +0330] "GET /xmlrpc.php?fileloc=//proc/self/root/proc/thread-self/root/proc/thread-self/root/proc/self/root/usr/bin/git-upload-pack&path=//proc/self/root/proc/thread-self/root/proc/thread-self/root/proc/self/root/usr/bin HTTP/2" 200 2542 "https://foofel.co/xmlrpc.php?path=//proc/self/root/proc/thread-self/root/proc/thread-self/root/proc/self/root/usr/bin" "Mozilla/5.0 AppleWebKit/537.36 (KHTML, like Gecko; compatible; GPTBot/1.3; +https://openai.com/gptbot)"
57.141.20.16 - - [03/Mar/2026:15:50:39 +0330] "GET /shopdetail/27213571?fileloc=/home/foofelco/public_html/wp-signup.php&path=/home/foofelco/public_html HTTP/2" 200 46577 "-" "meta-externalagent/1.1 (+https://developers.facebook.com/docs/sharing/webmasters/crawler)"
57.141.20.33 - - [03/Mar/2026:15:50:39 +0330] "GET /shopdetail/65771871?path=/home/foofelco/public_html/wp-includes HTTP/2" 200 345244 "-" "meta-externalagent/1.1 (+https://developers.facebook.com/docs/sharing/webmasters/crawler)"
66.249.75.5 - - [03/Mar/2026:15:50:40 +0330] "GET /?j=229021344 HTTP/1.1" 200 30963 "-" "Mozilla/5.0 (Linux; Android 6.0.1; Nexus 5X Build/MMB29P) AppleWebKit/537.36 (KHTML, like Gecko) Chrome/144.0.7559.132 Mobile Safari/537.36 (compatible; GoogleOther)"
66.249.75.6 - - [03/Mar/2026:15:50:40 +0330] "GET /?o=em4l15s7hps2m29_gkind14524022 HTTP/1.1" 200 31411 "-" "Mozilla/5.0 (Linux; Android 6.0.1; Nexus 5X Build/MMB29P) AppleWebKit/537.36 (KHTML, like Gecko) Chrome/144.0.7559.132 Mobile Safari/537.36 (compatible; Googlebot/2.1; +http://www.google.com/bot.html)"
57.141.20.35 - - [03/Mar/2026:15:50:40 +0330] "GET /shopdetail/289588471?fileloc=/home/foofelco/public_html/readme.html&path=/home/foofelco/public_html HTTP/2" 200 21522 "-" "meta-externalagent/1.1 (+https://developers.facebook.com/docs/sharing/webmasters/crawler)"
66.249.75.3 - - [03/Mar/2026:15:50:41 +0330] "GET /?o=eqos91cwplcanyt_gkind14524026 HTTP/1.1" 200 31143 "-" "Mozilla/5.0 (Linux; Android 6.0.1; Nexus 5X Build/MMB29P) AppleWebKit/537.36 (KHTML, like Gecko) Chrome/144.0.7559.132 Mobile Safari/537.36 (compatible; Googlebot/2.1; +http://www.google.com/bot.html)"
66.249.75.7 - - [03/Mar/2026:15:50:41 +0330] "GET /?o=eu4i15s8hps2729_gkind14524026 HTTP/1.1" 200 31411 "-" "Mozilla/5.0 (Linux; Android 6.0.1; Nexus 5X Build/MMB29P) AppleWebKit/537.36 (KHTML, like Gecko) Chrome/144.0.7559.132 Mobile Safari/537.36 (compatible; Googlebot/2.1; +http://www.google.com/bot.html)"
57.141.20.12 - - [03/Mar/2026:15:50:42 +0330] "GET /shopdetail/93265671?fileloc=/home/foofelco/public_html/wp-blog-header.php&path=/home/foofelco/public_html HTTP/2" 200 12868 "-" "meta-externalagent/1.1 (+https://developers.facebook.com/docs/sharing/webmasters/crawler)"
66.249.75.4 - - [03/Mar/2026:15:50:35 +0330] "GET /?o=ekof91c4plca7yt_gkind14524030 HTTP/1.1" 200 31142 "-" "Mozilla/5.0 (Linux; Android 6.0.1; Nexus 5X Build/MMB29P) AppleWebKit/537.36 (KHTML, like Gecko) Chrome/144.0.7559.132 Mobile Safari/537.36 (compatible; Googlebot/2.1; +http://www.google.com/bot.html)"
57.141.20.32 - - [03/Mar/2026:15:50:37 +0330] "GET /shopdetail/264033871?fileloc=/home/foofelco/public_html/robots.txt&path=/home/foofelco/public_html HTTP/2" 200 12423 "-" "meta-externalagent/1.1 (+https://developers.facebook.com/docs/sharing/webmasters/crawler)"
57.141.20.31 - - [03/Mar/2026:15:50:38 +0330] "GET /shopdetail/7745271?fileloc=/home/foofelco/public_html/wp-trackback.php&path=/home/foofelco/public_html HTTP/2" 200 17443 "-" "meta-externalagent/1.1 (+https://developers.facebook.com/docs/sharing/webmasters/crawler)"
66.249.75.1 - - [03/Mar/2026:15:50:37 +0330] "GET /?o=fpzh8onbosfd41w HTTP/1.1" 200 30986 "-" "Mozilla/5.0 (Linux; Android 6.0.1; Nexus 5X Build/MMB29P) AppleWebKit/537.36 (KHTML, like Gecko) Chrome/144.0.7559.132 Mobile Safari/537.36 (compatible; Googlebot/2.1; +http://www.google.com/bot.html)"
57.141.20.56 - - [03/Mar/2026:15:50:38 +0330] "GET /shopdetail/201443871?fileloc=/home/foofelco/public_html/wp-settings.php&path=/home/foofelco/public_html HTTP/2" 200 31798 "-" "meta-externalagent/1.1 (+https://developers.facebook.com/docs/sharing/webmasters/crawler)"
57.141.20.50 - - [03/Mar/2026:15:50:40 +0330] "GET /shopdetail/116885571?path=/home/foofelco/public_html/wp-content HTTP/2" 200 31300 "-" "meta-externalagent/1.1 (+https://developers.facebook.com/docs/sharing/webmasters/crawler)"
57.141.20.32 - - [03/Mar/2026:15:50:41 +0330] "GET /shopdetail/78769771?fileloc=/home/foofelco/public_html/xmlrpc.php&path=/home/foofelco/public_html HTTP/2" 200 15832 "-" "meta-externalagent/1.1 (+https://developers.facebook.com/docs/sharing/webmasters/crawler)"
66.249.75.6 - - [03/Mar/2026:15:50:42 +0330] "GET /?o=fx0vldob104epel_gkind14524022 HTTP/1.1" 200 3793 "-" "Mozilla/5.0 (Linux; Android 6.0.1; Nexus 5X Build/MMB29P) AppleWebKit/537.36 (KHTML, like Gecko) Chrome/144.0.7559.132 Mobile Safari/537.36 (compatible; Googlebot/2.1; +http://www.google.com/bot.html)"
57.141.20.52 - - [03/Mar/2026:15:50:43 +0330] "GET /goods/1590487389.htm?fileloc=/home/foofelco/public_html/license.txt&path=/home/foofelco/public_html HTTP/2" 200 32363 "-" "meta-externalagent/1.1 (+https://developers.facebook.com/docs/sharing/webmasters/crawler)"
57.141.20.15 - - [03/Mar/2026:15:50:43 +0330] "GET /shopdetail/7745271?path=/ HTTP/2" 200 35497 "-" "meta-externalagent/1.1 (+https://developers.facebook.com/docs/sharing/webmasters/crawler)"
66.249.75.4 - - [03/Mar/2026:15:50:43 +0330] "GET /?o=f7ntwcbbcq31mpk_gkind14524026 HTTP/1.1" 200 30876 "-" "Mozilla/5.0 (Linux; Android 6.0.1; Nexus 5X Build/MMB29P) AppleWebKit/537.36 (KHTML, like Gecko) Chrome/144.0.7559.132 Mobile Safari/537.36 (compatible; Googlebot/2.1; +http://www.google.com/bot.html)"
57.141.20.1 - - [03/Mar/2026:15:50:44 +0330] "GET /shopdetail/36326971?fileloc=/home/foofelco/public_html/xmlrpc.php&path=/home/foofelco/public_html HTTP/2" 200 15832 "-" "meta-externalagent/1.1 (+https://developers.facebook.com/docs/sharing/webmasters/crawler)"
66.249.75.4 - - [03/Mar/2026:15:50:45 +0330] "GET /?o=f0vjswjb87n9tl4 HTTP/1.1" 200 3793 "-" "Mozilla/5.0 (Linux; Android 6.0.1; Nexus 5X Build/MMB29P) AppleWebKit/537.36 (KHTML, like Gecko) Chrome/144.0.7559.132 Mobile Safari/537.36 (compatible; Googlebot/2.1; +http://www.google.com/bot.html)"
66.249.75.6 - - [03/Mar/2026:15:50:45 +0330] "GET /?o=f8ft0s3bghjtrt0 HTTP/1.1" 200 30986 "-" "Mozilla/5.0 (Linux; Android 6.0.1; Nexus 5X Build/MMB29P) AppleWebKit/537.36 (KHTML, like Gecko) Chrome/144.0.7559.132 Mobile Safari/537.36 (compatible; Googlebot/2.1; +http://www.google.com/bot.html)"
74.7.227.54 - - [03/Mar/2026:15:50:42 +0330] "GET /xmlrpc.php?fileloc=//proc/self/root/proc/thread-self/root/proc/thread-self/root/proc/self/root/lib/tmpfiles.d/tmp.conf&path=//proc/self/root/proc/thread-self/root/proc/thread-self/root/proc/self/root/lib/tmpfiles.d HTTP/2" 200 2919 "https://foofel.co/xmlrpc.php?path=//proc/self/root/proc/thread-self/root/proc/thread-self/root/proc/self/root/lib/tmpfiles.d" "Mozilla/5.0 AppleWebKit/537.36 (KHTML, like Gecko; compatible; GPTBot/1.3; +https://openai.com/gptbot)"
57.141.20.6 - - [03/Mar/2026:15:50:42 +0330] "GET /shopdetail/272606171?path=/home HTTP/2" 200 13940 "-" "meta-externalagent/1.1 (+https://developers.facebook.com/docs/sharing/webmasters/crawler)"
66.249.75.6 - - [03/Mar/2026:15:50:42 +0330] "GET /?w=277016074 HTTP/1.1" 200 29696 "-" "Mozilla/5.0 (Linux; Android 6.0.1; Nexus 5X Build/MMB29P) AppleWebKit/537.36 (KHTML, like Gecko) Chrome/144.0.7559.132 Mobile Safari/537.36 (compatible; Googlebot/2.1; +http://www.google.com/bot.html)"
57.141.20.3 - - [03/Mar/2026:15:50:42 +0330] "GET /goods/1590487389.htm?fileloc=/home/foofelco/public_html/.htaccess&path=/home/foofelco/public_html HTTP/2" 200 14420 "-" "meta-externalagent/1.1 (+https://developers.facebook.com/docs/sharing/webmasters/crawler)"
66.249.75.7 - - [03/Mar/2026:15:50:43 +0330] "GET /?o=fklc6y9bmmpzuz6_gkind14523990 HTTP/1.1" 200 31107 "-" "Mozilla/5.0 (Linux; Android 6.0.1; Nexus 5X Build/MMB29P) AppleWebKit/537.36 (KHTML, like Gecko) Chrome/144.0.7559.132 Mobile Safari/537.36 (compatible; Googlebot/2.1; +http://www.google.com/bot.html)"
57.141.20.21 - - [03/Mar/2026:15:50:44 +0330] "GET /shopdetail/288225871?fileloc=/home/foofelco/public_html/wp-comments-post.php&path=/home/foofelco/public_html HTTP/2" 200 14756 "-" "meta-externalagent/1.1 (+https://developers.facebook.com/docs/sharing/webmasters/crawler)"
57.141.20.36 - - [03/Mar/2026:15:50:45 +0330] "GET /shopdetail/273561171?fileloc=/home/foofelco/public_html/xmlrpc.php&path=/home/foofelco/public_html HTTP/2" 200 15832 "-" "meta-externalagent/1.1 (+https://developers.facebook.com/docs/sharing/webmasters/crawler)"
74.7.227.54 - - [03/Mar/2026:15:50:46 +0330] "GET /xmlrpc.php?fileloc=//proc/self/root/proc/thread-self/root/proc/self/root/proc/thread-self/root/bin/podchecker&path=//proc/self/root/proc/thread-self/root/proc/self/root/proc/thread-self/root/bin HTTP/2" 200 4201 "https://foofel.co/xmlrpc.php?path=//proc/self/root/proc/thread-self/root/proc/self/root/proc/thread-self/root/bin" "Mozilla/5.0 AppleWebKit/537.36 (KHTML, like Gecko; compatible; GPTBot/1.3; +https://openai.com/gptbot)"
57.141.20.15 - - [03/Mar/2026:15:50:46 +0330] "GET /shopdetail/273561171?fileloc=/home/foofelco/public_html/options.php&path=/home/foofelco/public_html HTTP/2" 200 14836 "-" "meta-externalagent/1.1 (+https://developers.facebook.com/docs/sharing/webmasters/crawler)"
57.141.20.0 - - [03/Mar/2026:15:50:46 +0330] "GET /goods/25961094825.htm?fileloc=/home/foofelco/public_html/wp-load.php&path=/home/foofelco/public_html HTTP/2" 200 15938 "-" "meta-externalagent/1.1 (+https://developers.facebook.com/docs/sharing/webmasters/crawler)"
66.249.75.3 - - [03/Mar/2026:15:50:47 +0330] "GET /?o=ekof91c4plca7yt_gkind14524014 HTTP/1.1" 200 31140 "-" "Mozilla/5.0 (Linux; Android 6.0.1; Nexus 5X Build/MMB29P) AppleWebKit/537.36 (KHTML, like Gecko) Chrome/144.0.7559.132 Mobile Safari/537.36 (compatible; Googlebot/2.1; +http://www.google.com/bot.html)"
57.141.20.57 - - [03/Mar/2026:15:50:48 +0330] "GET /shopdetail/201443871?fileloc=/home/foofelco/public_html/license.txt&path=/home/foofelco/public_html HTTP/2" 200 32363 "-" "meta-externalagent/1.1 (+https://developers.facebook.com/docs/sharing/webmasters/crawler)"
74.7.227.54 - - [03/Mar/2026:15:50:49 +0330] "GET /xmlrpc.php?fileloc=//proc/self/root/proc/thread-self/root/proc/thread-self/root/proc/self/root/bin/gpic&path=//proc/self/root/proc/thread-self/root/proc/thread-self/root/proc/self/root/bin HTTP/2" 200 2526 "https://foofel.co/xmlrpc.php?path=//proc/self/root/proc/thread-self/root/proc/thread-self/root/proc/self/root/bin" "Mozilla/5.0 AppleWebKit/537.36 (KHTML, like Gecko; compatible; GPTBot/1.3; +https://openai.com/gptbot)"
66.249.75.3 - - [03/Mar/2026:15:50:48 +0330] "GET /?x=018017975 HTTP/1.1" 200 30368 "-" "Mozilla/5.0 (Linux; Android 6.0.1; Nexus 5X Build/MMB29P) AppleWebKit/537.36 (KHTML, like Gecko) Chrome/144.0.7559.132 Mobile Safari/537.36 (compatible; Googlebot/2.1; +http://www.google.com/bot.html)"
57.141.20.28 - - [03/Mar/2026:15:50:49 +0330] "GET /goods/1590465402.htm?path=/home/foofelco/public_html/.well-known HTTP/2" 200 15755 "-" "meta-externalagent/1.1 (+https://developers.facebook.com/docs/sharing/webmasters/crawler)"
57.141.20.31 - - [03/Mar/2026:15:50:49 +0330] "GET /goods/60042008430.shtm?fileloc=/home/foofelco/public_html/wp-mail.php&path=/home/foofelco/public_html HTTP/2" 200 21087 "-" "meta-externalagent/1.1 (+https://developers.facebook.com/docs/sharing/webmasters/crawler)"
66.249.75.2 - - [03/Mar/2026:15:50:50 +0330] "GET /?o=fk2ubrqbrmigz4z HTTP/1.1" 200 30840 "-" "Mozilla/5.0 (Linux; Android 6.0.1; Nexus 5X Build/MMB29P) AppleWebKit/537.36 (KHTML, like Gecko) Chrome/144.0.7559.132 Mobile Safari/537.36 (compatible; Googlebot/2.1; +http://www.google.com/bot.html)"
66.249.75.1 - - [03/Mar/2026:15:50:50 +0330] "GET /?o=fir0c4fbsxv5v5c_gkind14523986 HTTP/1.1" 200 3793 "-" "Mozilla/5.0 (Linux; Android 6.0.1; Nexus 5X Build/MMB29P) AppleWebKit/537.36 (KHTML, like Gecko) Chrome/144.0.7559.132 Mobile Safari/537.36 (compatible; Googlebot/2.1; +http://www.google.com/bot.html)"
57.141.20.31 - - [03/Mar/2026:15:50:51 +0330] "GET /shopdetail/161166171?path=/home/foofelco/public_html/wp-content HTTP/2" 200 31300 "-" "meta-externalagent/1.1 (+https://developers.facebook.com/docs/sharing/webmasters/crawler)"
57.141.20.35 - - [03/Mar/2026:15:50:51 +0330] "GET /shopdetail/161166171?path=/home/foofelco HTTP/2" 200 52261 "-" "meta-externalagent/1.1 (+https://developers.facebook.com/docs/sharing/webmasters/crawler)"
57.141.20.43 - - [03/Mar/2026:15:50:51 +0330] "GET /goods/60042008430.shtm?fileloc=/home/foofelco/public_html/.htaccess&path=/home/foofelco/public_html HTTP/2" 200 14420 "-" "meta-externalagent/1.1 (+https://developers.facebook.com/docs/sharing/webmasters/crawler)"
74.7.227.54 - - [03/Mar/2026:15:50:52 +0330] "GET /xmlrpc.php?fileloc=//proc/self/root/proc/thread-self/root/proc/self/root/proc/self/root/bin/mariadb-dump&path=//proc/self/root/proc/thread-self/root/proc/self/root/proc/self/root/bin HTTP/2" 200 2534 "https://foofel.co/xmlrpc.php?path=//proc/self/root/proc/thread-self/root/proc/self/root/proc/self/root/bin" "Mozilla/5.0 AppleWebKit/537.36 (KHTML, like Gecko; compatible; GPTBot/1.3; +https://openai.com/gptbot)"
66.249.75.7 - - [03/Mar/2026:15:50:51 +0330] "GET /?o=em4l15s7hps2m29_gkind14524002 HTTP/1.1" 200 31411 "-" "Mozilla/5.0 (Linux; Android 6.0.1; Nexus 5X Build/MMB29P) AppleWebKit/537.36 (KHTML, like Gecko) Chrome/144.0.7559.132 Mobile Safari/537.36 (compatible; Googlebot/2.1; +http://www.google.com/bot.html)"
66.249.75.6 - - [03/Mar/2026:15:50:52 +0330] "GET /?o=fwlg6y9bmzpzfz6_gkind14524018 HTTP/1.1" 200 31107 "-" "Mozilla/5.0 (Linux; Android 6.0.1; Nexus 5X Build/MMB29P) AppleWebKit/537.36 (KHTML, like Gecko) Chrome/144.0.7559.132 Mobile Safari/537.36 (compatible; Googlebot/2.1; +http://www.google.com/bot.html)"
57.141.20.31 - - [03/Mar/2026:15:50:52 +0330] "GET /shopdetail/116885571?path=/home/foofelco/public_html HTTP/2" 200 49197 "-" "meta-externalagent/1.1 (+https://developers.facebook.com/docs/sharing/webmasters/crawler)"
66.249.75.8 - - [03/Mar/2026:15:50:46 +0330] "GET /?o=e6fj0s38gc316pk_gkind14524006 HTTP/1.1" 200 31105 "-" "Mozilla/5.0 (Linux; Android 6.0.1; Nexus 5X Build/MMB29P) AppleWebKit/537.36 (KHTML, like Gecko) Chrome/144.0.7559.132 Mobile Safari/537.36 (compatible; Googlebot/2.1; +http://www.google.com/bot.html)"
66.249.75.6 - - [03/Mar/2026:15:50:46 +0330] "GET /?o=f7dlae1bql5rr3m HTTP/1.1" 200 30851 "-" "Mozilla/5.0 (Linux; Android 6.0.1; Nexus 5X Build/MMB29P) AppleWebKit/537.36 (KHTML, like Gecko) Chrome/144.0.7559.132 Mobile Safari/537.36 (compatible; Googlebot/2.1; +http://www.google.com/bot.html)"
216.73.216.115 - - [03/Mar/2026:15:50:47 +0330] "GET /goods.php?fileloc=%2Fhome%2Ffoofelco%2Fpublic_html%2Findex.php&path=%2Fhome%2Ffoofelco%2Fpublic_html HTTP/2" 200 10713 "-" "Mozilla/5.0 AppleWebKit/537.36 (KHTML, like Gecko; compatible; ClaudeBot/1.0; +claudebot@anthropic.com)"
57.141.20.39 - - [03/Mar/2026:15:50:47 +0330] "GET /shopdetail/273561171?path=/ HTTP/2" 200 35497 "-" "meta-externalagent/1.1 (+https://developers.facebook.com/docs/sharing/webmasters/crawler)"
57.141.20.46 - - [03/Mar/2026:15:50:49 +0330] "GET /shopdetail/133279071?fileloc=/home/foofelco/public_html/wp-trackback.php&path=/home/foofelco/public_html HTTP/2" 200 17443 "-" "meta-externalagent/1.1 (+https://developers.facebook.com/docs/sharing/webmasters/crawler)"
66.249.75.4 - - [03/Mar/2026:15:50:49 +0330] "GET /?o=ftze8onbo2fd21w_gkind14524002 HTTP/1.1" 200 31008 "-" "Mozilla/5.0 (Linux; Android 6.0.1; Nexus 5X Build/MMB29P) AppleWebKit/537.36 (KHTML, like Gecko) Chrome/144.0.7559.132 Mobile Safari/537.36 (compatible; Googlebot/2.1; +http://www.google.com/bot.html)"
216.73.216.115 - - [03/Mar/2026:15:50:49 +0330] "GET /goods.php?fileloc=%2Fhome%2Ffoofelco%2Fpublic_html%2Fwp-config.php&path=%2Fhome%2Ffoofelco%2Fpublic_html HTTP/2" 200 4206 "-" "Mozilla/5.0 AppleWebKit/537.36 (KHTML, like Gecko; compatible; ClaudeBot/1.0; +claudebot@anthropic.com)"
57.141.20.53 - - [03/Mar/2026:15:50:50 +0330] "GET /shopdetail/293436671?path=/home/foofelco/public_html/.well-known HTTP/2" 200 15755 "-" "meta-externalagent/1.1 (+https://developers.facebook.com/docs/sharing/webmasters/crawler)"
66.249.75.4 - - [03/Mar/2026:15:50:51 +0330] "GET /?o=fr0rldob1v4egel HTTP/1.1" 200 3793 "-" "Mozilla/5.0 (Linux; Android 6.0.1; Nexus 5X Build/MMB29P) AppleWebKit/537.36 (KHTML, like Gecko) Chrome/144.0.7559.132 Mobile Safari/537.36 (compatible; Googlebot/2.1; +http://www.google.com/bot.html)"
66.249.75.4 - - [03/Mar/2026:15:50:53 +0330] "GET /?o=eqj7gk7rw47h1ho_gkind14524014 HTTP/1.1" 200 30875 "-" "Mozilla/5.0 (Linux; Android 6.0.1; Nexus 5X Build/MMB29P) AppleWebKit/537.36 (KHTML, like Gecko) Chrome/144.0.7559.132 Mobile Safari/537.36 (compatible; Googlebot/2.1; +http://www.google.com/bot.html)"
66.249.75.4 - - [03/Mar/2026:15:50:54 +0330] "GET /?o=f5qfzfebf864bsn_gkind14524022 HTTP/1.1" 200 30836 "-" "Mozilla/5.0 (Linux; Android 6.0.1; Nexus 5X Build/MMB29P) AppleWebKit/537.36 (KHTML, like Gecko) Chrome/144.0.7559.132 Mobile Safari/537.36 (compatible; Googlebot/2.1; +http://www.google.com/bot.html)"
57.141.20.31 - - [03/Mar/2026:15:50:54 +0330] "GET /shopdetail/89864671?path=/home/foofelco/public_html/wp-snapshots HTTP/2" 200 20198 "-" "meta-externalagent/1.1 (+https://developers.facebook.com/docs/sharing/webmasters/crawler)"
66.249.75.8 - - [03/Mar/2026:15:50:54 +0330] "GET /?o=fjkdt98b9d0ymmh HTTP/1.1" 200 30984 "-" "Mozilla/5.0 (Linux; Android 6.0.1; Nexus 5X Build/MMB29P) AppleWebKit/537.36 (KHTML, like Gecko) Chrome/144.0.7559.132 Mobile Safari/537.36 (compatible; Googlebot/2.1; +http://www.google.com/bot.html)"
66.249.75.4 - - [03/Mar/2026:15:50:55 +0330] "GET /?o=eybhk0zw0kzluxg_gkind14523998 HTTP/1.1" 200 3793 "-" "Mozilla/5.0 (Linux; Android 6.0.1; Nexus 5X Build/MMB29P) AppleWebKit/537.36 (KHTML, like Gecko) Chrome/144.0.7559.132 Mobile Safari/537.36 (compatible; Googlebot/2.1; +http://www.google.com/bot.html)"
57.141.20.32 - - [03/Mar/2026:15:50:52 +0330] "GET /shopdetail/244067471?path=/home/foofelco/public_html/wp-content HTTP/2" 200 31300 "-" "meta-externalagent/1.1 (+https://developers.facebook.com/docs/sharing/webmasters/crawler)"
66.249.75.3 - - [03/Mar/2026:15:50:52 +0330] "GET /?o=fyaq7bybnl2oi0j HTTP/1.1" 200 30853 "-" "Mozilla/5.0 (Linux; Android 6.0.1; Nexus 5X Build/MMB29P) AppleWebKit/537.36 (KHTML, like Gecko) Chrome/144.0.7559.132 Mobile Safari/537.36 (compatible; Googlebot/2.1; +http://www.google.com/bot.html)"
57.141.20.22 - - [03/Mar/2026:15:50:53 +0330] "GET /shopdetail/203465171?fileloc=/home/foofelco/public_html/license.txt&path=/home/foofelco/public_html HTTP/2" 200 32363 "-" "meta-externalagent/1.1 (+https://developers.facebook.com/docs/sharing/webmasters/crawler)"
57.141.20.17 - - [03/Mar/2026:15:50:54 +0330] "GET /shopdetail/116885571?fileloc=/home/foofelco/public_html/wp-signup.php&path=/home/foofelco/public_html HTTP/2" 200 46577 "-" "meta-externalagent/1.1 (+https://developers.facebook.com/docs/sharing/webmasters/crawler)"
57.141.20.21 - - [03/Mar/2026:15:50:54 +0330] "GET /goods/60042008430.shtm?fileloc=/home/foofelco/public_html/robots.txt&path=/home/foofelco/public_html HTTP/2" 200 12423 "-" "meta-externalagent/1.1 (+https://developers.facebook.com/docs/sharing/webmasters/crawler)"
74.7.227.54 - - [03/Mar/2026:15:50:55 +0330] "GET /xmlrpc.php?fileloc=//proc/self/root/proc/thread-self/root/proc/thread-self/root/proc/self/root/usr/bin/autoscan&path=//proc/self/root/proc/thread-self/root/proc/thread-self/root/proc/self/root/usr/bin HTTP/2" 200 8799 "https://foofel.co/xmlrpc.php?path=//proc/self/root/proc/thread-self/root/proc/thread-self/root/proc/self/root/usr/bin" "Mozilla/5.0 AppleWebKit/537.36 (KHTML, like Gecko; compatible; GPTBot/1.3; +https://openai.com/gptbot)"
57.141.20.17 - - [03/Mar/2026:15:50:56 +0330] "GET /shopdetail/282086871?path=/home/foofelco/public_html/wp-admin HTTP/2" 200 163474 "-" "meta-externalagent/1.1 (+https://developers.facebook.com/docs/sharing/webmasters/crawler)"
66.249.75.2 - - [03/Mar/2026:15:50:56 +0330] "GET /?o=fgdwae1bqz5rr3m HTTP/1.1" 200 30889 "-" "Mozilla/5.0 (Linux; Android 6.0.1; Nexus 5X Build/MMB29P) AppleWebKit/537.36 (KHTML, like Gecko) Chrome/144.0.7559.132 Mobile Safari/537.36 (compatible; Googlebot/2.1; +http://www.google.com/bot.html)"
57.141.20.52 - - [03/Mar/2026:15:50:57 +0330] "GET /shopdetail/161166171?fileloc=/home/foofelco/public_html/wp-config.php&path=/home/foofelco/public_html HTTP/2" 200 15595 "-" "meta-externalagent/1.1 (+https://developers.facebook.com/docs/sharing/webmasters/crawler)"
57.141.20.34 - - [03/Mar/2026:15:50:57 +0330] "GET /shopdetail/48999171?path=/home/foofelco/public_html/wp-snapshots HTTP/2" 200 20198 "-" "meta-externalagent/1.1 (+https://developers.facebook.com/docs/sharing/webmasters/crawler)"
66.249.75.3 - - [03/Mar/2026:15:50:57 +0330] "GET /?o=fedaae1bqf5rv3m_gkind14523978 HTTP/1.1" 200 30911 "-" "Mozilla/5.0 (Linux; Android 6.0.1; Nexus 5X Build/MMB29P) AppleWebKit/537.36 (KHTML, like Gecko) Chrome/144.0.7559.132 Mobile Safari/537.36 (compatible; Googlebot/2.1; +http://www.google.com/bot.html)"
74.7.227.54 - - [03/Mar/2026:15:50:58 +0330] "GET /xmlrpc.php?fileloc=//proc/self/root/proc/thread-self/root/proc/thread-self/root/proc/sys/fs/dir-notify-enable&path=//proc/self/root/proc/thread-self/root/proc/thread-self/root/proc/sys/fs HTTP/2" 200 2531 "https://foofel.co/xmlrpc.php?path=//proc/self/root/proc/thread-self/root/proc/thread-self/root/proc/sys/fs" "Mozilla/5.0 AppleWebKit/537.36 (KHTML, like Gecko; compatible; GPTBot/1.3; +https://openai.com/gptbot)"
57.141.20.39 - - [03/Mar/2026:15:50:59 +0330] "GET /shopdetail/133279071?fileloc=/home/foofelco/public_html/wp-config.php&path=/home/foofelco/public_html HTTP/2" 200 15595 "-" "meta-externalagent/1.1 (+https://developers.facebook.com/docs/sharing/webmasters/crawler)"
66.249.75.1 - - [03/Mar/2026:15:50:59 +0330] "GET /?o=f34b15sbhtwieud_gkind14524026 HTTP/1.1" 200 31228 "-" "Mozilla/5.0 (Linux; Android 6.0.1; Nexus 5X Build/MMB29P) AppleWebKit/537.36 (KHTML, like Gecko) Chrome/144.0.7559.132 Mobile Safari/537.36 (compatible; Googlebot/2.1; +http://www.google.com/bot.html)"
57.141.20.36 - - [03/Mar/2026:15:50:59 +0330] "GET /goods/25961046007.htm?path=/home/foofelco/public_html/wp-includes HTTP/2" 200 345244 "-" "meta-externalagent/1.1 (+https://developers.facebook.com/docs/sharing/webmasters/crawler)"
57.141.20.25 - - [03/Mar/2026:15:51:00 +0330] "GET /shopdetail/243599071?fileloc=/home/foofelco/public_html/license.txt&path=/home/foofelco/public_html HTTP/2" 200 32363 "-" "meta-externalagent/1.1 (+https://developers.facebook.com/docs/sharing/webmasters/crawler)"
57.141.20.2 - - [03/Mar/2026:15:51:00 +0330] "GET /shopdetail/161166171?fileloc=/home/foofelco/public_html/wp-mail.php&path=/home/foofelco/public_html HTTP/2" 200 21087 "-" "meta-externalagent/1.1 (+https://developers.facebook.com/docs/sharing/webmasters/crawler)"
114.119.129.4 - - [03/Mar/2026:15:51:01 +0330] "GET /item/175034441 HTTP/1.1" 200 3793 "https://foofel.co/sitemap_index.xml" "Mozilla/5.0 (Linux; Android 7.0;) AppleWebKit/537.36 (KHTML, like Gecko) Mobile Safari/537.36 (compatible; PetalBot;+https://webmaster.petalsearch.com/site/petalbot)"
74.7.227.54 - - [03/Mar/2026:15:51:01 +0330] "GET /xmlrpc.php?fileloc=//proc/self/root/proc/thread-self/root/proc/self/root/proc/self/root/bin/dehtmldiff&path=//proc/self/root/proc/thread-self/root/proc/self/root/proc/self/root/bin HTTP/2" 200 3334 "https://foofel.co/xmlrpc.php?path=//proc/self/root/proc/thread-self/root/proc/self/root/proc/self/root/bin" "Mozilla/5.0 AppleWebKit/537.36 (KHTML, like Gecko; compatible; GPTBot/1.3; +https://openai.com/gptbot)"
57.141.20.26 - - [03/Mar/2026:15:51:01 +0330] "GET /shopdetail/293436671?path=/home/foofelco/public_html HTTP/2" 200 49197 "-" "meta-externalagent/1.1 (+https://developers.facebook.com/docs/sharing/webmasters/crawler)"
66.249.75.2 - - [03/Mar/2026:15:51:01 +0330] "GET /?o=f7ntwcbbcq31mpk_gkind14524002 HTTP/1.1" 200 30876 "-" "Mozilla/5.0 (Linux; Android 6.0.1; Nexus 5X Build/MMB29P) AppleWebKit/537.36 (KHTML, like Gecko) Chrome/144.0.7559.132 Mobile Safari/537.36 (compatible; Googlebot/2.1; +http://www.google.com/bot.html)"
66.249.75.4 - - [03/Mar/2026:15:51:01 +0330] "GET /?goods/086035076 HTTP/1.1" 200 29608 "-" "Mozilla/5.0 (Linux; Android 6.0.1; Nexus 5X Build/MMB29P) AppleWebKit/537.36 (KHTML, like Gecko) Chrome/144.0.7559.132 Mobile Safari/537.36 (compatible; Googlebot/2.1; +http://www.google.com/bot.html)"
57.141.20.5 - - [03/Mar/2026:15:51:02 +0330] "GET /goods/60042008430.shtm?path=/home/foofelco/public_html/wp-includes HTTP/2" 200 345244 "-" "meta-externalagent/1.1 (+https://developers.facebook.com/docs/sharing/webmasters/crawler)"
66.249.75.8 - - [03/Mar/2026:15:51:02 +0330] "GET /?f=010040297 HTTP/1.1" 200 30635 "-" "Mozilla/5.0 (Linux; Android 6.0.1; Nexus 5X Build/MMB29P) AppleWebKit/537.36 (KHTML, like Gecko) Chrome/144.0.7559.132 Mobile Safari/537.36 (compatible; Googlebot/2.1; +http://www.google.com/bot.html)"
57.141.20.35 - - [03/Mar/2026:15:51:02 +0330] "GET /shopdetail/267241671?fileloc=/home/foofelco/public_html/wp-trackback.php&path=/home/foofelco/public_html HTTP/2" 200 17443 "-" "meta-externalagent/1.1 (+https://developers.facebook.com/docs/sharing/webmasters/crawler)"
