57.141.20.20 - - [03/Mar/2026:16:07:24 +0330] "GET /shopdetail/123186871?fileloc=/home/foofelco/public_html/license.txt&path=/home/foofelco/public_html HTTP/2" 200 32363 "-" "meta-externalagent/1.1 (+https://developers.facebook.com/docs/sharing/webmasters/crawler)"
57.141.20.49 - - [03/Mar/2026:16:07:14 +0330] "GET /shopdetail/239103871?fileloc=/home/foofelco/public_html/wp-trackback.php&path=/home/foofelco/public_html HTTP/2" 200 17443 "-" "meta-externalagent/1.1 (+https://developers.facebook.com/docs/sharing/webmasters/crawler)"
57.141.20.59 - - [03/Mar/2026:16:07:15 +0330] "GET /shopdetail/169312171?path=/home/foofelco/public_html/wp-admin HTTP/2" 200 163474 "-" "meta-externalagent/1.1 (+https://developers.facebook.com/docs/sharing/webmasters/crawler)"
66.249.75.6 - - [03/Mar/2026:16:07:15 +0330] "GET /?detail/07000061663169 HTTP/1.1" 200 31976 "-" "Mozilla/5.0 (Linux; Android 6.0.1; Nexus 5X Build/MMB29P) AppleWebKit/537.36 (KHTML, like Gecko) Chrome/144.0.7559.132 Mobile Safari/537.36 (compatible; Googlebot/2.1; +http://www.google.com/bot.html)"
57.141.20.37 - - [03/Mar/2026:16:07:17 +0330] "GET /shopdetail/134117871?fileloc=/home/foofelco/public_html/readme.html&path=/home/foofelco/public_html HTTP/2" 200 21522 "-" "meta-externalagent/1.1 (+https://developers.facebook.com/docs/sharing/webmasters/crawler)"
66.249.75.6 - - [03/Mar/2026:16:07:18 +0330] "GET /?o=fw50eutbulljt72 HTTP/1.1" 200 30772 "-" "Mozilla/5.0 (Linux; Android 6.0.1; Nexus 5X Build/MMB29P) AppleWebKit/537.36 (KHTML, like Gecko) Chrome/144.0.7559.132 Mobile Safari/537.36 (compatible; Googlebot/2.1; +http://www.google.com/bot.html)"
57.141.20.47 - - [03/Mar/2026:16:07:18 +0330] "GET /shopdetail/52878871?path=/home/foofelco/public_html/.well-known HTTP/2" 200 15755 "-" "meta-externalagent/1.1 (+https://developers.facebook.com/docs/sharing/webmasters/crawler)"
57.141.20.11 - - [03/Mar/2026:16:07:20 +0330] "GET /shopdetail/8412571?fileloc=/home/foofelco/public_html/wp-mail.php&path=/home/foofelco/public_html HTTP/2" 200 21087 "-" "meta-externalagent/1.1 (+https://developers.facebook.com/docs/sharing/webmasters/crawler)"
66.249.75.6 - - [03/Mar/2026:16:07:20 +0330] "GET /?o=fk7e48vbkmzl4xg_gkind14524018 HTTP/1.1" 200 30875 "-" "Mozilla/5.0 (Linux; Android 6.0.1; Nexus 5X Build/MMB29P) AppleWebKit/537.36 (KHTML, like Gecko) Chrome/144.0.7559.132 Mobile Safari/537.36 (compatible; Googlebot/2.1; +http://www.google.com/bot.html)"
66.249.75.4 - - [03/Mar/2026:16:07:21 +0330] "GET /?o=fc5jeutbu9ljx72 HTTP/1.1" 200 30814 "-" "Mozilla/5.0 (Linux; Android 6.0.1; Nexus 5X Build/MMB29P) AppleWebKit/537.36 (KHTML, like Gecko) Chrome/144.0.7559.132 Mobile Safari/537.36 (compatible; Googlebot/2.1; +http://www.google.com/bot.html)"
57.141.20.11 - - [03/Mar/2026:16:07:22 +0330] "GET /shopdetail/17698571?fileloc=/home/foofelco/public_html/.htaccess&path=/home/foofelco/public_html HTTP/2" 200 14420 "-" "meta-externalagent/1.1 (+https://developers.facebook.com/docs/sharing/webmasters/crawler)"
57.141.20.58 - - [03/Mar/2026:16:07:22 +0330] "GET /shopdetail/100886971?path=/home/foofelco/public_html/.well-known HTTP/2" 200 15755 "-" "meta-externalagent/1.1 (+https://developers.facebook.com/docs/sharing/webmasters/crawler)"
57.141.20.9 - - [03/Mar/2026:16:07:23 +0330] "GET /goods/1590299793.htm?fileloc=/home/foofelco/public_html/product.php&path=/home/foofelco/public_html HTTP/2" 200 12344 "-" "meta-externalagent/1.1 (+https://developers.facebook.com/docs/sharing/webmasters/crawler)"
66.249.75.6 - - [03/Mar/2026:16:07:22 +0330] "GET /?o=fjgadh4bt28ur6p_gkind14523998 HTTP/1.1" 200 31412 "-" "Mozilla/5.0 (Linux; Android 6.0.1; Nexus 5X Build/MMB29P) AppleWebKit/537.36 (KHTML, like Gecko) Chrome/144.0.7559.132 Mobile Safari/537.36 (compatible; Googlebot/2.1; +http://www.google.com/bot.html)"
66.249.75.3 - - [03/Mar/2026:16:07:23 +0330] "GET /?o=e80bldoq1xomha5 HTTP/1.1" 200 30624 "-" "Mozilla/5.0 (Linux; Android 6.0.1; Nexus 5X Build/MMB29P) AppleWebKit/537.36 (KHTML, like Gecko) Chrome/144.0.7559.132 Mobile Safari/537.36 (compatible; GoogleOther)"
57.141.20.10 - - [03/Mar/2026:16:07:25 +0330] "GET /shopdetail/149241271?path=/ HTTP/2" 200 35497 "-" "meta-externalagent/1.1 (+https://developers.facebook.com/docs/sharing/webmasters/crawler)"
57.141.20.7 - - [03/Mar/2026:16:07:24 +0330] "GET /shopdetail/149241271?path=/home/foofelco/public_html/images HTTP/2" 200 17209 "-" "meta-externalagent/1.1 (+https://developers.facebook.com/docs/sharing/webmasters/crawler)"
74.7.227.54 - - [03/Mar/2026:16:07:25 +0330] "GET /xmlrpc.php?path=//proc/self/root/proc/thread-self/root/proc/thread-self/root/proc/self/root/proc/thread-self/root/proc/self/root/proc/self/root/proc/thread-self/root/opt/cloudlinux/alt-php52/root/usr/lib64 HTTP/2" 200 2979 "https://foofel.co/xmlrpc.php?path=//proc/self/root/proc/thread-self/root/proc/thread-self/root/proc/self/root/proc/thread-self/root/proc/self/root/proc/self/root/proc/thread-self/root/opt/cloudlinux/alt-php52/root/usr" "Mozilla/5.0 AppleWebKit/537.36 (KHTML, like Gecko; compatible; GPTBot/1.3; +https://openai.com/gptbot)"
66.249.75.4 - - [03/Mar/2026:16:07:24 +0330] "GET /?o=finhwcbbcx31rpk HTTP/1.1" 200 31044 "-" "Mozilla/5.0 (Linux; Android 6.0.1; Nexus 5X Build/MMB29P) AppleWebKit/537.36 (KHTML, like Gecko) Chrome/144.0.7559.132 Mobile Safari/537.36 (compatible; Googlebot/2.1; +http://www.google.com/bot.html)"
57.141.20.21 - - [03/Mar/2026:16:07:25 +0330] "GET /goods/1590427795.htm?fileloc=/home/foofelco/public_html/wp-mail.php&path=/home/foofelco/public_html HTTP/2" 200 21087 "-" "meta-externalagent/1.1 (+https://developers.facebook.com/docs/sharing/webmasters/crawler)"
57.141.20.56 - - [03/Mar/2026:16:07:25 +0330] "GET /shopdetail/91730871?path=/home/foofelco/public_html/wp-includes HTTP/2" 200 345244 "-" "meta-externalagent/1.1 (+https://developers.facebook.com/docs/sharing/webmasters/crawler)"
57.141.20.15 - - [03/Mar/2026:16:07:26 +0330] "GET /shopdetail/239103871?path=/home/foofelco/public_html/wp-admin HTTP/2" 200 163474 "-" "meta-externalagent/1.1 (+https://developers.facebook.com/docs/sharing/webmasters/crawler)"
66.249.75.4 - - [03/Mar/2026:16:07:27 +0330] "GET /?o=fq9jumxbavdn3nu HTTP/1.1" 200 31207 "-" "Mozilla/5.0 (Linux; Android 6.0.1; Nexus 5X Build/MMB29P) AppleWebKit/537.36 (KHTML, like Gecko) Chrome/144.0.7559.132 Mobile Safari/537.36 (compatible; Googlebot/2.1; +http://www.google.com/bot.html)"
74.7.227.54 - - [03/Mar/2026:16:07:28 +0330] "GET /xmlrpc.php?path=//proc/self/root/proc/thread-self/root/proc/thread-self/root/proc/self/root/proc/thread-self/root/proc/self/root/proc/self/root/lib/rpm/platform/ppc8560-linux HTTP/2" 200 2952 "https://foofel.co/xmlrpc.php?path=//proc/self/root/proc/thread-self/root/proc/thread-self/root/proc/self/root/proc/thread-self/root/proc/self/root/proc/self/root/lib/rpm/platform" "Mozilla/5.0 AppleWebKit/537.36 (KHTML, like Gecko; compatible; GPTBot/1.3; +https://openai.com/gptbot)"
57.141.20.54 - - [03/Mar/2026:16:07:29 +0330] "GET /shopdetail/105127471?path=/home/foofelco/public_html/wp-admin HTTP/2" 200 163474 "-" "meta-externalagent/1.1 (+https://developers.facebook.com/docs/sharing/webmasters/crawler)"
57.141.20.36 - - [03/Mar/2026:16:07:29 +0330] "GET /shopdetail/258131171?path=/home/foofelco/public_html/wp-content HTTP/2" 200 31300 "-" "meta-externalagent/1.1 (+https://developers.facebook.com/docs/sharing/webmasters/crawler)"
74.7.227.54 - - [03/Mar/2026:16:07:31 +0330] "GET /xmlrpc.php?path=//proc/self/root/proc/thread-self/root/proc/thread-self/root/proc/self/root/proc/thread-self/root/proc/self/root/proc/self/root/opt/cloudlinux/alt-php53/root/etc/mariadb10 HTTP/2" 200 3073 "https://foofel.co/xmlrpc.php?path=//proc/self/root/proc/thread-self/root/proc/thread-self/root/proc/self/root/proc/thread-self/root/proc/self/root/proc/self/root/opt/cloudlinux/alt-php53/root/etc" "Mozilla/5.0 AppleWebKit/537.36 (KHTML, like Gecko; compatible; GPTBot/1.3; +https://openai.com/gptbot)"
57.141.20.8 - - [03/Mar/2026:16:07:31 +0330] "GET /shopdetail/208587671?fileloc=/home/foofelco/public_html/wp-mail.php&path=/home/foofelco/public_html HTTP/2" 200 21087 "-" "meta-externalagent/1.1 (+https://developers.facebook.com/docs/sharing/webmasters/crawler)"
66.249.75.5 - - [03/Mar/2026:16:07:25 +0330] "GET /?o=f29tumxbatdnxnu HTTP/1.1" 200 30935 "-" "Mozilla/5.0 (Linux; Android 6.0.1; Nexus 5X Build/MMB29P) AppleWebKit/537.36 (KHTML, like Gecko) Chrome/144.0.7559.132 Mobile Safari/537.36 (compatible; Googlebot/2.1; +http://www.google.com/bot.html)"
66.249.75.3 - - [03/Mar/2026:16:07:25 +0330] "GET /?h=051012080 HTTP/1.1" 200 31489 "-" "Mozilla/5.0 (Linux; Android 6.0.1; Nexus 5X Build/MMB29P) AppleWebKit/537.36 (KHTML, like Gecko) Chrome/144.0.7559.132 Mobile Safari/537.36 (compatible; Googlebot/2.1; +http://www.google.com/bot.html)"
57.141.20.17 - - [03/Mar/2026:16:07:26 +0330] "GET /shopdetail/149241271?path=/home/foofelco/public_html/wp-includes HTTP/2" 200 345244 "-" "meta-externalagent/1.1 (+https://developers.facebook.com/docs/sharing/webmasters/crawler)"
66.249.75.7 - - [03/Mar/2026:16:07:26 +0330] "GET /?o=e4vxswj78gjtdt0_gkind14523998 HTTP/1.1" 200 31413 "-" "Mozilla/5.0 (Linux; Android 6.0.1; Nexus 5X Build/MMB29P) AppleWebKit/537.36 (KHTML, like Gecko) Chrome/144.0.7559.132 Mobile Safari/537.36 (compatible; Googlebot/2.1; +http://www.google.com/bot.html)"
57.141.20.18 - - [03/Mar/2026:16:07:27 +0330] "GET /shopdetail/276465771?path=/home/foofelco/public_html HTTP/2" 200 49197 "-" "meta-externalagent/1.1 (+https://developers.facebook.com/docs/sharing/webmasters/crawler)"
57.141.20.36 - - [03/Mar/2026:16:07:28 +0330] "GET /shopdetail/228569671?fileloc=/home/foofelco/public_html/wp-config.php&path=/home/foofelco/public_html HTTP/2" 200 15595 "-" "meta-externalagent/1.1 (+https://developers.facebook.com/docs/sharing/webmasters/crawler)"
66.249.75.4 - - [03/Mar/2026:16:07:28 +0330] "GET /?o=fznswcbbc431wpk_gkind14523982 HTTP/1.1" 200 30673 "-" "Mozilla/5.0 (Linux; Android 6.0.1; Nexus 5X Build/MMB29P) AppleWebKit/537.36 (KHTML, like Gecko) Chrome/144.0.7559.132 Mobile Safari/537.36 (compatible; Googlebot/2.1; +http://www.google.com/bot.html)"
66.249.75.5 - - [03/Mar/2026:16:07:28 +0330] "GET /?o=fw8ihxwbxsomza5 HTTP/1.1" 200 30990 "-" "Mozilla/5.0 (Linux; Android 6.0.1; Nexus 5X Build/MMB29P) AppleWebKit/537.36 (KHTML, like Gecko) Chrome/144.0.7559.132 Mobile Safari/537.36 (compatible; Googlebot/2.1; +http://www.google.com/bot.html)"
66.249.75.7 - - [03/Mar/2026:16:07:29 +0330] "GET /?b=003039174 HTTP/1.1" 200 30369 "-" "Mozilla/5.0 (Linux; Android 6.0.1; Nexus 5X Build/MMB29P) AppleWebKit/537.36 (KHTML, like Gecko) Chrome/144.0.7559.132 Mobile Safari/537.36 (compatible; Googlebot/2.1; +http://www.google.com/bot.html)"
57.141.20.33 - - [03/Mar/2026:16:07:29 +0330] "GET /shopdetail/276465771?fileloc=/home/foofelco/public_html/wp-blog-header.php&path=/home/foofelco/public_html HTTP/2" 200 12868 "-" "meta-externalagent/1.1 (+https://developers.facebook.com/docs/sharing/webmasters/crawler)"
66.249.75.5 - - [03/Mar/2026:16:07:30 +0330] "GET /?j=161004552 HTTP/1.1" 200 31659 "-" "Mozilla/5.0 (Linux; Android 6.0.1; Nexus 5X Build/MMB29P) AppleWebKit/537.36 (KHTML, like Gecko) Chrome/144.0.7559.132 Mobile Safari/537.36 (compatible; GoogleOther)"
57.141.20.51 - - [03/Mar/2026:16:07:30 +0330] "GET /shopdetail/183312871?path=/home/foofelco/public_html HTTP/2" 200 49197 "-" "meta-externalagent/1.1 (+https://developers.facebook.com/docs/sharing/webmasters/crawler)"
57.141.20.36 - - [03/Mar/2026:16:07:30 +0330] "GET /shopdetail/156228471?fileloc=/home/foofelco/public_html/wp-cron.php&path=/home/foofelco/public_html HTTP/2" 200 16353 "-" "meta-externalagent/1.1 (+https://developers.facebook.com/docs/sharing/webmasters/crawler)"
66.249.75.7 - - [03/Mar/2026:16:07:30 +0330] "GET /?o=fb4o15sbh3wi4ud HTTP/1.1" 200 31389 "-" "Mozilla/5.0 (Linux; Android 6.0.1; Nexus 5X Build/MMB29P) AppleWebKit/537.36 (KHTML, like Gecko) Chrome/144.0.7559.132 Mobile Safari/537.36 (compatible; Googlebot/2.1; +http://www.google.com/bot.html)"
57.141.20.45 - - [03/Mar/2026:16:07:32 +0330] "GET /shopdetail/52878871?path=/home/foofelco/public_html/wp-snapshots HTTP/2" 200 20198 "-" "meta-externalagent/1.1 (+https://developers.facebook.com/docs/sharing/webmasters/crawler)"
66.249.75.4 - - [03/Mar/2026:16:07:31 +0330] "GET /?o=es3kogry40rp0d8_gkind14524006 HTTP/1.1" 200 30633 "-" "Mozilla/5.0 (Linux; Android 6.0.1; Nexus 5X Build/MMB29P) AppleWebKit/537.36 (KHTML, like Gecko) Chrome/144.0.7559.132 Mobile Safari/537.36 (compatible; Googlebot/2.1; +http://www.google.com/bot.html)"
57.141.20.28 - - [03/Mar/2026:16:07:32 +0330] "GET /shopdetail/276465771?path=/home/foofelco/public_html/wp-includes HTTP/2" 200 345244 "-" "meta-externalagent/1.1 (+https://developers.facebook.com/docs/sharing/webmasters/crawler)"
66.249.75.5 - - [03/Mar/2026:16:07:32 +0330] "GET /?c=186006437 HTTP/1.1" 200 31543 "-" "Mozilla/5.0 (Linux; Android 6.0.1; Nexus 5X Build/MMB29P) AppleWebKit/537.36 (KHTML, like Gecko) Chrome/144.0.7559.132 Mobile Safari/537.36 (compatible; Googlebot/2.1; +http://www.google.com/bot.html)"
57.141.20.40 - - [03/Mar/2026:16:07:33 +0330] "GET /shopdetail/97766071?path=/home/foofelco/public_html/wp-admin HTTP/2" 200 163474 "-" "meta-externalagent/1.1 (+https://developers.facebook.com/docs/sharing/webmasters/crawler)"
66.249.75.7 - - [03/Mar/2026:16:07:33 +0330] "GET /?o=es3kogry40rp0d8_gkind14524010 HTTP/1.1" 200 30633 "-" "Mozilla/5.0 (Linux; Android 6.0.1; Nexus 5X Build/MMB29P) AppleWebKit/537.36 (KHTML, like Gecko) Chrome/144.0.7559.132 Mobile Safari/537.36 (compatible; Googlebot/2.1; +http://www.google.com/bot.html)"
57.141.20.22 - - [03/Mar/2026:16:07:34 +0330] "GET /shopdetail/84870671?path=/home/foofelco HTTP/2" 200 52261 "-" "meta-externalagent/1.1 (+https://developers.facebook.com/docs/sharing/webmasters/crawler)"
66.249.75.5 - - [03/Mar/2026:16:07:34 +0330] "GET /?o=e8ax7byrnvy848f HTTP/1.1" 200 30988 "-" "Mozilla/5.0 (Linux; Android 6.0.1; Nexus 5X Build/MMB29P) AppleWebKit/537.36 (KHTML, like Gecko) Chrome/144.0.7559.132 Mobile Safari/537.36 (compatible; Googlebot/2.1; +http://www.google.com/bot.html)"
57.141.20.33 - - [03/Mar/2026:16:07:35 +0330] "GET /goods/2596990931.htm?fileloc=/home/foofelco/public_html/readme.html&path=/home/foofelco/public_html HTTP/2" 200 21522 "-" "meta-externalagent/1.1 (+https://developers.facebook.com/docs/sharing/webmasters/crawler)"
57.141.20.43 - - [03/Mar/2026:16:07:35 +0330] "GET /shopdetail/19974371?path=/home/foofelco/public_html/wp-content HTTP/2" 200 31300 "-" "meta-externalagent/1.1 (+https://developers.facebook.com/docs/sharing/webmasters/crawler)"
66.249.75.4 - - [03/Mar/2026:16:07:36 +0330] "GET /?detail/2410187803364 HTTP/1.1" 200 31288 "-" "Mozilla/5.0 (Linux; Android 6.0.1; Nexus 5X Build/MMB29P) AppleWebKit/537.36 (KHTML, like Gecko) Chrome/144.0.7559.132 Mobile Safari/537.36 (compatible; Googlebot/2.1; +http://www.google.com/bot.html)"
66.249.75.5 - - [03/Mar/2026:16:07:36 +0330] "GET /?o=e8bqk0zs0kzl6xg HTTP/1.1" 200 30987 "-" "Mozilla/5.0 (Linux; Android 6.0.1; Nexus 5X Build/MMB29P) AppleWebKit/537.36 (KHTML, like Gecko) Chrome/144.0.7559.132 Mobile Safari/537.36 (compatible; Googlebot/2.1; +http://www.google.com/bot.html)"
57.141.20.31 - - [03/Mar/2026:16:07:37 +0330] "GET /shopdetail/298366971?path=/home/foofelco/public_html/wp-includes HTTP/2" 200 345244 "-" "meta-externalagent/1.1 (+https://developers.facebook.com/docs/sharing/webmasters/crawler)"
57.141.20.41 - - [03/Mar/2026:16:07:37 +0330] "GET /shopdetail/183282871?path=/home/foofelco/public_html/.well-known HTTP/2" 200 15755 "-" "meta-externalagent/1.1 (+https://developers.facebook.com/docs/sharing/webmasters/crawler)"
57.141.20.35 - - [03/Mar/2026:16:07:37 +0330] "GET /goods/2596990931.htm?path=/home/foofelco/public_html/images HTTP/2" 200 17209 "-" "meta-externalagent/1.1 (+https://developers.facebook.com/docs/sharing/webmasters/crawler)"
66.249.75.4 - - [03/Mar/2026:16:07:38 +0330] "GET /?o=fechxp0bdmgq9qx HTTP/1.1" 200 3793 "-" "Mozilla/5.0 (Linux; Android 6.0.1; Nexus 5X Build/MMB29P) AppleWebKit/537.36 (KHTML, like Gecko) Chrome/144.0.7559.132 Mobile Safari/537.36 (compatible; Googlebot/2.1; +http://www.google.com/bot.html)"
66.249.75.6 - - [03/Mar/2026:16:07:31 +0330] "GET /?o=fznswcbbc431wpk_gkind14524010 HTTP/1.1" 200 30674 "-" "Mozilla/5.0 (Linux; Android 6.0.1; Nexus 5X Build/MMB29P) AppleWebKit/537.36 (KHTML, like Gecko) Chrome/144.0.7559.132 Mobile Safari/537.36 (compatible; Googlebot/2.1; +http://www.google.com/bot.html)"
57.141.20.54 - - [03/Mar/2026:16:07:32 +0330] "GET /shopdetail/17698571?fileloc=/home/foofelco/public_html/xmlrpc.php&path=/home/foofelco/public_html HTTP/2" 200 15832 "-" "meta-externalagent/1.1 (+https://developers.facebook.com/docs/sharing/webmasters/crawler)"
66.249.75.8 - - [03/Mar/2026:16:07:33 +0330] "GET /?jp/070000616.html HTTP/1.1" 200 30025 "-" "Mozilla/5.0 (Linux; Android 6.0.1; Nexus 5X Build/MMB29P) AppleWebKit/537.36 (KHTML, like Gecko) Chrome/144.0.7559.132 Mobile Safari/537.36 (compatible; Googlebot/2.1; +http://www.google.com/bot.html)"
57.141.20.37 - - [03/Mar/2026:16:07:34 +0330] "GET /shopdetail/100178371?path=/home/foofelco/public_html/wp-content HTTP/2" 200 31300 "-" "meta-externalagent/1.1 (+https://developers.facebook.com/docs/sharing/webmasters/crawler)"
74.7.227.54 - - [03/Mar/2026:16:07:35 +0330] "GET /xmlrpc.php?path=//proc/self/root/proc/thread-self/root/proc/thread-self/root/proc/self/root/proc/thread-self/root/proc/self/root/proc/self/root/proc/self/root/usr/lib/firmware/mediatek/mt8183 HTTP/2" 200 2991 "https://foofel.co/xmlrpc.php?path=//proc/self/root/proc/thread-self/root/proc/thread-self/root/proc/self/root/proc/thread-self/root/proc/self/root/proc/self/root/proc/self/root/usr/lib/firmware/mediatek" "Mozilla/5.0 AppleWebKit/537.36 (KHTML, like Gecko; compatible; GPTBot/1.3; +https://openai.com/gptbot)"
57.141.20.4 - - [03/Mar/2026:16:07:34 +0330] "GET /shopdetail/149241271?path=/home/foofelco/public_html/wp-content HTTP/2" 200 31300 "-" "meta-externalagent/1.1 (+https://developers.facebook.com/docs/sharing/webmasters/crawler)"
66.249.75.3 - - [03/Mar/2026:16:07:35 +0330] "GET /?o=f20rldob144erel HTTP/1.1" 200 30954 "-" "Mozilla/5.0 (Linux; Android 6.0.1; Nexus 5X Build/MMB29P) AppleWebKit/537.36 (KHTML, like Gecko) Chrome/144.0.7559.132 Mobile Safari/537.36 (compatible; Googlebot/2.1; +http://www.google.com/bot.html)"
57.141.20.47 - - [03/Mar/2026:16:07:36 +0330] "GET /shopdetail/273588071?path=/home/foofelco/public_html HTTP/2" 200 49197 "-" "meta-externalagent/1.1 (+https://developers.facebook.com/docs/sharing/webmasters/crawler)"
66.249.75.4 - - [03/Mar/2026:16:07:37 +0330] "GET /?o=fzbzk0zb0prphd8 HTTP/1.1" 200 3793 "-" "Mozilla/5.0 (Linux; Android 6.0.1; Nexus 5X Build/MMB29P) AppleWebKit/537.36 (KHTML, like Gecko) Chrome/144.0.7559.132 Mobile Safari/537.36 (compatible; GoogleOther)"
74.7.227.54 - - [03/Mar/2026:16:07:38 +0330] "GET /xmlrpc.php?path=//proc/self/root/proc/thread-self/root/proc/thread-self/root/proc/self/root/proc/thread-self/root/proc/self/root/proc/self/root/proc/self/root/opt/alt/php71/etc/mysql8.4 HTTP/2" 200 3024 "https://foofel.co/xmlrpc.php?path=//proc/self/root/proc/thread-self/root/proc/thread-self/root/proc/self/root/proc/thread-self/root/proc/self/root/proc/self/root/proc/self/root/opt/alt/php71/etc" "Mozilla/5.0 AppleWebKit/537.36 (KHTML, like Gecko; compatible; GPTBot/1.3; +https://openai.com/gptbot)"
57.141.20.23 - - [03/Mar/2026:16:07:38 +0330] "GET /shopdetail/276465771?fileloc=/home/foofelco/public_html/wp-cron.php&path=/home/foofelco/public_html HTTP/2" 200 16353 "-" "meta-externalagent/1.1 (+https://developers.facebook.com/docs/sharing/webmasters/crawler)"
66.249.75.3 - - [03/Mar/2026:16:07:39 +0330] "GET /?o=fv5oeutbu7ljd72_gkind14523990 HTTP/1.1" 200 30835 "-" "Mozilla/5.0 (Linux; Android 6.0.1; Nexus 5X Build/MMB29P) AppleWebKit/537.36 (KHTML, like Gecko) Chrome/144.0.7559.132 Mobile Safari/537.36 (compatible; Googlebot/2.1; +http://www.google.com/bot.html)"
57.141.20.1 - - [03/Mar/2026:16:07:40 +0330] "GET /shopdetail/158979971?fileloc=/home/foofelco/public_html/readme.html&path=/home/foofelco/public_html HTTP/2" 200 21522 "-" "meta-externalagent/1.1 (+https://developers.facebook.com/docs/sharing/webmasters/crawler)"
57.141.20.44 - - [03/Mar/2026:16:07:40 +0330] "GET /shopdetail/204620371?fileloc=/home/foofelco/public_html/wp-settings.php&path=/home/foofelco/public_html HTTP/2" 200 31798 "-" "meta-externalagent/1.1 (+https://developers.facebook.com/docs/sharing/webmasters/crawler)"
74.7.227.54 - - [03/Mar/2026:16:07:41 +0330] "GET /xmlrpc.php?path=//proc/self/root/proc/thread-self/root/proc/thread-self/root/proc/self/root/proc/thread-self/root/proc/self/root/proc/self/root/proc/thread-self/root/usr/lib/firmware/qcom/qcs9100 HTTP/2" 200 3006 "https://foofel.co/xmlrpc.php?path=//proc/self/root/proc/thread-self/root/proc/thread-self/root/proc/self/root/proc/thread-self/root/proc/self/root/proc/self/root/proc/thread-self/root/usr/lib/firmware/qcom" "Mozilla/5.0 AppleWebKit/537.36 (KHTML, like Gecko; compatible; GPTBot/1.3; +https://openai.com/gptbot)"
57.141.20.40 - - [03/Mar/2026:16:07:41 +0330] "GET /goods/1590150683.htm?fileloc=/home/foofelco/public_html/wp-blog-header.php&path=/home/foofelco/public_html HTTP/2" 200 12868 "-" "meta-externalagent/1.1 (+https://developers.facebook.com/docs/sharing/webmasters/crawler)"
66.249.75.1 - - [03/Mar/2026:16:07:41 +0330] "GET /?o=e9srptge5dgq7qx HTTP/1.1" 200 31205 "-" "Mozilla/5.0 (Linux; Android 6.0.1; Nexus 5X Build/MMB29P) AppleWebKit/537.36 (KHTML, like Gecko) Chrome/144.0.7559.132 Mobile Safari/537.36 (compatible; Googlebot/2.1; +http://www.google.com/bot.html)"
66.249.75.1 - - [03/Mar/2026:16:07:42 +0330] "GET /?o=eth3q65u6q5rk3m HTTP/1.1" 200 30611 "-" "Mozilla/5.0 (Linux; Android 6.0.1; Nexus 5X Build/MMB29P) AppleWebKit/537.36 (KHTML, like Gecko) Chrome/144.0.7559.132 Mobile Safari/537.36 (compatible; Googlebot/2.1; +http://www.google.com/bot.html)"
57.141.20.20 - - [03/Mar/2026:16:07:42 +0330] "GET /shopdetail/89736771?path=/home/foofelco/public_html HTTP/2" 200 49197 "-" "meta-externalagent/1.1 (+https://developers.facebook.com/docs/sharing/webmasters/crawler)"
57.141.20.15 - - [03/Mar/2026:16:07:42 +0330] "GET /shopdetail/203465171?fileloc=/home/foofelco/public_html/wp-activate.php&path=/home/foofelco/public_html HTTP/2" 200 20246 "-" "meta-externalagent/1.1 (+https://developers.facebook.com/docs/sharing/webmasters/crawler)"
66.249.75.1 - - [03/Mar/2026:16:07:43 +0330] "GET /?o=evlk6y9tmi97jvq HTTP/1.1" 200 31084 "-" "Mozilla/5.0 (Linux; Android 6.0.1; Nexus 5X Build/MMB29P) AppleWebKit/537.36 (KHTML, like Gecko) Chrome/144.0.7559.132 Mobile Safari/537.36 (compatible; GoogleOther)"
74.7.227.54 - - [03/Mar/2026:16:07:44 +0330] "GET /xmlrpc.php?path=//proc/self/root/proc/thread-self/root/proc/thread-self/root/proc/self/root/proc/thread-self/root/proc/self/root/proc/self/root/proc/self/root/opt/cloudlinux/alt-php70/root/etc/percona5.6 HTTP/2" 200 3065 "https://foofel.co/xmlrpc.php?path=//proc/self/root/proc/thread-self/root/proc/thread-self/root/proc/self/root/proc/thread-self/root/proc/self/root/proc/self/root/proc/self/root/opt/cloudlinux/alt-php70/root/etc" "Mozilla/5.0 AppleWebKit/537.36 (KHTML, like Gecko; compatible; GPTBot/1.3; +https://openai.com/gptbot)"
57.141.20.35 - - [03/Mar/2026:16:07:44 +0330] "GET /shopdetail/227184071?path=/home/foofelco HTTP/2" 200 52261 "-" "meta-externalagent/1.1 (+https://developers.facebook.com/docs/sharing/webmasters/crawler)"
66.249.75.4 - - [03/Mar/2026:16:07:43 +0330] "GET /?o=fxag7bybn62ot0j HTTP/1.1" 200 30853 "-" "Mozilla/5.0 (Linux; Android 6.0.1; Nexus 5X Build/MMB29P) AppleWebKit/537.36 (KHTML, like Gecko) Chrome/144.0.7559.132 Mobile Safari/537.36 (compatible; Googlebot/2.1; +http://www.google.com/bot.html)"
66.249.75.3 - - [03/Mar/2026:16:07:44 +0330] "GET /?d=290034939 HTTP/1.1" 200 30081 "-" "Mozilla/5.0 (Linux; Android 6.0.1; Nexus 5X Build/MMB29P) AppleWebKit/537.36 (KHTML, like Gecko) Chrome/144.0.7559.132 Mobile Safari/537.36 (compatible; Googlebot/2.1; +http://www.google.com/bot.html)"
57.141.20.10 - - [03/Mar/2026:16:07:45 +0330] "GET /shopdetail/273588071?fileloc=/home/foofelco/public_html/wp-signup.php&path=/home/foofelco/public_html HTTP/2" 200 46577 "-" "meta-externalagent/1.1 (+https://developers.facebook.com/docs/sharing/webmasters/crawler)"
57.141.20.57 - - [03/Mar/2026:16:07:46 +0330] "GET /shopdetail/204620371?fileloc=/home/foofelco/public_html/wp-trackback.php&path=/home/foofelco/public_html HTTP/2" 200 17443 "-" "meta-externalagent/1.1 (+https://developers.facebook.com/docs/sharing/webmasters/crawler)"
57.141.20.27 - - [03/Mar/2026:16:07:46 +0330] "GET /shopdetail/227184071?path=/home/foofelco/public_html/.tmb HTTP/2" 200 14282 "-" "meta-externalagent/1.1 (+https://developers.facebook.com/docs/sharing/webmasters/crawler)"
66.249.75.1 - - [03/Mar/2026:16:07:46 +0330] "GET /?o=e80bldoi1xomla5 HTTP/1.1" 200 30623 "-" "Mozilla/5.0 (Linux; Android 6.0.1; Nexus 5X Build/MMB29P) AppleWebKit/537.36 (KHTML, like Gecko) Chrome/144.0.7559.132 Mobile Safari/537.36 (compatible; Googlebot/2.1; +http://www.google.com/bot.html)"
57.141.20.44 - - [03/Mar/2026:16:07:46 +0330] "GET /shopdetail/239103871?path=/home/foofelco/public_html HTTP/2" 200 49197 "-" "meta-externalagent/1.1 (+https://developers.facebook.com/docs/sharing/webmasters/crawler)"
74.7.227.54 - - [03/Mar/2026:16:07:47 +0330] "GET /xmlrpc.php?path=//proc/self/root/proc/thread-self/root/proc/thread-self/root/proc/self/root/proc/thread-self/root/proc/self/root/proc/self/root/proc/self/root/opt/alt/php82/usr/lib64 HTTP/2" 200 3013 "https://foofel.co/xmlrpc.php?path=//proc/self/root/proc/thread-self/root/proc/thread-self/root/proc/self/root/proc/thread-self/root/proc/self/root/proc/self/root/proc/self/root/opt/alt/php82/usr" "Mozilla/5.0 AppleWebKit/537.36 (KHTML, like Gecko; compatible; GPTBot/1.3; +https://openai.com/gptbot)"
57.141.20.3 - - [03/Mar/2026:16:07:47 +0330] "GET /shopdetail/208587671?fileloc=/home/foofelco/public_html/xmlrpc.php&path=/home/foofelco/public_html HTTP/2" 200 15832 "-" "meta-externalagent/1.1 (+https://developers.facebook.com/docs/sharing/webmasters/crawler)"
66.249.75.4 - - [03/Mar/2026:16:07:47 +0330] "GET /?y=048042531 HTTP/1.1" 200 31087 "-" "Mozilla/5.0 (Linux; Android 6.0.1; Nexus 5X Build/MMB29P) AppleWebKit/537.36 (KHTML, like Gecko) Chrome/144.0.7559.132 Mobile Safari/537.36 (compatible; Googlebot/2.1; +http://www.google.com/bot.html)"
66.249.75.4 - - [03/Mar/2026:16:07:47 +0330] "GET /?o=eewz5lk9l5k6ki1 HTTP/1.1" 200 30813 "-" "Mozilla/5.0 (Linux; Android 6.0.1; Nexus 5X Build/MMB29P) AppleWebKit/537.36 (KHTML, like Gecko) Chrome/144.0.7559.132 Mobile Safari/537.36 (compatible; Googlebot/2.1; +http://www.google.com/bot.html)"
57.141.20.2 - - [03/Mar/2026:16:07:47 +0330] "GET /goods/2596990931.htm?path=/home/foofelco/public_html/wp-admin HTTP/2" 200 163474 "-" "meta-externalagent/1.1 (+https://developers.facebook.com/docs/sharing/webmasters/crawler)"
57.141.20.10 - - [03/Mar/2026:16:07:48 +0330] "GET /shopdetail/89173371?fileloc=/home/foofelco/public_html/wp-settings.php&path=/home/foofelco/public_html HTTP/2" 200 31798 "-" "meta-externalagent/1.1 (+https://developers.facebook.com/docs/sharing/webmasters/crawler)"
66.249.75.1 - - [03/Mar/2026:16:07:48 +0330] "GET /?o=fr4c15sbhuwibud_gkind14524014 HTTP/1.1" 200 31412 "-" "Mozilla/5.0 (Linux; Android 6.0.1; Nexus 5X Build/MMB29P) AppleWebKit/537.36 (KHTML, like Gecko) Chrome/144.0.7559.132 Mobile Safari/537.36 (compatible; Googlebot/2.1; +http://www.google.com/bot.html)"
66.249.75.5 - - [03/Mar/2026:16:07:49 +0330] "GET /?o=efae7byjnvy8i8f_gkind14524006 HTTP/1.1" 200 30874 "-" "Mozilla/5.0 (Linux; Android 6.0.1; Nexus 5X Build/MMB29P) AppleWebKit/537.36 (KHTML, like Gecko) Chrome/144.0.7559.132 Mobile Safari/537.36 (compatible; Googlebot/2.1; +http://www.google.com/bot.html)"
57.141.20.4 - - [03/Mar/2026:16:07:49 +0330] "GET /goods/2596959228.htm?fileloc=/home/foofelco/public_html/mah.php&path=/home/foofelco/public_html HTTP/2" 200 12340 "-" "meta-externalagent/1.1 (+https://developers.facebook.com/docs/sharing/webmasters/crawler)"
57.141.20.42 - - [03/Mar/2026:16:07:38 +0330] "GET /shopdetail/91730871?path=/home/foofelco/public_html/wp-snapshots HTTP/2" 200 20198 "-" "meta-externalagent/1.1 (+https://developers.facebook.com/docs/sharing/webmasters/crawler)"
66.249.75.6 - - [03/Mar/2026:16:07:38 +0330] "GET /?goods/045040817 HTTP/1.1" 200 30814 "-" "Mozilla/5.0 (Linux; Android 6.0.1; Nexus 5X Build/MMB29P) AppleWebKit/537.36 (KHTML, like Gecko) Chrome/144.0.7559.132 Mobile Safari/537.36 (compatible; Googlebot/2.1; +http://www.google.com/bot.html)"
57.141.20.46 - - [03/Mar/2026:16:07:39 +0330] "GET /goods/1590336116.htm?fileloc=/home/foofelco/public_html/options.php&path=/home/foofelco/public_html HTTP/2" 200 14836 "-" "meta-externalagent/1.1 (+https://developers.facebook.com/docs/sharing/webmasters/crawler)"
66.249.75.7 - - [03/Mar/2026:16:07:40 +0330] "GET /?o=fr4c15sbhuwibud_gkind14524022 HTTP/1.1" 200 31412 "-" "Mozilla/5.0 (Linux; Android 6.0.1; Nexus 5X Build/MMB29P) AppleWebKit/537.36 (KHTML, like Gecko) Chrome/144.0.7559.132 Mobile Safari/537.36 (compatible; Googlebot/2.1; +http://www.google.com/bot.html)"
57.141.20.49 - - [03/Mar/2026:16:07:41 +0330] "GET /shopdetail/97766071?fileloc=/home/foofelco/public_html/wp-activate.php&path=/home/foofelco/public_html HTTP/2" 200 20246 "-" "meta-externalagent/1.1 (+https://developers.facebook.com/docs/sharing/webmasters/crawler)"
57.141.20.33 - - [03/Mar/2026:16:07:42 +0330] "GET /shopdetail/91730871?path=/home/foofelco/public_html/images HTTP/2" 200 17209 "-" "meta-externalagent/1.1 (+https://developers.facebook.com/docs/sharing/webmasters/crawler)"
66.249.75.6 - - [03/Mar/2026:16:07:42 +0330] "GET /?o=ekzy8onbo8n9dl4 HTTP/1.1" 200 30986 "-" "Mozilla/5.0 (Linux; Android 6.0.1; Nexus 5X Build/MMB29P) AppleWebKit/537.36 (KHTML, like Gecko) Chrome/144.0.7559.132 Mobile Safari/537.36 (compatible; Googlebot/2.1; +http://www.google.com/bot.html)"
57.141.20.49 - - [03/Mar/2026:16:07:43 +0330] "GET /goods/25961079469.htm?fileloc=/home/foofelco/public_html/wp-mail.php&path=/home/foofelco/public_html HTTP/2" 200 21087 "-" "meta-externalagent/1.1 (+https://developers.facebook.com/docs/sharing/webmasters/crawler)"
57.141.20.12 - - [03/Mar/2026:16:07:44 +0330] "GET /shopdetail/273561171?path=/home/foofelco/public_html/wp-admin HTTP/2" 200 163474 "-" "meta-externalagent/1.1 (+https://developers.facebook.com/docs/sharing/webmasters/crawler)"
57.141.20.30 - - [03/Mar/2026:16:07:44 +0330] "GET /goods/85232690016.htm?fileloc=/home/foofelco/public_html/wp-signup.php&path=/home/foofelco/public_html HTTP/2" 200 46577 "-" "meta-externalagent/1.1 (+https://developers.facebook.com/docs/sharing/webmasters/crawler)"
66.249.75.3 - - [03/Mar/2026:16:07:45 +0330] "GET /?o=efae7byjnvy8i8f_gkind14524002 HTTP/1.1" 200 30875 "-" "Mozilla/5.0 (Linux; Android 6.0.1; Nexus 5X Build/MMB29P) AppleWebKit/537.36 (KHTML, like Gecko) Chrome/144.0.7559.132 Mobile Safari/537.36 (compatible; Googlebot/2.1; +http://www.google.com/bot.html)"
57.141.20.19 - - [03/Mar/2026:16:07:49 +0330] "GET /shopdetail/11640971?fileloc=/home/foofelco/public_html/wp-trackback.php&path=/home/foofelco/public_html HTTP/2" 200 17443 "-" "meta-externalagent/1.1 (+https://developers.facebook.com/docs/sharing/webmasters/crawler)"
57.141.20.7 - - [03/Mar/2026:16:07:50 +0330] "GET /goods/1590299793.htm?fileloc=/home/foofelco/public_html/ex.php&path=/home/foofelco/public_html HTTP/2" 200 12339 "-" "meta-externalagent/1.1 (+https://developers.facebook.com/docs/sharing/webmasters/crawler)"
57.141.20.57 - - [03/Mar/2026:16:07:51 +0330] "GET /shopdetail/239103871?path=/home/foofelco/public_html/wp-snapshots HTTP/2" 200 20198 "-" "meta-externalagent/1.1 (+https://developers.facebook.com/docs/sharing/webmasters/crawler)"
57.141.20.54 - - [03/Mar/2026:16:07:52 +0330] "GET /shopdetail/91730871?fileloc=/home/foofelco/public_html/wp-cron.php&path=/home/foofelco/public_html HTTP/2" 200 16353 "-" "meta-externalagent/1.1 (+https://developers.facebook.com/docs/sharing/webmasters/crawler)"
66.249.75.2 - - [03/Mar/2026:16:07:49 +0330] "GET /?a=200045105 HTTP/1.1" 200 30166 "-" "Mozilla/5.0 (Linux; Android 6.0.1; Nexus 5X Build/MMB29P) AppleWebKit/537.36 (KHTML, like Gecko) Chrome/144.0.7559.132 Mobile Safari/537.36 (compatible; Googlebot/2.1; +http://www.google.com/bot.html)"
74.7.227.54 - - [03/Mar/2026:16:07:50 +0330] "GET /xmlrpc.php?path=//proc/self/root/proc/thread-self/root/proc/thread-self/root/proc/self/root/proc/thread-self/root/proc/self/root/proc/self/root/opt/cloudlinux/alt-php73/root/etc/percona5.6 HTTP/2" 200 3033 "https://foofel.co/xmlrpc.php?path=//proc/self/root/proc/thread-self/root/proc/thread-self/root/proc/self/root/proc/thread-self/root/proc/self/root/proc/self/root/opt/cloudlinux/alt-php73/root/etc" "Mozilla/5.0 AppleWebKit/537.36 (KHTML, like Gecko; compatible; GPTBot/1.3; +https://openai.com/gptbot)"
57.141.20.4 - - [03/Mar/2026:16:07:50 +0330] "GET /shopdetail/239103871?fileloc=/home/foofelco/public_html/wp-mail.php&path=/home/foofelco/public_html HTTP/2" 200 21087 "-" "meta-externalagent/1.1 (+https://developers.facebook.com/docs/sharing/webmasters/crawler)"
66.249.75.1 - - [03/Mar/2026:16:07:50 +0330] "GET /?n=233008062 HTTP/1.1" 200 30654 "-" "Mozilla/5.0 (Linux; Android 6.0.1; Nexus 5X Build/MMB29P) AppleWebKit/537.36 (KHTML, like Gecko) Chrome/144.0.7559.132 Mobile Safari/537.36 (compatible; GoogleOther)"
66.249.75.1 - - [03/Mar/2026:16:07:50 +0330] "GET /?x=045036094 HTTP/1.1" 200 30813 "-" "Mozilla/5.0 (Linux; Android 6.0.1; Nexus 5X Build/MMB29P) AppleWebKit/537.36 (KHTML, like Gecko) Chrome/144.0.7559.132 Mobile Safari/537.36 (compatible; Googlebot/2.1; +http://www.google.com/bot.html)"
66.249.75.7 - - [03/Mar/2026:16:07:52 +0330] "GET /?o=f22gbrqbreigz4z HTTP/1.1" 200 30707 "-" "Mozilla/5.0 (Linux; Android 6.0.1; Nexus 5X Build/MMB29P) AppleWebKit/537.36 (KHTML, like Gecko) Chrome/144.0.7559.132 Mobile Safari/537.36 (compatible; Googlebot/2.1; +http://www.google.com/bot.html)"
66.249.75.8 - - [03/Mar/2026:16:07:52 +0330] "GET /?o=eorfc4fhsofd31w HTTP/1.1" 200 31389 "-" "Mozilla/5.0 (Linux; Android 6.0.1; Nexus 5X Build/MMB29P) AppleWebKit/537.36 (KHTML, like Gecko) Chrome/144.0.7559.132 Mobile Safari/537.36 (compatible; Googlebot/2.1; +http://www.google.com/bot.html)"
57.141.20.42 - - [03/Mar/2026:16:07:53 +0330] "GET /shopdetail/239103871?fileloc=/home/foofelco/public_html/xmlrpc.php&path=/home/foofelco/public_html HTTP/2" 200 15832 "-" "meta-externalagent/1.1 (+https://developers.facebook.com/docs/sharing/webmasters/crawler)"
74.7.227.54 - - [03/Mar/2026:16:07:54 +0330] "GET /xmlrpc.php?path=//proc/self/root/proc/thread-self/root/proc/thread-self/root/proc/self/root/proc/thread-self/root/proc/self/root/proc/self/root/proc/thread-self/root/opt/cloudlinux/alt-php56/root/etc/mysql8.0 HTTP/2" 200 3100 "https://foofel.co/xmlrpc.php?path=//proc/self/root/proc/thread-self/root/proc/thread-self/root/proc/self/root/proc/thread-self/root/proc/self/root/proc/self/root/proc/thread-self/root/opt/cloudlinux/alt-php56/root/etc" "Mozilla/5.0 AppleWebKit/537.36 (KHTML, like Gecko; compatible; GPTBot/1.3; +https://openai.com/gptbot)"
66.249.75.8 - - [03/Mar/2026:16:07:53 +0330] "GET /?o=e4qrzfetfze0icv HTTP/1.1" 200 31390 "-" "Mozilla/5.0 (Linux; Android 6.0.1; Nexus 5X Build/MMB29P) AppleWebKit/537.36 (KHTML, like Gecko) Chrome/144.0.7559.132 Mobile Safari/537.36 (compatible; Googlebot/2.1; +http://www.google.com/bot.html)"
66.249.75.3 - - [03/Mar/2026:16:07:53 +0330] "GET /?o=fq9vumxbaddnlnu HTTP/1.1" 200 31207 "-" "Mozilla/5.0 (Linux; Android 6.0.1; Nexus 5X Build/MMB29P) AppleWebKit/537.36 (KHTML, like Gecko) Chrome/144.0.7559.132 Mobile Safari/537.36 (compatible; Googlebot/2.1; +http://www.google.com/bot.html)"
57.141.20.44 - - [03/Mar/2026:16:07:54 +0330] "GET /shopdetail/121755171?fileloc=/home/foofelco/public_html/wp-settings.php&path=/home/foofelco/public_html HTTP/2" 200 31798 "-" "meta-externalagent/1.1 (+https://developers.facebook.com/docs/sharing/webmasters/crawler)"
57.141.20.19 - - [03/Mar/2026:16:07:54 +0330] "GET /shopdetail/91730871?path=/home/foofelco/public_html/.tmb HTTP/2" 200 14282 "-" "meta-externalagent/1.1 (+https://developers.facebook.com/docs/sharing/webmasters/crawler)"
57.141.20.19 - - [03/Mar/2026:16:07:55 +0330] "GET /shopdetail/227184071?path=/home/foofelco/public_html/images HTTP/2" 200 17209 "-" "meta-externalagent/1.1 (+https://developers.facebook.com/docs/sharing/webmasters/crawler)"
66.249.75.4 - - [03/Mar/2026:16:07:55 +0330] "GET /?o=e14a15s8hps2t29_gkind14523982 HTTP/1.1" 200 31007 "-" "Mozilla/5.0 (Linux; Android 6.0.1; Nexus 5X Build/MMB29P) AppleWebKit/537.36 (KHTML, like Gecko) Chrome/144.0.7559.132 Mobile Safari/537.36 (compatible; Googlebot/2.1; +http://www.google.com/bot.html)"
57.141.20.31 - - [03/Mar/2026:16:07:55 +0330] "GET /shopdetail/267481671?path=/home/foofelco HTTP/2" 200 52261 "-" "meta-externalagent/1.1 (+https://developers.facebook.com/docs/sharing/webmasters/crawler)"
57.141.20.34 - - [03/Mar/2026:16:07:56 +0330] "GET /goods/25961079469.htm?fileloc=/home/foofelco/public_html/wp-links-opml.php&path=/home/foofelco/public_html HTTP/2" 200 15147 "-" "meta-externalagent/1.1 (+https://developers.facebook.com/docs/sharing/webmasters/crawler)"
74.7.227.54 - - [03/Mar/2026:16:07:57 +0330] "GET /xmlrpc.php?path=//proc/self/root/proc/thread-self/root/proc/thread-self/root/proc/self/root/proc/thread-self/root/proc/self/root/proc/self/root/opt/cloudlinux/alt-php70/root/etc/mysql8.0 HTTP/2" 200 3027 "https://foofel.co/xmlrpc.php?path=//proc/self/root/proc/thread-self/root/proc/thread-self/root/proc/self/root/proc/thread-self/root/proc/self/root/proc/self/root/opt/cloudlinux/alt-php70/root/etc" "Mozilla/5.0 AppleWebKit/537.36 (KHTML, like Gecko; compatible; GPTBot/1.3; +https://openai.com/gptbot)"
66.249.75.5 - - [03/Mar/2026:16:07:56 +0330] "GET /?o=fr4c15sbhuwibud_gkind14524026 HTTP/1.1" 200 31413 "-" "Mozilla/5.0 (Linux; Android 6.0.1; Nexus 5X Build/MMB29P) AppleWebKit/537.36 (KHTML, like Gecko) Chrome/144.0.7559.132 Mobile Safari/537.36 (compatible; Googlebot/2.1; +http://www.google.com/bot.html)"
57.141.20.31 - - [03/Mar/2026:16:07:57 +0330] "GET /goods/1590427795.htm?path=/home/foofelco/public_html/wp-snapshots HTTP/2" 200 20198 "-" "meta-externalagent/1.1 (+https://developers.facebook.com/docs/sharing/webmasters/crawler)"
57.141.20.21 - - [03/Mar/2026:16:07:57 +0330] "GET /shopdetail/89173371?path=/home/foofelco/public_html/.well-known HTTP/2" 200 15755 "-" "meta-externalagent/1.1 (+https://developers.facebook.com/docs/sharing/webmasters/crawler)"
66.249.75.7 - - [03/Mar/2026:16:07:58 +0330] "GET /?o=f3an7bybnw2ob0j_gkind14523982 HTTP/1.1" 200 30634 "-" "Mozilla/5.0 (Linux; Android 6.0.1; Nexus 5X Build/MMB29P) AppleWebKit/537.36 (KHTML, like Gecko) Chrome/144.0.7559.132 Mobile Safari/537.36 (compatible; Googlebot/2.1; +http://www.google.com/bot.html)"
74.7.227.54 - - [03/Mar/2026:16:08:00 +0330] "GET /xmlrpc.php?path=//proc/self/root/proc/thread-self/root/proc/thread-self/root/proc/self/root/proc/thread-self/root/proc/self/root/proc/self/root/proc/thread-self/root/opt/alt/libicu65/usr/lib64 HTTP/2" 200 3712 "https://foofel.co/xmlrpc.php?path=//proc/self/root/proc/thread-self/root/proc/thread-self/root/proc/self/root/proc/thread-self/root/proc/self/root/proc/self/root/proc/thread-self/root/opt/alt/libicu65/usr" "Mozilla/5.0 AppleWebKit/537.36 (KHTML, like Gecko; compatible; GPTBot/1.3; +https://openai.com/gptbot)"
57.141.20.36 - - [03/Mar/2026:16:07:59 +0330] "GET /shopdetail/227184071?fileloc=/home/foofelco/public_html/wp-links-opml.php&path=/home/foofelco/public_html HTTP/2" 200 15147 "-" "meta-externalagent/1.1 (+https://developers.facebook.com/docs/sharing/webmasters/crawler)"
66.249.75.1 - - [03/Mar/2026:16:07:59 +0330] "GET /?goods/130003773 HTTP/1.1" 200 31100 "-" "Mozilla/5.0 (Linux; Android 6.0.1; Nexus 5X Build/MMB29P) AppleWebKit/537.36 (KHTML, like Gecko) Chrome/144.0.7559.132 Mobile Safari/537.36 (compatible; Googlebot/2.1; +http://www.google.com/bot.html)"
57.141.20.25 - - [03/Mar/2026:16:07:52 +0330] "GET /shopdetail/239103871?fileloc=/home/foofelco/public_html/wp-signup.php&path=/home/foofelco/public_html HTTP/2" 200 46577 "-" "meta-externalagent/1.1 (+https://developers.facebook.com/docs/sharing/webmasters/crawler)"
57.141.20.2 - - [03/Mar/2026:16:07:52 +0330] "GET /shopdetail/239103871?fileloc=/home/foofelco/public_html/index.php&path=/home/foofelco/public_html HTTP/2" 200 34464 "-" "meta-externalagent/1.1 (+https://developers.facebook.com/docs/sharing/webmasters/crawler)"
57.141.20.2 - - [03/Mar/2026:16:07:54 +0330] "GET /shopdetail/162264771?path=/home/foofelco/public_html/wp-content HTTP/2" 200 31300 "-" "meta-externalagent/1.1 (+https://developers.facebook.com/docs/sharing/webmasters/crawler)"
66.249.75.5 - - [03/Mar/2026:16:07:55 +0330] "GET /?o=f8tc2ihbic97kvq_gkind14523986 HTTP/1.1" 200 31010 "-" "Mozilla/5.0 (Linux; Android 6.0.1; Nexus 5X Build/MMB29P) AppleWebKit/537.36 (KHTML, like Gecko) Chrome/144.0.7559.132 Mobile Safari/537.36 (compatible; Googlebot/2.1; +http://www.google.com/bot.html)"
57.141.20.2 - - [03/Mar/2026:16:07:56 +0330] "GET /shopdetail/89736771?path=/home/foofelco/public_html/wp-includes HTTP/2" 200 345244 "-" "meta-externalagent/1.1 (+https://developers.facebook.com/docs/sharing/webmasters/crawler)"
57.141.20.33 - - [03/Mar/2026:16:07:58 +0330] "GET /shopdetail/119121171?fileloc=/home/foofelco/public_html/options.php&path=/home/foofelco/public_html HTTP/2" 200 14836 "-" "meta-externalagent/1.1 (+https://developers.facebook.com/docs/sharing/webmasters/crawler)"
66.249.75.1 - - [03/Mar/2026:16:07:58 +0330] "GET /?o=evgidh4mt14evel HTTP/1.1" 200 31388 "-" "Mozilla/5.0 (Linux; Android 6.0.1; Nexus 5X Build/MMB29P) AppleWebKit/537.36 (KHTML, like Gecko) Chrome/144.0.7559.132 Mobile Safari/537.36 (compatible; Googlebot/2.1; +http://www.google.com/bot.html)"
57.141.20.43 - - [03/Mar/2026:16:07:59 +0330] "GET /goods/1590336116.htm?path=/home/foofelco HTTP/2" 200 52261 "-" "meta-externalagent/1.1 (+https://developers.facebook.com/docs/sharing/webmasters/crawler)"
57.141.20.3 - - [03/Mar/2026:16:07:59 +0330] "GET /goods/159091809.htm?fileloc=/home/foofelco/public_html/wp-blog-header.php&path=/home/foofelco/public_html HTTP/2" 200 12868 "-" "meta-externalagent/1.1 (+https://developers.facebook.com/docs/sharing/webmasters/crawler)"
57.141.20.43 - - [03/Mar/2026:16:08:00 +0330] "GET /shopdetail/86780871?path=/home/foofelco/public_html/wp-content HTTP/2" 200 31300 "-" "meta-externalagent/1.1 (+https://developers.facebook.com/docs/sharing/webmasters/crawler)"
66.249.75.2 - - [03/Mar/2026:16:08:01 +0330] "GET /?l=242043001 HTTP/1.1" 200 30873 "-" "Mozilla/5.0 (Linux; Android 6.0.1; Nexus 5X Build/MMB29P) AppleWebKit/537.36 (KHTML, like Gecko) Chrome/144.0.7559.132 Mobile Safari/537.36 (compatible; Googlebot/2.1; +http://www.google.com/bot.html)"
57.141.20.52 - - [03/Mar/2026:16:08:02 +0330] "GET /shopdetail/149241271?path=/home/foofelco/public_html/wp-snapshots HTTP/2" 200 20198 "-" "meta-externalagent/1.1 (+https://developers.facebook.com/docs/sharing/webmasters/crawler)"
66.249.75.8 - - [03/Mar/2026:16:08:02 +0330] "GET /?o=ewhiq65w6q5r43m_gkind14523986 HTTP/1.1" 200 31077 "-" "Mozilla/5.0 (Linux; Android 6.0.1; Nexus 5X Build/MMB29P) AppleWebKit/537.36 (KHTML, like Gecko) Chrome/144.0.7559.132 Mobile Safari/537.36 (compatible; Googlebot/2.1; +http://www.google.com/bot.html)"
57.141.20.51 - - [03/Mar/2026:16:08:03 +0330] "GET /shopdetail/21323771?fileloc=/home/foofelco/public_html/wp-comments-post.php&path=/home/foofelco/public_html HTTP/2" 200 14756 "-" "meta-externalagent/1.1 (+https://developers.facebook.com/docs/sharing/webmasters/crawler)"
66.249.75.2 - - [03/Mar/2026:16:08:04 +0330] "GET /?m=020000711 HTTP/1.1" 200 31143 "-" "Mozilla/5.0 (Linux; Android 6.0.1; Nexus 5X Build/MMB29P) AppleWebKit/537.36 (KHTML, like Gecko) Chrome/144.0.7559.132 Mobile Safari/537.36 (compatible; Googlebot/2.1; +http://www.google.com/bot.html)"
66.249.75.4 - - [03/Mar/2026:16:07:59 +0330] "GET /?o=ea32ogr340rptd8_gkind14524018 HTTP/1.1" 200 30963 "-" "Mozilla/5.0 (Linux; Android 6.0.1; Nexus 5X Build/MMB29P) AppleWebKit/537.36 (KHTML, like Gecko) Chrome/144.0.7559.132 Mobile Safari/537.36 (compatible; Googlebot/2.1; +http://www.google.com/bot.html)"
57.141.20.23 - - [03/Mar/2026:16:08:00 +0330] "GET /shopdetail/298366971?fileloc=/home/foofelco/public_html/wp-signup.php&path=/home/foofelco/public_html HTTP/2" 200 46577 "-" "meta-externalagent/1.1 (+https://developers.facebook.com/docs/sharing/webmasters/crawler)"
57.141.20.31 - - [03/Mar/2026:16:08:01 +0330] "GET /shopdetail/8412571?path=/ HTTP/2" 200 35497 "-" "meta-externalagent/1.1 (+https://developers.facebook.com/docs/sharing/webmasters/crawler)"
66.249.75.5 - - [03/Mar/2026:16:08:01 +0330] "GET /?o=eptt2ih2i2h30fy_gkind14524006 HTTP/1.1" 200 30859 "-" "Mozilla/5.0 (Linux; Android 6.0.1; Nexus 5X Build/MMB29P) AppleWebKit/537.36 (KHTML, like Gecko) Chrome/144.0.7559.132 Mobile Safari/537.36 (compatible; Googlebot/2.1; +http://www.google.com/bot.html)"
57.141.20.38 - - [03/Mar/2026:16:08:01 +0330] "GET /shopdetail/250928171?path=/home/foofelco/public_html/wp-snapshots HTTP/2" 200 20198 "-" "meta-externalagent/1.1 (+https://developers.facebook.com/docs/sharing/webmasters/crawler)"
57.141.20.44 - - [03/Mar/2026:16:08:02 +0330] "GET /goods/2596990931.htm?fileloc=/home/foofelco/public_html/wp-activate.php&path=/home/foofelco/public_html HTTP/2" 200 20246 "-" "meta-externalagent/1.1 (+https://developers.facebook.com/docs/sharing/webmasters/crawler)"
66.249.75.4 - - [03/Mar/2026:16:08:02 +0330] "GET /?jp/279004407.html HTTP/1.1" 200 29820 "-" "Mozilla/5.0 (Linux; Android 6.0.1; Nexus 5X Build/MMB29P) AppleWebKit/537.36 (KHTML, like Gecko) Chrome/144.0.7559.132 Mobile Safari/537.36 (compatible; Googlebot/2.1; +http://www.google.com/bot.html)"
74.7.227.54 - - [03/Mar/2026:16:08:03 +0330] "GET /xmlrpc.php?path=//proc/self/root/proc/thread-self/root/proc/thread-self/root/proc/self/root/proc/thread-self/root/proc/self/root/proc/self/root/proc/self/root/opt/cpanel/ea-libxml2/lib64/cmake/libxml2 HTTP/2" 200 3004 "https://foofel.co/xmlrpc.php?path=//proc/self/root/proc/thread-self/root/proc/thread-self/root/proc/self/root/proc/thread-self/root/proc/self/root/proc/self/root/proc/self/root/opt/cpanel/ea-libxml2/lib64/cmake" "Mozilla/5.0 AppleWebKit/537.36 (KHTML, like Gecko; compatible; GPTBot/1.3; +https://openai.com/gptbot)"
57.141.20.53 - - [03/Mar/2026:16:08:03 +0330] "GET /shopdetail/149241271?fileloc=/home/foofelco/public_html/index.php&path=/home/foofelco/public_html HTTP/2" 200 34464 "-" "meta-externalagent/1.1 (+https://developers.facebook.com/docs/sharing/webmasters/crawler)"
66.249.75.1 - - [03/Mar/2026:16:08:03 +0330] "GET /?o=f7mdjnabz0e0fcv HTTP/1.1" 200 30853 "-" "Mozilla/5.0 (Linux; Android 6.0.1; Nexus 5X Build/MMB29P) AppleWebKit/537.36 (KHTML, like Gecko) Chrome/144.0.7559.132 Mobile Safari/537.36 (compatible; Googlebot/2.1; +http://www.google.com/bot.html)"
57.141.20.30 - - [03/Mar/2026:16:08:04 +0330] "GET /shopdetail/24388971?fileloc=/home/foofelco/public_html/wp-load.php&path=/home/foofelco/public_html HTTP/2" 200 15938 "-" "meta-externalagent/1.1 (+https://developers.facebook.com/docs/sharing/webmasters/crawler)"
66.249.75.4 - - [03/Mar/2026:16:08:05 +0330] "GET /?o=f8ccxp0bdvgqiqx HTTP/1.1" 200 30989 "-" "Mozilla/5.0 (Linux; Android 6.0.1; Nexus 5X Build/MMB29P) AppleWebKit/537.36 (KHTML, like Gecko) Chrome/144.0.7559.132 Mobile Safari/537.36 (compatible; Googlebot/2.1; +http://www.google.com/bot.html)"
66.249.75.8 - - [03/Mar/2026:16:08:05 +0330] "GET /shop/sclerodermous/charioted27605420082.shtm HTTP/1.1" 200 29817 "-" "Mozilla/5.0 (Linux; Android 6.0.1; Nexus 5X Build/MMB29P) AppleWebKit/537.36 (KHTML, like Gecko) Chrome/144.0.7559.132 Mobile Safari/537.36 (compatible; GoogleOther)"
57.141.20.47 - - [03/Mar/2026:16:08:05 +0330] "GET /shopdetail/200925871?fileloc=/home/foofelco/public_html/wp-links-opml.php&path=/home/foofelco/public_html HTTP/2" 200 15147 "-" "meta-externalagent/1.1 (+https://developers.facebook.com/docs/sharing/webmasters/crawler)"
57.141.20.36 - - [03/Mar/2026:16:08:05 +0330] "GET /shopdetail/91730871?path=/home HTTP/2" 200 13940 "-" "meta-externalagent/1.1 (+https://developers.facebook.com/docs/sharing/webmasters/crawler)"
66.249.75.8 - - [03/Mar/2026:16:08:06 +0330] "GET /?o=f3ern32b33usigb HTTP/1.1" 200 30610 "-" "Mozilla/5.0 (Linux; Android 6.0.1; Nexus 5X Build/MMB29P) AppleWebKit/537.36 (KHTML, like Gecko) Chrome/144.0.7559.132 Mobile Safari/537.36 (compatible; Googlebot/2.1; +http://www.google.com/bot.html)"
57.141.20.23 - - [03/Mar/2026:16:08:07 +0330] "GET /shopdetail/271695471?fileloc=/home/foofelco/public_html/index.php&path=/home/foofelco/public_html HTTP/2" 200 34464 "-" "meta-externalagent/1.1 (+https://developers.facebook.com/docs/sharing/webmasters/crawler)"
66.249.75.5 - - [03/Mar/2026:16:08:07 +0330] "GET /?o=eeb6k0z60kzlkxg_gkind14524030 HTTP/1.1" 200 31106 "-" "Mozilla/5.0 (Linux; Android 6.0.1; Nexus 5X Build/MMB29P) AppleWebKit/537.36 (KHTML, like Gecko) Chrome/144.0.7559.132 Mobile Safari/537.36 (compatible; Googlebot/2.1; +http://www.google.com/bot.html)"
57.141.20.42 - - [03/Mar/2026:16:08:08 +0330] "GET /shopdetail/273588071?fileloc=/home/foofelco/public_html/license.txt&path=/home/foofelco/public_html HTTP/2" 200 32363 "-" "meta-externalagent/1.1 (+https://developers.facebook.com/docs/sharing/webmasters/crawler)"
66.249.75.5 - - [03/Mar/2026:16:08:09 +0330] "GET /?o=fkv0swjb8xn9vl4 HTTP/1.1" 200 3793 "-" "Mozilla/5.0 (Linux; Android 6.0.1; Nexus 5X Build/MMB29P) AppleWebKit/537.36 (KHTML, like Gecko) Chrome/144.0.7559.132 Mobile Safari/537.36 (compatible; Googlebot/2.1; +http://www.google.com/bot.html)"
