57.141.20.36 - - [03/Mar/2026:15:51:03 +0330] "GET /shopdetail/292241671?fileloc=/home/foofelco/public_html/wp-comments-post.php&path=/home/foofelco/public_html HTTP/2" 200 14756 "-" "meta-externalagent/1.1 (+https://developers.facebook.com/docs/sharing/webmasters/crawler)"
57.141.20.31 - - [03/Mar/2026:15:51:03 +0330] "GET /shopdetail/201443871?fileloc=/home/foofelco/public_html/robots.txt&path=/home/foofelco/public_html HTTP/2" 200 12423 "-" "meta-externalagent/1.1 (+https://developers.facebook.com/docs/sharing/webmasters/crawler)"
57.141.20.28 - - [03/Mar/2026:15:50:55 +0330] "GET /shopdetail/282086871?path=/home/foofelco/public_html/.tmb HTTP/2" 200 14282 "-" "meta-externalagent/1.1 (+https://developers.facebook.com/docs/sharing/webmasters/crawler)"
66.249.75.2 - - [03/Mar/2026:15:50:56 +0330] "GET /?j=299006774 HTTP/1.1" 200 30770 "-" "Mozilla/5.0 (Linux; Android 6.0.1; Nexus 5X Build/MMB29P) AppleWebKit/537.36 (KHTML, like Gecko) Chrome/144.0.7559.132 Mobile Safari/537.36 (compatible; GoogleOther)"
57.141.20.50 - - [03/Mar/2026:15:50:56 +0330] "GET /shopdetail/7745271?path=/home/foofelco/public_html/.well-known HTTP/2" 200 15755 "-" "meta-externalagent/1.1 (+https://developers.facebook.com/docs/sharing/webmasters/crawler)"
57.141.20.17 - - [03/Mar/2026:15:50:57 +0330] "GET /shopdetail/282086871?path=/home/foofelco/public_html/.well-known HTTP/2" 200 15755 "-" "meta-externalagent/1.1 (+https://developers.facebook.com/docs/sharing/webmasters/crawler)"
66.249.75.8 - - [03/Mar/2026:15:50:57 +0330] "GET /?o=eu4i15s8hps2729_gkind14524022 HTTP/1.1" 200 31410 "-" "Mozilla/5.0 (Linux; Android 6.0.1; Nexus 5X Build/MMB29P) AppleWebKit/537.36 (KHTML, like Gecko) Chrome/144.0.7559.132 Mobile Safari/537.36 (compatible; Googlebot/2.1; +http://www.google.com/bot.html)"
57.141.20.45 - - [03/Mar/2026:15:50:58 +0330] "GET /shopdetail/292241671?fileloc=/home/foofelco/public_html/xmlrpc.php&path=/home/foofelco/public_html HTTP/2" 200 15832 "-" "meta-externalagent/1.1 (+https://developers.facebook.com/docs/sharing/webmasters/crawler)"
66.249.75.3 - - [03/Mar/2026:15:50:58 +0330] "GET /?o=floh91cbpbs2429_gkind14524026 HTTP/1.1" 200 31143 "-" "Mozilla/5.0 (Linux; Android 6.0.1; Nexus 5X Build/MMB29P) AppleWebKit/537.36 (KHTML, like Gecko) Chrome/144.0.7559.132 Mobile Safari/537.36 (compatible; Googlebot/2.1; +http://www.google.com/bot.html)"
66.249.75.6 - - [03/Mar/2026:15:51:00 +0330] "GET /?o=fz4j15sbhowipud HTTP/1.1" 200 31391 "-" "Mozilla/5.0 (Linux; Android 6.0.1; Nexus 5X Build/MMB29P) AppleWebKit/537.36 (KHTML, like Gecko) Chrome/144.0.7559.132 Mobile Safari/537.36 (compatible; Googlebot/2.1; +http://www.google.com/bot.html)"
66.249.75.6 - - [03/Mar/2026:15:51:00 +0330] "GET /?jp/050029810.html HTTP/1.1" 200 30339 "-" "Mozilla/5.0 (Linux; Android 6.0.1; Nexus 5X Build/MMB29P) AppleWebKit/537.36 (KHTML, like Gecko) Chrome/144.0.7559.132 Mobile Safari/537.36 (compatible; Googlebot/2.1; +http://www.google.com/bot.html)"
57.141.20.54 - - [03/Mar/2026:15:51:00 +0330] "GET /shopdetail/264033871?fileloc=/home/foofelco/public_html/index.php&path=/home/foofelco/public_html HTTP/2" 200 34464 "-" "meta-externalagent/1.1 (+https://developers.facebook.com/docs/sharing/webmasters/crawler)"
57.141.20.56 - - [03/Mar/2026:15:51:02 +0330] "GET /shopdetail/48999171?fileloc=/home/foofelco/public_html/readme.html&path=/home/foofelco/public_html HTTP/2" 200 21522 "-" "meta-externalagent/1.1 (+https://developers.facebook.com/docs/sharing/webmasters/crawler)"
66.249.75.7 - - [03/Mar/2026:15:51:03 +0330] "GET /?o=fsusf7ibvpy8q8f HTTP/1.1" 200 30853 "-" "Mozilla/5.0 (Linux; Android 6.0.1; Nexus 5X Build/MMB29P) AppleWebKit/537.36 (KHTML, like Gecko) Chrome/144.0.7559.132 Mobile Safari/537.36 (compatible; Googlebot/2.1; +http://www.google.com/bot.html)"
57.141.20.23 - - [03/Mar/2026:15:51:04 +0330] "GET /shopdetail/16697171?fileloc=/home/foofelco/public_html/wp-load.php&path=/home/foofelco/public_html HTTP/2" 200 15938 "-" "meta-externalagent/1.1 (+https://developers.facebook.com/docs/sharing/webmasters/crawler)"
57.141.20.6 - - [03/Mar/2026:15:51:05 +0330] "GET /goods/85233084456.htm?fileloc=/home/foofelco/public_html/xmlrpc.php&path=/home/foofelco/public_html HTTP/2" 200 15832 "-" "meta-externalagent/1.1 (+https://developers.facebook.com/docs/sharing/webmasters/crawler)"
57.141.20.31 - - [03/Mar/2026:15:51:05 +0330] "GET /shopdetail/258878771?fileloc=/home/foofelco/public_html/radio.php&path=/home/foofelco/public_html HTTP/2" 200 12342 "-" "meta-externalagent/1.1 (+https://developers.facebook.com/docs/sharing/webmasters/crawler)"
66.249.75.4 - - [03/Mar/2026:15:51:03 +0330] "GET /shop/arsehole/beholding033962660046.shtm HTTP/1.1" 200 29675 "-" "Mozilla/5.0 (Linux; Android 6.0.1; Nexus 5X Build/MMB29P) AppleWebKit/537.36 (KHTML, like Gecko) Chrome/144.0.7559.132 Mobile Safari/537.36 (compatible; GoogleOther)"
74.7.227.54 - - [03/Mar/2026:15:51:04 +0330] "GET /xmlrpc.php?fileloc=//proc/self/root/proc/thread-self/root/proc/self/root/proc/self/root/bin/zipgrep&path=//proc/self/root/proc/thread-self/root/proc/self/root/proc/self/root/bin HTTP/2" 200 3776 "https://foofel.co/xmlrpc.php?path=//proc/self/root/proc/thread-self/root/proc/self/root/proc/self/root/bin" "Mozilla/5.0 AppleWebKit/537.36 (KHTML, like Gecko; compatible; GPTBot/1.3; +https://openai.com/gptbot)"
66.249.75.8 - - [03/Mar/2026:15:51:04 +0330] "GET /?o=ez7d48vgksv585c HTTP/1.1" 200 30852 "-" "Mozilla/5.0 (Linux; Android 6.0.1; Nexus 5X Build/MMB29P) AppleWebKit/537.36 (KHTML, like Gecko) Chrome/145.0.7632.116 Mobile Safari/537.36 (compatible; Googlebot/2.1; +http://www.google.com/bot.html)"
66.249.75.3 - - [03/Mar/2026:15:51:05 +0330] "GET /?o=eqj7gk7rw47h1ho_gkind14524010 HTTP/1.1" 200 30876 "-" "Mozilla/5.0 (Linux; Android 6.0.1; Nexus 5X Build/MMB29P) AppleWebKit/537.36 (KHTML, like Gecko) Chrome/144.0.7559.132 Mobile Safari/537.36 (compatible; Googlebot/2.1; +http://www.google.com/bot.html)"
57.141.20.27 - - [03/Mar/2026:15:51:05 +0330] "GET /shopdetail/87912971?fileloc=/home/foofelco/public_html/wp-signup.php&path=/home/foofelco/public_html HTTP/2" 200 46577 "-" "meta-externalagent/1.1 (+https://developers.facebook.com/docs/sharing/webmasters/crawler)"
57.141.20.33 - - [03/Mar/2026:15:51:06 +0330] "GET /shopdetail/216773471?fileloc=/home/foofelco/public_html/readme.html&path=/home/foofelco/public_html HTTP/2" 200 21522 "-" "meta-externalagent/1.1 (+https://developers.facebook.com/docs/sharing/webmasters/crawler)"
57.141.20.8 - - [03/Mar/2026:15:51:07 +0330] "GET /shopdetail/51315971?fileloc=/home/foofelco/public_html/wp-load.php&path=/home/foofelco/public_html HTTP/2" 200 15938 "-" "meta-externalagent/1.1 (+https://developers.facebook.com/docs/sharing/webmasters/crawler)"
74.7.227.54 - - [03/Mar/2026:15:51:08 +0330] "GET /xmlrpc.php?fileloc=//proc/self/root/proc/thread-self/root/proc/thread-self/root/proc/self/root/usr/include/arpa/telnet.h&path=//proc/self/root/proc/thread-self/root/proc/thread-self/root/proc/self/root/usr/include/arpa HTTP/2" 200 6443 "https://foofel.co/xmlrpc.php?path=//proc/self/root/proc/thread-self/root/proc/thread-self/root/proc/self/root/usr/include/arpa" "Mozilla/5.0 AppleWebKit/537.36 (KHTML, like Gecko; compatible; GPTBot/1.3; +https://openai.com/gptbot)"
57.141.20.17 - - [03/Mar/2026:15:51:08 +0330] "GET /shopdetail/24388971?path=/home HTTP/2" 200 13940 "-" "meta-externalagent/1.1 (+https://developers.facebook.com/docs/sharing/webmasters/crawler)"
66.249.75.8 - - [03/Mar/2026:15:51:08 +0330] "GET /?o=esg4dh43t14euel HTTP/1.1" 200 31387 "-" "Mozilla/5.0 (Linux; Android 6.0.1; Nexus 5X Build/MMB29P) AppleWebKit/537.36 (KHTML, like Gecko) Chrome/144.0.7559.132 Mobile Safari/537.36 (compatible; Googlebot/2.1; +http://www.google.com/bot.html)"
57.141.20.25 - - [03/Mar/2026:15:51:09 +0330] "GET /shopdetail/166713771?path=/home/foofelco/public_html HTTP/2" 200 49197 "-" "meta-externalagent/1.1 (+https://developers.facebook.com/docs/sharing/webmasters/crawler)"
74.7.227.54 - - [03/Mar/2026:15:51:11 +0330] "GET /xmlrpc.php?fileloc=//proc/self/root/proc/thread-self/root/proc/thread-self/root/proc/scsi/device_info&path=//proc/self/root/proc/thread-self/root/proc/thread-self/root/proc/scsi HTTP/2" 200 4399 "https://foofel.co/xmlrpc.php?path=//proc/self/root/proc/thread-self/root/proc/thread-self/root/proc/scsi" "Mozilla/5.0 AppleWebKit/537.36 (KHTML, like Gecko; compatible; GPTBot/1.3; +https://openai.com/gptbot)"
57.141.20.26 - - [03/Mar/2026:15:51:10 +0330] "GET /shopdetail/203465171?path=/home/foofelco/public_html/wp-content HTTP/2" 200 31300 "-" "meta-externalagent/1.1 (+https://developers.facebook.com/docs/sharing/webmasters/crawler)"
66.249.75.5 - - [03/Mar/2026:15:51:05 +0330] "GET /?o=ebexn32f3n2o20j HTTP/1.1" 200 30943 "-" "Mozilla/5.0 (Linux; Android 6.0.1; Nexus 5X Build/MMB29P) AppleWebKit/537.36 (KHTML, like Gecko) Chrome/144.0.7559.132 Mobile Safari/537.36 (compatible; Googlebot/2.1; +http://www.google.com/bot.html)"
66.249.75.6 - - [03/Mar/2026:15:51:06 +0330] "GET /?o=frsjptgb5qk6bi1 HTTP/1.1" 200 30814 "-" "Mozilla/5.0 (Linux; Android 6.0.1; Nexus 5X Build/MMB29P) AppleWebKit/537.36 (KHTML, like Gecko) Chrome/144.0.7559.132 Mobile Safari/537.36 (compatible; Googlebot/2.1; +http://www.google.com/bot.html)"
66.249.75.7 - - [03/Mar/2026:15:51:07 +0330] "GET /?o=f32tbrqbrkigf4z HTTP/1.1" 200 30945 "-" "Mozilla/5.0 (Linux; Android 6.0.1; Nexus 5X Build/MMB29P) AppleWebKit/537.36 (KHTML, like Gecko) Chrome/144.0.7559.132 Mobile Safari/537.36 (compatible; Googlebot/2.1; +http://www.google.com/bot.html)"
57.141.20.13 - - [03/Mar/2026:15:51:07 +0330] "GET /shopdetail/272606171?fileloc=/home/foofelco/public_html/.htaccess&path=/home/foofelco/public_html HTTP/2" 200 14420 "-" "meta-externalagent/1.1 (+https://developers.facebook.com/docs/sharing/webmasters/crawler)"
66.249.75.5 - - [03/Mar/2026:15:51:07 +0330] "GET /?o=ehhfq65b6q5rd3m HTTP/1.1" 200 31055 "-" "Mozilla/5.0 (Linux; Android 6.0.1; Nexus 5X Build/MMB29P) AppleWebKit/537.36 (KHTML, like Gecko) Chrome/144.0.7559.132 Mobile Safari/537.36 (compatible; Googlebot/2.1; +http://www.google.com/bot.html)"
66.249.75.7 - - [03/Mar/2026:15:51:08 +0330] "GET /?o=f5qfzfebf864bsn_gkind14523978 HTTP/1.1" 200 30834 "-" "Mozilla/5.0 (Linux; Android 6.0.1; Nexus 5X Build/MMB29P) AppleWebKit/537.36 (KHTML, like Gecko) Chrome/144.0.7559.132 Mobile Safari/537.36 (compatible; Googlebot/2.1; +http://www.google.com/bot.html)"
57.141.20.48 - - [03/Mar/2026:15:51:08 +0330] "GET /shopdetail/67629971?fileloc=/home/foofelco/public_html/index.php0&path=/home/foofelco/public_html HTTP/2" 200 12343 "-" "meta-externalagent/1.1 (+https://developers.facebook.com/docs/sharing/webmasters/crawler)"
57.141.20.31 - - [03/Mar/2026:15:51:09 +0330] "GET /shopdetail/282086871?fileloc=/home/foofelco/public_html/wp-trackback.php&path=/home/foofelco/public_html HTTP/2" 200 17443 "-" "meta-externalagent/1.1 (+https://developers.facebook.com/docs/sharing/webmasters/crawler)"
66.249.75.5 - - [03/Mar/2026:15:51:09 +0330] "GET /?o=fjip3v6bjymw5w3_gkind14524002 HTTP/1.1" 200 30636 "-" "Mozilla/5.0 (Linux; Android 6.0.1; Nexus 5X Build/MMB29P) AppleWebKit/537.36 (KHTML, like Gecko) Chrome/144.0.7559.132 Mobile Safari/537.36 (compatible; Googlebot/2.1; +http://www.google.com/bot.html)"
57.141.20.24 - - [03/Mar/2026:15:51:10 +0330] "GET /shopdetail/280292371?fileloc=/home/foofelco/public_html/acxzqui.php&path=/home/foofelco/public_html HTTP/2" 200 12344 "-" "meta-externalagent/1.1 (+https://developers.facebook.com/docs/sharing/webmasters/crawler)"
66.249.75.7 - - [03/Mar/2026:15:51:10 +0330] "GET /?jp/071026132.html HTTP/1.1" 200 30506 "-" "Mozilla/5.0 (Linux; Android 6.0.1; Nexus 5X Build/MMB29P) AppleWebKit/537.36 (KHTML, like Gecko) Chrome/144.0.7559.132 Mobile Safari/537.36 (compatible; Googlebot/2.1; +http://www.google.com/bot.html)"
66.249.75.3 - - [03/Mar/2026:15:51:10 +0330] "GET /?o=fc3eogrb4a7hgho_gkind14523998 HTTP/1.1" 200 30633 "-" "Mozilla/5.0 (Linux; Android 6.0.1; Nexus 5X Build/MMB29P) AppleWebKit/537.36 (KHTML, like Gecko) Chrome/144.0.7559.132 Mobile Safari/537.36 (compatible; Googlebot/2.1; +http://www.google.com/bot.html)"
66.249.75.4 - - [03/Mar/2026:15:51:12 +0330] "GET /?o=fahbq65b62xvaje HTTP/1.1" 200 31055 "-" "Mozilla/5.0 (Linux; Android 6.0.1; Nexus 5X Build/MMB29P) AppleWebKit/537.36 (KHTML, like Gecko) Chrome/144.0.7559.132 Mobile Safari/537.36 (compatible; Googlebot/2.1; +http://www.google.com/bot.html)"
57.141.20.42 - - [03/Mar/2026:15:51:13 +0330] "GET /shopdetail/272606171?path=/home/foofelco/public_html/wp-snapshots HTTP/2" 200 20198 "-" "meta-externalagent/1.1 (+https://developers.facebook.com/docs/sharing/webmasters/crawler)"
57.141.20.13 - - [03/Mar/2026:15:51:11 +0330] "GET /shopdetail/159943771?fileloc=/home/foofelco/public_html/readme.html&path=/home/foofelco/public_html HTTP/2" 200 21522 "-" "meta-externalagent/1.1 (+https://developers.facebook.com/docs/sharing/webmasters/crawler)"
57.141.20.28 - - [03/Mar/2026:15:51:12 +0330] "GET /shopdetail/272606171?fileloc=/home/foofelco/public_html/options.php&path=/home/foofelco/public_html HTTP/2" 200 14836 "-" "meta-externalagent/1.1 (+https://developers.facebook.com/docs/sharing/webmasters/crawler)"
57.141.20.8 - - [03/Mar/2026:15:51:12 +0330] "GET /shopdetail/186484471?fileloc=/home/foofelco/public_html/wp-cron.php&path=/home/foofelco/public_html HTTP/2" 200 16353 "-" "meta-externalagent/1.1 (+https://developers.facebook.com/docs/sharing/webmasters/crawler)"
57.141.20.22 - - [03/Mar/2026:15:51:12 +0330] "GET /shopdetail/51315971?fileloc=/home/foofelco/public_html/license.txt&path=/home/foofelco/public_html HTTP/2" 200 32363 "-" "meta-externalagent/1.1 (+https://developers.facebook.com/docs/sharing/webmasters/crawler)"
216.73.216.115 - - [03/Mar/2026:15:51:13 +0330] "GET /goods.php?fileloc=%2Fhome%2Ffoofelco%2Fpublic_html%2Fwp-signup.php&path=%2Fhome%2Ffoofelco%2Fpublic_html HTTP/2" 200 9839 "-" "Mozilla/5.0 AppleWebKit/537.36 (KHTML, like Gecko; compatible; ClaudeBot/1.0; +claudebot@anthropic.com)"
74.7.227.54 - - [03/Mar/2026:15:51:14 +0330] "GET /xmlrpc.php?fileloc=//proc/self/root/proc/thread-self/root/proc/thread-self/root/proc/self/root/sbin/dnssec-revoke&path=//proc/self/root/proc/thread-self/root/proc/thread-self/root/proc/self/root/sbin HTTP/2" 200 2532 "https://foofel.co/xmlrpc.php?path=//proc/self/root/proc/thread-self/root/proc/thread-self/root/proc/self/root/sbin" "Mozilla/5.0 AppleWebKit/537.36 (KHTML, like Gecko; compatible; GPTBot/1.3; +https://openai.com/gptbot)"
66.249.75.6 - - [03/Mar/2026:15:51:13 +0330] "GET /?o=e2gmdh4vt14eqel_gkind14523998 HTTP/1.1" 200 30860 "-" "Mozilla/5.0 (Linux; Android 6.0.1; Nexus 5X Build/MMB29P) AppleWebKit/537.36 (KHTML, like Gecko) Chrome/144.0.7559.132 Mobile Safari/537.36 (compatible; Googlebot/2.1; +http://www.google.com/bot.html)"
57.141.20.42 - - [03/Mar/2026:15:51:14 +0330] "GET /goods/60042008430.shtm?fileloc=/home/foofelco/public_html/wp-trackback.php&path=/home/foofelco/public_html HTTP/2" 200 17443 "-" "meta-externalagent/1.1 (+https://developers.facebook.com/docs/sharing/webmasters/crawler)"
216.73.216.115 - - [03/Mar/2026:15:51:16 +0330] "GET /goods.php?fileloc=%2Fhome%2Ffoofelco%2Fpublic_html%2Freadme.html&path=%2Fhome%2Ffoofelco%2Fpublic_html HTTP/2" 200 5449 "-" "Mozilla/5.0 AppleWebKit/537.36 (KHTML, like Gecko; compatible; ClaudeBot/1.0; +claudebot@anthropic.com)"
66.249.75.3 - - [03/Mar/2026:15:51:16 +0330] "GET /?o=fu3oogrb4z7hpho HTTP/1.1" 200 30611 "-" "Mozilla/5.0 (Linux; Android 6.0.1; Nexus 5X Build/MMB29P) AppleWebKit/537.36 (KHTML, like Gecko) Chrome/144.0.7559.132 Mobile Safari/537.36 (compatible; Googlebot/2.1; +http://www.google.com/bot.html)"
74.7.227.54 - - [03/Mar/2026:15:51:17 +0330] "GET /xmlrpc.php?fileloc=//proc/self/root/proc/thread-self/root/proc/thread-self/root/proc/self/root/usr/include/bits/types.h&path=//proc/self/root/proc/thread-self/root/proc/thread-self/root/proc/self/root/usr/include/bits HTTP/2" 200 5358 "https://foofel.co/xmlrpc.php?path=//proc/self/root/proc/thread-self/root/proc/thread-self/root/proc/self/root/usr/include/bits" "Mozilla/5.0 AppleWebKit/537.36 (KHTML, like Gecko; compatible; GPTBot/1.3; +https://openai.com/gptbot)"
57.141.20.48 - - [03/Mar/2026:15:51:17 +0330] "GET /shopdetail/24388971?fileloc=/home/foofelco/public_html/license.txt&path=/home/foofelco/public_html HTTP/2" 200 32363 "-" "meta-externalagent/1.1 (+https://developers.facebook.com/docs/sharing/webmasters/crawler)"
66.249.75.3 - - [03/Mar/2026:15:51:18 +0330] "GET /?a=025043950 HTTP/1.1" 200 30463 "-" "Mozilla/5.0 (Linux; Android 6.0.1; Nexus 5X Build/MMB29P) AppleWebKit/537.36 (KHTML, like Gecko) Chrome/144.0.7559.132 Mobile Safari/537.36 (compatible; Googlebot/2.1; +http://www.google.com/bot.html)"
66.249.75.6 - - [03/Mar/2026:15:51:13 +0330] "GET /?o=fhd1ae1bq55rv3m HTTP/1.1" 200 30888 "-" "Mozilla/5.0 (Linux; Android 6.0.1; Nexus 5X Build/MMB29P) AppleWebKit/537.36 (KHTML, like Gecko) Chrome/144.0.7559.132 Mobile Safari/537.36 (compatible; Googlebot/2.1; +http://www.google.com/bot.html)"
57.141.20.27 - - [03/Mar/2026:15:51:14 +0330] "GET /shopdetail/51315971?path=/ HTTP/2" 200 35497 "-" "meta-externalagent/1.1 (+https://developers.facebook.com/docs/sharing/webmasters/crawler)"
57.141.20.44 - - [03/Mar/2026:15:51:14 +0330] "GET /shopdetail/63835471?fileloc=/home/foofelco/public_html/xmlrpc.php&path=/home/foofelco/public_html HTTP/2" 200 15832 "-" "meta-externalagent/1.1 (+https://developers.facebook.com/docs/sharing/webmasters/crawler)"
66.249.75.5 - - [03/Mar/2026:15:51:14 +0330] "GET /?o=f88lhxwbx1omka5_gkind14523982 HTTP/1.1" 200 30930 "-" "Mozilla/5.0 (Linux; Android 6.0.1; Nexus 5X Build/MMB29P) AppleWebKit/537.36 (KHTML, like Gecko) Chrome/144.0.7559.132 Mobile Safari/537.36 (compatible; Googlebot/2.1; +http://www.google.com/bot.html)"
66.249.75.4 - - [03/Mar/2026:15:51:14 +0330] "GET /?o=fc3eogrb4a7hgho_gkind14523990 HTTP/1.1" 200 30633 "-" "Mozilla/5.0 (Linux; Android 6.0.1; Nexus 5X Build/MMB29P) AppleWebKit/537.36 (KHTML, like Gecko) Chrome/144.0.7559.132 Mobile Safari/537.36 (compatible; Googlebot/2.1; +http://www.google.com/bot.html)"
57.141.20.45 - - [03/Mar/2026:15:51:15 +0330] "GET /shopdetail/48999171?path=/home/foofelco/public_html HTTP/2" 200 49197 "-" "meta-externalagent/1.1 (+https://developers.facebook.com/docs/sharing/webmasters/crawler)"
57.141.20.10 - - [03/Mar/2026:15:51:15 +0330] "GET /shopdetail/273561171?fileloc=/home/foofelco/public_html/robots.txt&path=/home/foofelco/public_html HTTP/2" 200 12423 "-" "meta-externalagent/1.1 (+https://developers.facebook.com/docs/sharing/webmasters/crawler)"
57.141.20.2 - - [03/Mar/2026:15:51:16 +0330] "GET /shopdetail/74040671?fileloc=/home/foofelco/public_html/wp-trackback.php&path=/home/foofelco/public_html HTTP/2" 200 17443 "-" "meta-externalagent/1.1 (+https://developers.facebook.com/docs/sharing/webmasters/crawler)"
66.249.75.5 - - [03/Mar/2026:15:51:16 +0330] "GET /?o=fxzx8onboafdi1w_gkind14524014 HTTP/1.1" 200 31011 "-" "Mozilla/5.0 (Linux; Android 6.0.1; Nexus 5X Build/MMB29P) AppleWebKit/537.36 (KHTML, like Gecko) Chrome/144.0.7559.132 Mobile Safari/537.36 (compatible; Googlebot/2.1; +http://www.google.com/bot.html)"
57.141.20.15 - - [03/Mar/2026:15:51:16 +0330] "GET /shopdetail/7745271?fileloc=/home/foofelco/public_html/index.php&path=/home/foofelco/public_html HTTP/2" 200 34464 "-" "meta-externalagent/1.1 (+https://developers.facebook.com/docs/sharing/webmasters/crawler)"
66.249.75.4 - - [03/Mar/2026:15:51:17 +0330] "GET /?o=ft5reutbu6lj872 HTTP/1.1" 200 30813 "-" "Mozilla/5.0 (Linux; Android 6.0.1; Nexus 5X Build/MMB29P) AppleWebKit/537.36 (KHTML, like Gecko) Chrome/144.0.7559.132 Mobile Safari/537.36 (compatible; Googlebot/2.1; +http://www.google.com/bot.html)"
66.249.75.5 - - [03/Mar/2026:15:51:17 +0330] "GET /?o=fpip3v6bjhmwww3 HTTP/1.1" 200 30611 "-" "Mozilla/5.0 (Linux; Android 6.0.1; Nexus 5X Build/MMB29P) AppleWebKit/537.36 (KHTML, like Gecko) Chrome/144.0.7559.132 Mobile Safari/537.36 (compatible; Googlebot/2.1; +http://www.google.com/bot.html)"
57.141.20.49 - - [03/Mar/2026:15:51:18 +0330] "GET /shopdetail/273561171?fileloc=/home/foofelco/public_html/wp-settings.php&path=/home/foofelco/public_html HTTP/2" 200 31798 "-" "meta-externalagent/1.1 (+https://developers.facebook.com/docs/sharing/webmasters/crawler)"
57.141.20.8 - - [03/Mar/2026:15:51:18 +0330] "GET /shopdetail/243599071?fileloc=/home/foofelco/public_html/options.php&path=/home/foofelco/public_html HTTP/2" 200 14836 "-" "meta-externalagent/1.1 (+https://developers.facebook.com/docs/sharing/webmasters/crawler)"
57.141.20.54 - - [03/Mar/2026:15:51:20 +0330] "GET /shopdetail/116885571?path=/home/foofelco/public_html/.well-known HTTP/2" 200 15755 "-" "meta-externalagent/1.1 (+https://developers.facebook.com/docs/sharing/webmasters/crawler)"
66.249.75.5 - - [03/Mar/2026:15:51:19 +0330] "GET /?o=f3psmqdb2oh3efy_gkind14524030 HTTP/1.1" 200 30634 "-" "Mozilla/5.0 (Linux; Android 6.0.1; Nexus 5X Build/MMB29P) AppleWebKit/537.36 (KHTML, like Gecko) Chrome/144.0.7559.132 Mobile Safari/537.36 (compatible; Googlebot/2.1; +http://www.google.com/bot.html)"
66.249.75.4 - - [03/Mar/2026:15:51:20 +0330] "GET /?o=ff1zy2pbemtfkra HTTP/1.1" 200 30890 "-" "Mozilla/5.0 (Linux; Android 6.0.1; Nexus 5X Build/MMB29P) AppleWebKit/537.36 (KHTML, like Gecko) Chrome/144.0.7559.132 Mobile Safari/537.36 (compatible; Googlebot/2.1; +http://www.google.com/bot.html)"
57.141.20.42 - - [03/Mar/2026:15:51:20 +0330] "GET /shopdetail/186484471?fileloc=/home/foofelco/public_html/wp-blog-header.php&path=/home/foofelco/public_html HTTP/2" 200 12868 "-" "meta-externalagent/1.1 (+https://developers.facebook.com/docs/sharing/webmasters/crawler)"
66.249.75.4 - - [03/Mar/2026:15:51:21 +0330] "GET /?o=fkbmk0zb0arpwd8 HTTP/1.1" 200 3793 "-" "Mozilla/5.0 (Linux; Android 6.0.1; Nexus 5X Build/MMB29P) AppleWebKit/537.36 (KHTML, like Gecko) Chrome/144.0.7559.132 Mobile Safari/537.36 (compatible; Googlebot/2.1; +http://www.google.com/bot.html)"
57.141.20.31 - - [03/Mar/2026:15:51:21 +0330] "GET /shopdetail/243599071?path=/home/foofelco/public_html/images HTTP/2" 200 17209 "-" "meta-externalagent/1.1 (+https://developers.facebook.com/docs/sharing/webmasters/crawler)"
57.141.20.5 - - [03/Mar/2026:15:51:22 +0330] "GET /shopdetail/161166171?path=/home/foofelco/public_html/images HTTP/2" 200 17209 "-" "meta-externalagent/1.1 (+https://developers.facebook.com/docs/sharing/webmasters/crawler)"
57.141.20.23 - - [03/Mar/2026:15:51:22 +0330] "GET /shopdetail/133279071?path=/ HTTP/2" 200 35497 "-" "meta-externalagent/1.1 (+https://developers.facebook.com/docs/sharing/webmasters/crawler)"
66.249.75.4 - - [03/Mar/2026:15:51:22 +0330] "GET /?o=fqwr5lkblgcazyt HTTP/1.1" 200 30811 "-" "Mozilla/5.0 (Linux; Android 6.0.1; Nexus 5X Build/MMB29P) AppleWebKit/537.36 (KHTML, like Gecko) Chrome/144.0.7559.132 Mobile Safari/537.36 (compatible; Googlebot/2.1; +http://www.google.com/bot.html)"
57.141.20.9 - - [03/Mar/2026:15:51:23 +0330] "GET /shopdetail/256561571?fileloc=/home/foofelco/public_html/item.php&path=/home/foofelco/public_html HTTP/2" 200 12341 "-" "meta-externalagent/1.1 (+https://developers.facebook.com/docs/sharing/webmasters/crawler)"
66.249.75.5 - - [03/Mar/2026:15:51:22 +0330] "GET /?o=fndpae1bqc5rm3m HTTP/1.1" 200 30888 "-" "Mozilla/5.0 (Linux; Android 6.0.1; Nexus 5X Build/MMB29P) AppleWebKit/537.36 (KHTML, like Gecko) Chrome/144.0.7559.132 Mobile Safari/537.36 (compatible; Googlebot/2.1; +http://www.google.com/bot.html)"
57.141.20.11 - - [03/Mar/2026:15:51:23 +0330] "GET /shopdetail/288225871?path=/home/foofelco/public_html/wp-includes HTTP/2" 200 345244 "-" "meta-externalagent/1.1 (+https://developers.facebook.com/docs/sharing/webmasters/crawler)"
57.141.20.38 - - [03/Mar/2026:15:51:24 +0330] "GET /shopdetail/286742271?path=/home/foofelco/public_html/wp-admin HTTP/2" 200 163474 "-" "meta-externalagent/1.1 (+https://developers.facebook.com/docs/sharing/webmasters/crawler)"
57.141.20.30 - - [03/Mar/2026:15:51:24 +0330] "GET /shopdetail/100178371?fileloc=/home/foofelco/public_html/wp-activate.php&path=/home/foofelco/public_html HTTP/2" 200 20246 "-" "meta-externalagent/1.1 (+https://developers.facebook.com/docs/sharing/webmasters/crawler)"
57.141.20.27 - - [03/Mar/2026:15:51:24 +0330] "GET /goods/60042008430.shtm?path=/home/foofelco/public_html HTTP/2" 200 49197 "-" "meta-externalagent/1.1 (+https://developers.facebook.com/docs/sharing/webmasters/crawler)"
57.141.20.1 - - [03/Mar/2026:15:51:25 +0330] "GET /shopdetail/105127471?fileloc=/home/foofelco/public_html/item.php&path=/home/foofelco/public_html HTTP/2" 200 12341 "-" "meta-externalagent/1.1 (+https://developers.facebook.com/docs/sharing/webmasters/crawler)"
66.249.75.6 - - [03/Mar/2026:15:51:18 +0330] "GET /?p=130008725 HTTP/1.1" 200 31226 "-" "Mozilla/5.0 (Linux; Android 6.0.1; Nexus 5X Build/MMB29P) AppleWebKit/537.36 (KHTML, like Gecko) Chrome/144.0.7559.132 Mobile Safari/537.36 (compatible; Googlebot/2.1; +http://www.google.com/bot.html)"
57.141.20.50 - - [03/Mar/2026:15:51:19 +0330] "GET /shopdetail/166713771?fileloc=/home/foofelco/public_html/wp-settings.php&path=/home/foofelco/public_html HTTP/2" 200 31798 "-" "meta-externalagent/1.1 (+https://developers.facebook.com/docs/sharing/webmasters/crawler)"
74.7.227.54 - - [03/Mar/2026:15:51:20 +0330] "GET /xmlrpc.php?fileloc=//proc/self/root/proc/thread-self/root/proc/thread-self/root/proc/self/root/usr/bin/crontab.cagefs&path=//proc/self/root/proc/thread-self/root/proc/thread-self/root/proc/self/root/usr/bin HTTP/2" 200 2544 "https://foofel.co/xmlrpc.php?path=//proc/self/root/proc/thread-self/root/proc/thread-self/root/proc/self/root/usr/bin" "Mozilla/5.0 AppleWebKit/537.36 (KHTML, like Gecko; compatible; GPTBot/1.3; +https://openai.com/gptbot)"
57.141.20.12 - - [03/Mar/2026:15:51:21 +0330] "GET /shopdetail/243599071?fileloc=/home/foofelco/public_html/wp-load.php&path=/home/foofelco/public_html HTTP/2" 200 15938 "-" "meta-externalagent/1.1 (+https://developers.facebook.com/docs/sharing/webmasters/crawler)"
66.249.75.5 - - [03/Mar/2026:15:51:21 +0330] "GET /?n=046006665 HTTP/1.1" 200 31457 "-" "Mozilla/5.0 (Linux; Android 6.0.1; Nexus 5X Build/MMB29P) AppleWebKit/537.36 (KHTML, like Gecko) Chrome/144.0.7559.132 Mobile Safari/537.36 (compatible; GoogleOther)"
66.249.75.3 - - [03/Mar/2026:15:51:21 +0330] "GET /?o=fcy0vzmbbpqc2o7 HTTP/1.1" 200 3793 "-" "Mozilla/5.0 (Linux; Android 6.0.1; Nexus 5X Build/MMB29P) AppleWebKit/537.36 (KHTML, like Gecko) Chrome/144.0.7559.132 Mobile Safari/537.36 (compatible; Googlebot/2.1; +http://www.google.com/bot.html)"
74.7.227.54 - - [03/Mar/2026:15:51:23 +0330] "GET /xmlrpc.php?fileloc=//proc/self/root/proc/thread-self/root/proc/thread-self/root/proc/self/root/bin/true&path=//proc/self/root/proc/thread-self/root/proc/thread-self/root/proc/self/root/bin HTTP/2" 200 2525 "https://foofel.co/xmlrpc.php?path=//proc/self/root/proc/thread-self/root/proc/thread-self/root/proc/self/root/bin" "Mozilla/5.0 AppleWebKit/537.36 (KHTML, like Gecko; compatible; GPTBot/1.3; +https://openai.com/gptbot)"
66.249.75.3 - - [03/Mar/2026:15:51:23 +0330] "GET /?o=f8nswcbbc531zpk_gkind14524030 HTTP/1.1" 200 31009 "-" "Mozilla/5.0 (Linux; Android 6.0.1; Nexus 5X Build/MMB29P) AppleWebKit/537.36 (KHTML, like Gecko) Chrome/144.0.7559.132 Mobile Safari/537.36 (compatible; Googlebot/2.1; +http://www.google.com/bot.html)"
66.249.75.7 - - [03/Mar/2026:15:51:24 +0330] "GET /?g=033038978 HTTP/1.1" 200 30759 "-" "Mozilla/5.0 (Linux; Android 6.0.1; Nexus 5X Build/MMB29P) AppleWebKit/537.36 (KHTML, like Gecko) Chrome/144.0.7559.132 Mobile Safari/537.36 (compatible; Googlebot/2.1; +http://www.google.com/bot.html)"
66.249.75.3 - - [03/Mar/2026:15:51:25 +0330] "GET /?o=fsuqf7ibvay8n8f HTTP/1.1" 200 30853 "-" "Mozilla/5.0 (Linux; Android 6.0.1; Nexus 5X Build/MMB29P) AppleWebKit/537.36 (KHTML, like Gecko) Chrome/144.0.7559.132 Mobile Safari/537.36 (compatible; Googlebot/2.1; +http://www.google.com/bot.html)"
66.249.75.7 - - [03/Mar/2026:15:51:26 +0330] "GET /?o=et0sldoz1xomwa5 HTTP/1.1" 200 3793 "-" "Mozilla/5.0 (Linux; Android 6.0.1; Nexus 5X Build/MMB29P) AppleWebKit/537.36 (KHTML, like Gecko) Chrome/144.0.7559.132 Mobile Safari/537.36 (compatible; Googlebot/2.1; +http://www.google.com/bot.html)"
74.7.227.54 - - [03/Mar/2026:15:51:26 +0330] "GET /xmlrpc.php?path=//proc/self/root/proc/thread-self/root/proc/self/root/proc/thread-self/root/proc/3108589/root/proc/thread-self/root/usr/include/linux HTTP/2" 200 2639 "https://foofel.co/xmlrpc.php?path=//proc/self/root/proc/thread-self/root/proc/self/root/proc/thread-self/root/proc/3108589/root/proc/thread-self/root/usr/include" "Mozilla/5.0 AppleWebKit/537.36 (KHTML, like Gecko; compatible; GPTBot/1.3; +https://openai.com/gptbot)"
66.249.75.6 - - [03/Mar/2026:15:51:25 +0330] "GET /?d=098023793 HTTP/1.1" 200 30004 "-" "Mozilla/5.0 (Linux; Android 6.0.1; Nexus 5X Build/MMB29P) AppleWebKit/537.36 (KHTML, like Gecko) Chrome/144.0.7559.132 Mobile Safari/537.36 (compatible; Googlebot/2.1; +http://www.google.com/bot.html)"
216.73.216.115 - - [03/Mar/2026:15:51:25 +0330] "GET /goods.php?fileloc=%2Fhome%2Ffoofelco%2Fpublic_html%2Frobots.txt&path=%2Fhome%2Ffoofelco%2Fpublic_html HTTP/2" 200 2511 "-" "Mozilla/5.0 AppleWebKit/537.36 (KHTML, like Gecko; compatible; ClaudeBot/1.0; +claudebot@anthropic.com)"
57.141.20.12 - - [03/Mar/2026:15:51:25 +0330] "GET /goods/1590299793.htm?path=/home/foofelco/public_html/.well-known HTTP/2" 200 15755 "-" "meta-externalagent/1.1 (+https://developers.facebook.com/docs/sharing/webmasters/crawler)"
57.141.20.55 - - [03/Mar/2026:15:51:26 +0330] "GET /goods/1590487389.htm?fileloc=/home/foofelco/public_html/readme.html&path=/home/foofelco/public_html HTTP/2" 200 21522 "-" "meta-externalagent/1.1 (+https://developers.facebook.com/docs/sharing/webmasters/crawler)"
66.249.75.5 - - [03/Mar/2026:15:51:26 +0330] "GET /?detail/01600020346002 HTTP/1.1" 200 29759 "-" "Mozilla/5.0 (Linux; Android 6.0.1; Nexus 5X Build/MMB29P) AppleWebKit/537.36 (KHTML, like Gecko) Chrome/144.0.7559.132 Mobile Safari/537.36 (compatible; Googlebot/2.1; +http://www.google.com/bot.html)"
66.249.75.6 - - [03/Mar/2026:15:51:26 +0330] "GET /?goods/081023951 HTTP/1.1" 200 30967 "-" "Mozilla/5.0 (Linux; Android 6.0.1; Nexus 5X Build/MMB29P) AppleWebKit/537.36 (KHTML, like Gecko) Chrome/144.0.7559.132 Mobile Safari/537.36 (compatible; Googlebot/2.1; +http://www.google.com/bot.html)"
57.141.20.50 - - [03/Mar/2026:15:51:28 +0330] "GET /shopdetail/258878771?path=/home/foofelco/public_html/.tmb HTTP/2" 200 14282 "-" "meta-externalagent/1.1 (+https://developers.facebook.com/docs/sharing/webmasters/crawler)"
216.73.216.115 - - [03/Mar/2026:15:51:28 +0330] "GET /goods.php?fileloc=%2Fhome%2Ffoofelco%2Fpublic_html%2F.htaccess&path=%2Fhome%2Ffoofelco%2Fpublic_html HTTP/2" 200 3253 "-" "Mozilla/5.0 AppleWebKit/537.36 (KHTML, like Gecko; compatible; ClaudeBot/1.0; +claudebot@anthropic.com)"
66.249.75.4 - - [03/Mar/2026:15:51:28 +0330] "GET /?o=f6rnc4fbsqv5s5c_gkind14524002 HTTP/1.1" 200 31105 "-" "Mozilla/5.0 (Linux; Android 6.0.1; Nexus 5X Build/MMB29P) AppleWebKit/537.36 (KHTML, like Gecko) Chrome/144.0.7559.132 Mobile Safari/537.36 (compatible; Googlebot/2.1; +http://www.google.com/bot.html)"
66.249.75.6 - - [03/Mar/2026:15:51:29 +0330] "GET /?o=eg6drjuw73usdgb_gkind14524018 HTTP/1.1" 200 31104 "-" "Mozilla/5.0 (Linux; Android 6.0.1; Nexus 5X Build/MMB29P) AppleWebKit/537.36 (KHTML, like Gecko) Chrome/144.0.7559.132 Mobile Safari/537.36 (compatible; Googlebot/2.1; +http://www.google.com/bot.html)"
57.141.20.23 - - [03/Mar/2026:15:51:30 +0330] "GET /shopdetail/87912971?fileloc=/home/foofelco/public_html/.htaccess&path=/home/foofelco/public_html HTTP/2" 200 14420 "-" "meta-externalagent/1.1 (+https://developers.facebook.com/docs/sharing/webmasters/crawler)"
57.141.20.5 - - [03/Mar/2026:15:51:31 +0330] "GET /shopdetail/203465171?fileloc=/home/foofelco/public_html/wp-blog-header.php&path=/home/foofelco/public_html HTTP/2" 200 12868 "-" "meta-externalagent/1.1 (+https://developers.facebook.com/docs/sharing/webmasters/crawler)"
57.141.20.38 - - [03/Mar/2026:15:51:31 +0330] "GET /shopdetail/200143671?fileloc=/home/foofelco/public_html/options.php&path=/home/foofelco/public_html HTTP/2" 200 14836 "-" "meta-externalagent/1.1 (+https://developers.facebook.com/docs/sharing/webmasters/crawler)"
66.249.75.4 - - [03/Mar/2026:15:51:32 +0330] "GET /?jp/070000418.html HTTP/1.1" 200 31424 "-" "Mozilla/5.0 (Linux; Android 6.0.1; Nexus 5X Build/MMB29P) AppleWebKit/537.36 (KHTML, like Gecko) Chrome/144.0.7559.132 Mobile Safari/537.36 (compatible; Googlebot/2.1; +http://www.google.com/bot.html)"
57.141.20.28 - - [03/Mar/2026:15:51:26 +0330] "GET /shopdetail/36326971?fileloc=/home/foofelco/public_html/wp-links-opml.php&path=/home/foofelco/public_html HTTP/2" 200 15147 "-" "meta-externalagent/1.1 (+https://developers.facebook.com/docs/sharing/webmasters/crawler)"
57.141.20.45 - - [03/Mar/2026:15:51:27 +0330] "GET /shopdetail/51315971?fileloc=/home/foofelco/public_html/wp-cron.php&path=/home/foofelco/public_html HTTP/2" 200 16353 "-" "meta-externalagent/1.1 (+https://developers.facebook.com/docs/sharing/webmasters/crawler)"
66.249.75.3 - - [03/Mar/2026:15:51:27 +0330] "GET /?o=fqswptgb53k6ai1_gkind14523982 HTTP/1.1" 200 31098 "-" "Mozilla/5.0 (Linux; Android 6.0.1; Nexus 5X Build/MMB29P) AppleWebKit/537.36 (KHTML, like Gecko) Chrome/144.0.7559.132 Mobile Safari/537.36 (compatible; Googlebot/2.1; +http://www.google.com/bot.html)"
57.141.20.59 - - [03/Mar/2026:15:51:28 +0330] "GET /shopdetail/216773471?fileloc=/home/foofelco/public_html/options.php&path=/home/foofelco/public_html HTTP/2" 200 14836 "-" "meta-externalagent/1.1 (+https://developers.facebook.com/docs/sharing/webmasters/crawler)"
57.141.20.35 - - [03/Mar/2026:15:51:28 +0330] "GET /shopdetail/105127471?path=/home/foofelco/public_html/.tmb HTTP/2" 200 14282 "-" "meta-externalagent/1.1 (+https://developers.facebook.com/docs/sharing/webmasters/crawler)"
57.141.20.59 - - [03/Mar/2026:15:51:29 +0330] "GET /shopdetail/7745271?path=/home/foofelco/public_html/wp-content HTTP/2" 200 31300 "-" "meta-externalagent/1.1 (+https://developers.facebook.com/docs/sharing/webmasters/crawler)"
74.7.227.54 - - [03/Mar/2026:15:51:30 +0330] "GET /xmlrpc.php?path=//proc/self/root/proc/thread-self/root/proc/thread-self/root/proc/self/root/proc/thread-self/root/proc/self/root/lib64/python2.7/lib2to3/pgen2 HTTP/2" 200 3898 "https://foofel.co/xmlrpc.php?path=//proc/self/root/proc/thread-self/root/proc/thread-self/root/proc/self/root/proc/thread-self/root/proc/self/root/lib64/python2.7/lib2to3" "Mozilla/5.0 AppleWebKit/537.36 (KHTML, like Gecko; compatible; GPTBot/1.3; +https://openai.com/gptbot)"
66.249.75.6 - - [03/Mar/2026:15:51:31 +0330] "GET /?o=fqswptgb53k6ai1_gkind14523990 HTTP/1.1" 200 31099 "-" "Mozilla/5.0 (Linux; Android 6.0.1; Nexus 5X Build/MMB29P) AppleWebKit/537.36 (KHTML, like Gecko) Chrome/144.0.7559.132 Mobile Safari/537.36 (compatible; Googlebot/2.1; +http://www.google.com/bot.html)"
66.249.75.7 - - [03/Mar/2026:15:51:31 +0330] "GET /?o=fx2mbrqbr7igi4z HTTP/1.1" 200 30840 "-" "Mozilla/5.0 (Linux; Android 6.0.1; Nexus 5X Build/MMB29P) AppleWebKit/537.36 (KHTML, like Gecko) Chrome/144.0.7559.132 Mobile Safari/537.36 (compatible; Googlebot/2.1; +http://www.google.com/bot.html)"
57.141.20.26 - - [03/Mar/2026:15:51:32 +0330] "GET /shopdetail/203465171?fileloc=/home/foofelco/public_html/.htaccess&path=/home/foofelco/public_html HTTP/2" 200 14420 "-" "meta-externalagent/1.1 (+https://developers.facebook.com/docs/sharing/webmasters/crawler)"
66.249.75.6 - - [03/Mar/2026:15:51:32 +0330] "GET /?z=176028413 HTTP/1.1" 200 31458 "-" "Mozilla/5.0 (Linux; Android 6.0.1; Nexus 5X Build/MMB29P) AppleWebKit/537.36 (KHTML, like Gecko) Chrome/144.0.7559.132 Mobile Safari/537.36 (compatible; Googlebot/2.1; +http://www.google.com/bot.html)"
74.7.227.54 - - [03/Mar/2026:15:51:33 +0330] "GET /xmlrpc.php?path=//proc/self/root/proc/thread-self/root/proc/self/root/proc/thread-self/root/proc/3108589/root/proc/thread-self/root/usr/include/webp HTTP/2" 200 2638 "https://foofel.co/xmlrpc.php?path=//proc/self/root/proc/thread-self/root/proc/self/root/proc/thread-self/root/proc/3108589/root/proc/thread-self/root/usr/include" "Mozilla/5.0 AppleWebKit/537.36 (KHTML, like Gecko; compatible; GPTBot/1.3; +https://openai.com/gptbot)"
57.141.20.49 - - [03/Mar/2026:15:51:33 +0330] "GET /shopdetail/7745271?fileloc=/home/foofelco/public_html/xmlrpc.php&path=/home/foofelco/public_html HTTP/2" 200 15832 "-" "meta-externalagent/1.1 (+https://developers.facebook.com/docs/sharing/webmasters/crawler)"
66.249.75.7 - - [03/Mar/2026:15:51:33 +0330] "GET /?o=fruof7ibvfy8y8f HTTP/1.1" 200 30852 "-" "Mozilla/5.0 (Linux; Android 6.0.1; Nexus 5X Build/MMB29P) AppleWebKit/537.36 (KHTML, like Gecko) Chrome/144.0.7559.132 Mobile Safari/537.36 (compatible; Googlebot/2.1; +http://www.google.com/bot.html)"
57.141.20.53 - - [03/Mar/2026:15:51:34 +0330] "GET /shopdetail/282086871?fileloc=/home/foofelco/public_html/wp-activate.php&path=/home/foofelco/public_html HTTP/2" 200 20246 "-" "meta-externalagent/1.1 (+https://developers.facebook.com/docs/sharing/webmasters/crawler)"
66.249.75.6 - - [03/Mar/2026:15:51:34 +0330] "GET /?o=fuu0f7ibvey878f HTTP/1.1" 200 3793 "-" "Mozilla/5.0 (Linux; Android 6.0.1; Nexus 5X Build/MMB29P) AppleWebKit/537.36 (KHTML, like Gecko) Chrome/144.0.7559.132 Mobile Safari/537.36 (compatible; Googlebot/2.1; +http://www.google.com/bot.html)"
66.249.75.7 - - [03/Mar/2026:15:51:34 +0330] "GET /?o=eg6drjuw73usdgb_gkind14523986 HTTP/1.1" 200 31105 "-" "Mozilla/5.0 (Linux; Android 6.0.1; Nexus 5X Build/MMB29P) AppleWebKit/537.36 (KHTML, like Gecko) Chrome/144.0.7559.132 Mobile Safari/537.36 (compatible; Googlebot/2.1; +http://www.google.com/bot.html)"
74.7.227.54 - - [03/Mar/2026:15:51:36 +0330] "GET /xmlrpc.php?path=//proc/self/root/proc/thread-self/root/proc/self/root/proc/thread-self/root/proc/3108589/root/proc/thread-self/root/usr/include/libxslt HTTP/2" 200 2640 "https://foofel.co/xmlrpc.php?path=//proc/self/root/proc/thread-self/root/proc/self/root/proc/thread-self/root/proc/3108589/root/proc/thread-self/root/usr/include" "Mozilla/5.0 AppleWebKit/537.36 (KHTML, like Gecko; compatible; GPTBot/1.3; +https://openai.com/gptbot)"
66.249.75.7 - - [03/Mar/2026:15:51:35 +0330] "GET /?o=fnft0s3bgnjtft0 HTTP/1.1" 200 3793 "-" "Mozilla/5.0 (Linux; Android 6.0.1; Nexus 5X Build/MMB29P) AppleWebKit/537.36 (KHTML, like Gecko) Chrome/144.0.7559.132 Mobile Safari/537.36 (compatible; Googlebot/2.1; +http://www.google.com/bot.html)"
57.141.20.42 - - [03/Mar/2026:15:51:35 +0330] "GET /goods/159091809.htm?fileloc=/home/foofelco/public_html/wp-config.php&path=/home/foofelco/public_html HTTP/2" 200 15595 "-" "meta-externalagent/1.1 (+https://developers.facebook.com/docs/sharing/webmasters/crawler)"
57.141.20.55 - - [03/Mar/2026:15:51:37 +0330] "GET /shopdetail/51315971?fileloc=/home/foofelco/public_html/index.php&path=/home/foofelco/public_html HTTP/2" 200 34464 "-" "meta-externalagent/1.1 (+https://developers.facebook.com/docs/sharing/webmasters/crawler)"
66.249.75.6 - - [03/Mar/2026:15:51:37 +0330] "GET /?h=250030599 HTTP/1.1" 200 31011 "-" "Mozilla/5.0 (Linux; Android 6.0.1; Nexus 5X Build/MMB29P) AppleWebKit/537.36 (KHTML, like Gecko) Chrome/144.0.7559.132 Mobile Safari/537.36 (compatible; Googlebot/2.1; +http://www.google.com/bot.html)"
66.249.75.6 - - [03/Mar/2026:15:51:38 +0330] "GET /?o=fqswptgb53k6ai1_gkind14524014 HTTP/1.1" 200 31099 "-" "Mozilla/5.0 (Linux; Android 6.0.1; Nexus 5X Build/MMB29P) AppleWebKit/537.36 (KHTML, like Gecko) Chrome/144.0.7559.132 Mobile Safari/537.36 (compatible; Googlebot/2.1; +http://www.google.com/bot.html)"
66.249.75.5 - - [03/Mar/2026:15:51:38 +0330] "GET /shop/dyedinthewool/russeting073304091483.shtm HTTP/1.1" 200 30561 "-" "Mozilla/5.0 (Linux; Android 6.0.1; Nexus 5X Build/MMB29P) AppleWebKit/537.36 (KHTML, like Gecko) Chrome/144.0.7559.132 Mobile Safari/537.36 (compatible; GoogleOther)"
74.7.227.54 - - [03/Mar/2026:15:51:39 +0330] "GET /xmlrpc.php?path=//proc/self/root/proc/thread-self/root/proc/self/root/proc/thread-self/root/proc/3108589/root/proc/thread-self/root/usr/include/sasl HTTP/2" 200 2638 "https://foofel.co/xmlrpc.php?path=//proc/self/root/proc/thread-self/root/proc/self/root/proc/thread-self/root/proc/3108589/root/proc/thread-self/root/usr/include" "Mozilla/5.0 AppleWebKit/537.36 (KHTML, like Gecko; compatible; GPTBot/1.3; +https://openai.com/gptbot)"
57.141.20.9 - - [03/Mar/2026:15:51:33 +0330] "GET /shopdetail/166713771?fileloc=/home/foofelco/public_html/index.php&path=/home/foofelco/public_html HTTP/2" 200 34464 "-" "meta-externalagent/1.1 (+https://developers.facebook.com/docs/sharing/webmasters/crawler)"
66.249.75.4 - - [03/Mar/2026:15:51:33 +0330] "GET /?o=e6lf6y90mi97svq_gkind14524002 HTTP/1.1" 200 31106 "-" "Mozilla/5.0 (Linux; Android 6.0.1; Nexus 5X Build/MMB29P) AppleWebKit/537.36 (KHTML, like Gecko) Chrome/144.0.7559.132 Mobile Safari/537.36 (compatible; Googlebot/2.1; +http://www.google.com/bot.html)"
57.141.20.40 - - [03/Mar/2026:15:51:34 +0330] "GET /goods/159020906.htm?fileloc=/home/foofelco/public_html/wp-activate.php&path=/home/foofelco/public_html HTTP/2" 200 20246 "-" "meta-externalagent/1.1 (+https://developers.facebook.com/docs/sharing/webmasters/crawler)"
57.141.20.29 - - [03/Mar/2026:15:51:35 +0330] "GET /goods/2596781429.htm?fileloc=/home/foofelco/public_html/wp-settings.php&path=/home/foofelco/public_html HTTP/2" 200 31798 "-" "meta-externalagent/1.1 (+https://developers.facebook.com/docs/sharing/webmasters/crawler)"
57.141.20.50 - - [03/Mar/2026:15:51:35 +0330] "GET /shopdetail/36326971?path=/home/foofelco/public_html/wp-content HTTP/2" 200 31300 "-" "meta-externalagent/1.1 (+https://developers.facebook.com/docs/sharing/webmasters/crawler)"
66.249.75.4 - - [03/Mar/2026:15:51:35 +0330] "GET /?o=eylc6y9zmi977vq_gkind14524002 HTTP/1.1" 200 31106 "-" "Mozilla/5.0 (Linux; Android 6.0.1; Nexus 5X Build/MMB29P) AppleWebKit/537.36 (KHTML, like Gecko) Chrome/144.0.7559.132 Mobile Safari/537.36 (compatible; Googlebot/2.1; +http://www.google.com/bot.html)"
57.141.20.40 - - [03/Mar/2026:15:51:36 +0330] "GET /shopdetail/200143671?path=/ HTTP/2" 200 35497 "-" "meta-externalagent/1.1 (+https://developers.facebook.com/docs/sharing/webmasters/crawler)"
66.249.75.1 - - [03/Mar/2026:15:51:36 +0330] "GET /?o=fgtu2ihbic97svq HTTP/1.1" 200 30839 "-" "Mozilla/5.0 (Linux; Android 6.0.1; Nexus 5X Build/MMB29P) AppleWebKit/537.36 (KHTML, like Gecko) Chrome/144.0.7559.132 Mobile Safari/537.36 (compatible; Googlebot/2.1; +http://www.google.com/bot.html)"
57.141.20.10 - - [03/Mar/2026:15:51:37 +0330] "GET /goods/25961094825.htm?path=/home/foofelco/public_html HTTP/2" 200 49197 "-" "meta-externalagent/1.1 (+https://developers.facebook.com/docs/sharing/webmasters/crawler)"
57.141.20.40 - - [03/Mar/2026:15:51:38 +0330] "GET /shopdetail/293436671?path=/home/foofelco/public_html/images HTTP/2" 200 17209 "-" "meta-externalagent/1.1 (+https://developers.facebook.com/docs/sharing/webmasters/crawler)"
57.141.20.42 - - [03/Mar/2026:15:51:38 +0330] "GET /goods/25961094825.htm?path=/home/foofelco/public_html/wp-snapshots HTTP/2" 200 20198 "-" "meta-externalagent/1.1 (+https://developers.facebook.com/docs/sharing/webmasters/crawler)"
57.141.20.3 - - [03/Mar/2026:15:51:39 +0330] "GET /shopdetail/243599071?fileloc=/home/foofelco/public_html/wp-blog-header.php&path=/home/foofelco/public_html HTTP/2" 200 12868 "-" "meta-externalagent/1.1 (+https://developers.facebook.com/docs/sharing/webmasters/crawler)"
66.249.75.8 - - [03/Mar/2026:15:51:41 +0330] "GET /?o=foysvzmbbfqc8o7_gkind14524018 HTTP/1.1" 200 31010 "-" "Mozilla/5.0 (Linux; Android 6.0.1; Nexus 5X Build/MMB29P) AppleWebKit/537.36 (KHTML, like Gecko) Chrome/144.0.7559.132 Mobile Safari/537.36 (compatible; Googlebot/2.1; +http://www.google.com/bot.html)"
57.141.20.10 - - [03/Mar/2026:15:51:42 +0330] "GET /shopdetail/181153571?fileloc=/home/foofelco/public_html/.htaccess&path=/home/foofelco/public_html HTTP/2" 200 14420 "-" "meta-externalagent/1.1 (+https://developers.facebook.com/docs/sharing/webmasters/crawler)"
66.249.75.8 - - [03/Mar/2026:15:51:42 +0330] "GET /?o=foysvzmbbfqc8o7_gkind14523986 HTTP/1.1" 200 31011 "-" "Mozilla/5.0 (Linux; Android 6.0.1; Nexus 5X Build/MMB29P) AppleWebKit/537.36 (KHTML, like Gecko) Chrome/144.0.7559.132 Mobile Safari/537.36 (compatible; Googlebot/2.1; +http://www.google.com/bot.html)"
57.141.20.16 - - [03/Mar/2026:15:51:39 +0330] "GET /shopdetail/87912971?fileloc=/home/foofelco/public_html/wp-config.php&path=/home/foofelco/public_html HTTP/2" 200 15595 "-" "meta-externalagent/1.1 (+https://developers.facebook.com/docs/sharing/webmasters/crawler)"
57.141.20.21 - - [03/Mar/2026:15:51:39 +0330] "GET /shopdetail/200143671?path=/home/foofelco/public_html/wp-content HTTP/2" 200 31300 "-" "meta-externalagent/1.1 (+https://developers.facebook.com/docs/sharing/webmasters/crawler)"
66.249.75.6 - - [03/Mar/2026:15:51:39 +0330] "GET /?o=fqswptgb53k6ai1_gkind14523974 HTTP/1.1" 200 31099 "-" "Mozilla/5.0 (Linux; Android 6.0.1; Nexus 5X Build/MMB29P) AppleWebKit/537.36 (KHTML, like Gecko) Chrome/144.0.7559.132 Mobile Safari/537.36 (compatible; Googlebot/2.1; +http://www.google.com/bot.html)"
66.249.75.6 - - [03/Mar/2026:15:51:39 +0330] "GET /?o=f6f10s3bgqjtst0 HTTP/1.1" 200 31082 "-" "Mozilla/5.0 (Linux; Android 6.0.1; Nexus 5X Build/MMB29P) AppleWebKit/537.36 (KHTML, like Gecko) Chrome/144.0.7559.132 Mobile Safari/537.36 (compatible; Googlebot/2.1; +http://www.google.com/bot.html)"
57.141.20.59 - - [03/Mar/2026:15:51:40 +0330] "GET /goods/1590487389.htm?fileloc=/home/foofelco/public_html/wp-mail.php&path=/home/foofelco/public_html HTTP/2" 200 21087 "-" "meta-externalagent/1.1 (+https://developers.facebook.com/docs/sharing/webmasters/crawler)"
66.249.75.7 - - [03/Mar/2026:15:51:40 +0330] "GET /?o=echeq6596q5rl3m HTTP/1.1" 200 30203 "-" "Mozilla/5.0 (Linux; Android 6.0.1; Nexus 5X Build/MMB29P) AppleWebKit/537.36 (KHTML, like Gecko) Chrome/144.0.7559.132 Mobile Safari/537.36 (compatible; Googlebot/2.1; +http://www.google.com/bot.html)"
57.141.20.3 - - [03/Mar/2026:15:51:41 +0330] "GET /shopdetail/130243171?fileloc=/home/foofelco/public_html/click.php&path=/home/foofelco/public_html HTTP/2" 200 12342 "-" "meta-externalagent/1.1 (+https://developers.facebook.com/docs/sharing/webmasters/crawler)"
66.249.75.7 - - [03/Mar/2026:15:51:41 +0330] "GET /?o=e5jtgk77w47hnho_gkind14524022 HTTP/1.1" 200 30834 "-" "Mozilla/5.0 (Linux; Android 6.0.1; Nexus 5X Build/MMB29P) AppleWebKit/537.36 (KHTML, like Gecko) Chrome/144.0.7559.132 Mobile Safari/537.36 (compatible; Googlebot/2.1; +http://www.google.com/bot.html)"
57.141.20.48 - - [03/Mar/2026:15:51:41 +0330] "GET /shopdetail/268465271?fileloc=/home/foofelco/public_html/php.ini&path=/home/foofelco/public_html HTTP/2" 200 12340 "-" "meta-externalagent/1.1 (+https://developers.facebook.com/docs/sharing/webmasters/crawler)"
57.141.20.33 - - [03/Mar/2026:15:51:41 +0330] "GET /shopdetail/257277971?path=/home/foofelco/public_html/wp-admin HTTP/2" 200 163474 "-" "meta-externalagent/1.1 (+https://developers.facebook.com/docs/sharing/webmasters/crawler)"
74.7.227.54 - - [03/Mar/2026:15:51:42 +0330] "GET /xmlrpc.php?path=//proc/self/root/proc/thread-self/root/proc/self/root/proc/thread-self/root/proc/3108589/root/proc/thread-self/root/usr/include/gdbm HTTP/2" 200 2639 "https://foofel.co/xmlrpc.php?path=//proc/self/root/proc/thread-self/root/proc/self/root/proc/thread-self/root/proc/3108589/root/proc/thread-self/root/usr/include" "Mozilla/5.0 AppleWebKit/537.36 (KHTML, like Gecko; compatible; GPTBot/1.3; +https://openai.com/gptbot)"
57.141.20.46 - - [03/Mar/2026:15:51:42 +0330] "GET /shopdetail/110853771?path=/home/foofelco/public_html/wp-content HTTP/2" 200 31300 "-" "meta-externalagent/1.1 (+https://developers.facebook.com/docs/sharing/webmasters/crawler)"
57.141.20.19 - - [03/Mar/2026:15:51:45 +0330] "GET /shopdetail/243599071?path=/home/foofelco/public_html/.tmb HTTP/2" 200 14282 "-" "meta-externalagent/1.1 (+https://developers.facebook.com/docs/sharing/webmasters/crawler)"
66.249.75.4 - - [03/Mar/2026:15:51:43 +0330] "GET /?o=e4pxmqd62adnunu_gkind14523998 HTTP/1.1" 200 31412 "-" "Mozilla/5.0 (Linux; Android 6.0.1; Nexus 5X Build/MMB29P) AppleWebKit/537.36 (KHTML, like Gecko) Chrome/144.0.7559.132 Mobile Safari/537.36 (compatible; Googlebot/2.1; +http://www.google.com/bot.html)"
57.141.20.27 - - [03/Mar/2026:15:51:43 +0330] "GET /shopdetail/216773471?path=/home/foofelco/public_html/.tmb HTTP/2" 200 14282 "-" "meta-externalagent/1.1 (+https://developers.facebook.com/docs/sharing/webmasters/crawler)"
66.249.75.8 - - [03/Mar/2026:15:51:43 +0330] "GET /?o=et4o15sxhps2y29_gkind14524014 HTTP/1.1" 200 31412 "-" "Mozilla/5.0 (Linux; Android 6.0.1; Nexus 5X Build/MMB29P) AppleWebKit/537.36 (KHTML, like Gecko) Chrome/144.0.7559.132 Mobile Safari/537.36 (compatible; Googlebot/2.1; +http://www.google.com/bot.html)"
57.141.20.59 - - [03/Mar/2026:15:51:44 +0330] "GET /shopdetail/158373671?path=/home/foofelco/public_html/wp-snapshots HTTP/2" 200 20198 "-" "meta-externalagent/1.1 (+https://developers.facebook.com/docs/sharing/webmasters/crawler)"
57.141.20.24 - - [03/Mar/2026:15:51:44 +0330] "GET /shopdetail/133279071?path=/home/foofelco/public_html/wp-snapshots HTTP/2" 200 20198 "-" "meta-externalagent/1.1 (+https://developers.facebook.com/docs/sharing/webmasters/crawler)"
66.249.75.2 - - [03/Mar/2026:15:51:44 +0330] "GET /?o=exh4q65o6q5r63m HTTP/1.1" 200 31390 "-" "Mozilla/5.0 (Linux; Android 6.0.1; Nexus 5X Build/MMB29P) AppleWebKit/537.36 (KHTML, like Gecko) Chrome/144.0.7559.132 Mobile Safari/537.36 (compatible; Googlebot/2.1; +http://www.google.com/bot.html)"
