66.249.75.4 - - [03/Mar/2026:16:03:24 +0330] "GET /?z=074000417 HTTP/1.1" 200 31451 "-" "Mozilla/5.0 (Linux; Android 6.0.1; Nexus 5X Build/MMB29P) AppleWebKit/537.36 (KHTML, like Gecko) Chrome/144.0.7559.132 Mobile Safari/537.36 (compatible; Googlebot/2.1; +http://www.google.com/bot.html)"
57.141.20.47 - - [03/Mar/2026:16:03:25 +0330] "GET /shopdetail/134117871?path=/home HTTP/2" 200 13940 "-" "meta-externalagent/1.1 (+https://developers.facebook.com/docs/sharing/webmasters/crawler)"
57.141.20.47 - - [03/Mar/2026:16:03:25 +0330] "GET /shopdetail/210137371?fileloc=/home/foofelco/public_html/wp-comments-post.php&path=/home/foofelco/public_html HTTP/2" 200 14756 "-" "meta-externalagent/1.1 (+https://developers.facebook.com/docs/sharing/webmasters/crawler)"
66.249.75.3 - - [03/Mar/2026:16:03:25 +0330] "GET /?o=252030653 HTTP/1.1" 200 30705 "-" "Mozilla/5.0 (Linux; Android 6.0.1; Nexus 5X Build/MMB29P) AppleWebKit/537.36 (KHTML, like Gecko) Chrome/144.0.7559.132 Mobile Safari/537.36 (compatible; Googlebot/2.1; +http://www.google.com/bot.html)"
57.141.20.45 - - [03/Mar/2026:16:03:24 +0330] "GET /shopdetail/183282871?fileloc=/home/foofelco/public_html/wp-comments-post.php&path=/home/foofelco/public_html HTTP/2" 200 14756 "-" "meta-externalagent/1.1 (+https://developers.facebook.com/docs/sharing/webmasters/crawler)"
66.249.75.6 - - [03/Mar/2026:16:03:24 +0330] "GET /?o=erjdgk79w47htho_gkind14523990 HTTP/1.1" 200 31122 "-" "Mozilla/5.0 (Linux; Android 6.0.1; Nexus 5X Build/MMB29P) AppleWebKit/537.36 (KHTML, like Gecko) Chrome/144.0.7559.132 Mobile Safari/537.36 (compatible; Googlebot/2.1; +http://www.google.com/bot.html)"
74.7.227.54 - - [03/Mar/2026:16:03:25 +0330] "GET /xmlrpc.php?path=//proc/self/root/proc/thread-self/root/proc/self/root/proc/thread-self/root/var/lib/mysql/asanerte_nilamin@002efr HTTP/2" 200 2623 "https://foofel.co/xmlrpc.php?path=//proc/self/root/proc/thread-self/root/proc/self/root/proc/thread-self/root/var/lib/mysql" "Mozilla/5.0 AppleWebKit/537.36 (KHTML, like Gecko; compatible; GPTBot/1.3; +https://openai.com/gptbot)"
57.141.20.31 - - [03/Mar/2026:16:03:26 +0330] "GET /shopdetail/48999171?fileloc=/home/foofelco/public_html/wp-links-opml.php&path=/home/foofelco/public_html HTTP/2" 200 15147 "-" "meta-externalagent/1.1 (+https://developers.facebook.com/docs/sharing/webmasters/crawler)"
66.249.75.3 - - [03/Mar/2026:16:03:26 +0330] "GET /?o=er22brq8rbqczo7_gkind14524014 HTTP/1.1" 200 30729 "-" "Mozilla/5.0 (Linux; Android 6.0.1; Nexus 5X Build/MMB29P) AppleWebKit/537.36 (KHTML, like Gecko) Chrome/144.0.7559.132 Mobile Safari/537.36 (compatible; Googlebot/2.1; +http://www.google.com/bot.html)"
66.249.75.3 - - [03/Mar/2026:16:03:27 +0330] "GET /?o=ebl06y9xmi973vq_gkind14523994 HTTP/1.1" 200 31109 "-" "Mozilla/5.0 (Linux; Android 6.0.1; Nexus 5X Build/MMB29P) AppleWebKit/537.36 (KHTML, like Gecko) Chrome/144.0.7559.132 Mobile Safari/537.36 (compatible; Googlebot/2.1; +http://www.google.com/bot.html)"
57.141.20.51 - - [03/Mar/2026:16:03:28 +0330] "GET /shopdetail/273195371?fileloc=/home/foofelco/public_html/wp-config.php&path=/home/foofelco/public_html HTTP/2" 200 15595 "-" "meta-externalagent/1.1 (+https://developers.facebook.com/docs/sharing/webmasters/crawler)"
74.7.227.54 - - [03/Mar/2026:16:03:29 +0330] "GET /xmlrpc.php?path=//proc/self/root/proc/thread-self/root/proc/self/root/proc/thread-self/root/var/lib/mysql/moshave1_azin12sad HTTP/2" 200 2621 "https://foofel.co/xmlrpc.php?path=//proc/self/root/proc/thread-self/root/proc/self/root/proc/thread-self/root/var/lib/mysql" "Mozilla/5.0 AppleWebKit/537.36 (KHTML, like Gecko; compatible; GPTBot/1.3; +https://openai.com/gptbot)"
66.249.75.6 - - [03/Mar/2026:16:03:29 +0330] "GET /?o=e5iv3v66jf649sn_gkind14524006 HTTP/1.1" 200 30832 "-" "Mozilla/5.0 (Linux; Android 6.0.1; Nexus 5X Build/MMB29P) AppleWebKit/537.36 (KHTML, like Gecko) Chrome/144.0.7559.132 Mobile Safari/537.36 (compatible; Googlebot/2.1; +http://www.google.com/bot.html)"
57.141.20.31 - - [03/Mar/2026:16:03:30 +0330] "GET /shopdetail/232268871?fileloc=/home/foofelco/public_html/wp-trackback.php&path=/home/foofelco/public_html HTTP/2" 200 17443 "-" "meta-externalagent/1.1 (+https://developers.facebook.com/docs/sharing/webmasters/crawler)"
66.249.75.6 - - [03/Mar/2026:16:03:29 +0330] "GET /?o=f22mbrqbr1ige4z_gkind14523994 HTTP/1.1" 200 30729 "-" "Mozilla/5.0 (Linux; Android 6.0.1; Nexus 5X Build/MMB29P) AppleWebKit/537.36 (KHTML, like Gecko) Chrome/144.0.7559.132 Mobile Safari/537.36 (compatible; Googlebot/2.1; +http://www.google.com/bot.html)"
57.141.20.58 - - [03/Mar/2026:16:03:30 +0330] "GET /shopdetail/11640971?fileloc=/home/foofelco/public_html/xmlrpc.php&path=/home/foofelco/public_html HTTP/2" 200 15832 "-" "meta-externalagent/1.1 (+https://developers.facebook.com/docs/sharing/webmasters/crawler)"
66.249.75.6 - - [03/Mar/2026:16:03:30 +0330] "GET /?o=f9a07bybn52ow0j HTTP/1.1" 200 31205 "-" "Mozilla/5.0 (Linux; Android 6.0.1; Nexus 5X Build/MMB29P) AppleWebKit/537.36 (KHTML, like Gecko) Chrome/144.0.7559.132 Mobile Safari/537.36 (compatible; GoogleOther)"
57.141.20.10 - - [03/Mar/2026:16:03:26 +0330] "GET /shopdetail/169830571?path=/home/foofelco/public_html/wp-snapshots HTTP/2" 200 20198 "-" "meta-externalagent/1.1 (+https://developers.facebook.com/docs/sharing/webmasters/crawler)"
57.141.20.7 - - [03/Mar/2026:16:03:27 +0330] "GET /goods/1590427795.htm?fileloc=/home/foofelco/public_html/wp-blog-header.php&path=/home/foofelco/public_html HTTP/2" 200 12868 "-" "meta-externalagent/1.1 (+https://developers.facebook.com/docs/sharing/webmasters/crawler)"
66.249.75.4 - - [03/Mar/2026:16:03:26 +0330] "GET /?h=074000403 HTTP/1.1" 200 30792 "-" "Mozilla/5.0 (Linux; Android 6.0.1; Nexus 5X Build/MMB29P) AppleWebKit/537.36 (KHTML, like Gecko) Chrome/144.0.7559.132 Mobile Safari/537.36 (compatible; Googlebot/2.1; +http://www.google.com/bot.html)"
57.141.20.45 - - [03/Mar/2026:16:03:27 +0330] "GET /shopdetail/22532471?fileloc=/home/foofelco/public_html/xmlrpc.php&path=/home/foofelco/public_html HTTP/2" 200 15832 "-" "meta-externalagent/1.1 (+https://developers.facebook.com/docs/sharing/webmasters/crawler)"
66.249.75.4 - - [03/Mar/2026:16:03:28 +0330] "GET /?o=ewesn32v3n2oc0j_gkind14523998 HTTP/1.1" 200 30964 "-" "Mozilla/5.0 (Linux; Android 6.0.1; Nexus 5X Build/MMB29P) AppleWebKit/537.36 (KHTML, like Gecko) Chrome/144.0.7559.132 Mobile Safari/537.36 (compatible; Googlebot/2.1; +http://www.google.com/bot.html)"
57.141.20.31 - - [03/Mar/2026:16:03:28 +0330] "GET /shopdetail/200143671?path=/home/foofelco/public_html/wp-includes HTTP/2" 200 345244 "-" "meta-externalagent/1.1 (+https://developers.facebook.com/docs/sharing/webmasters/crawler)"
57.141.20.43 - - [03/Mar/2026:16:03:29 +0330] "GET /goods/6001678001.shtm?fileloc=/home/foofelco/public_html/xmlrpc.php&path=/home/foofelco/public_html HTTP/2" 200 15832 "-" "meta-externalagent/1.1 (+https://developers.facebook.com/docs/sharing/webmasters/crawler)"
57.141.20.3 - - [03/Mar/2026:16:03:29 +0330] "GET /shopdetail/232268871?path=/home/foofelco/public_html/wp-snapshots HTTP/2" 200 20198 "-" "meta-externalagent/1.1 (+https://developers.facebook.com/docs/sharing/webmasters/crawler)"
57.141.20.31 - - [03/Mar/2026:16:03:31 +0330] "GET /goods/60042024316.shtm?fileloc=/home/foofelco/public_html/xmlrpc.php&path=/home/foofelco/public_html HTTP/2" 200 15832 "-" "meta-externalagent/1.1 (+https://developers.facebook.com/docs/sharing/webmasters/crawler)"
66.249.75.5 - - [03/Mar/2026:16:03:31 +0330] "GET /?d=231025998 HTTP/1.1" 200 29937 "-" "Mozilla/5.0 (Linux; Android 6.0.1; Nexus 5X Build/MMB29P) AppleWebKit/537.36 (KHTML, like Gecko) Chrome/144.0.7559.132 Mobile Safari/537.36 (compatible; Googlebot/2.1; +http://www.google.com/bot.html)"
66.249.75.7 - - [03/Mar/2026:16:03:32 +0330] "GET /?o=er22brq8rbqczo7_gkind14524026 HTTP/1.1" 200 30730 "-" "Mozilla/5.0 (Linux; Android 6.0.1; Nexus 5X Build/MMB29P) AppleWebKit/537.36 (KHTML, like Gecko) Chrome/144.0.7559.132 Mobile Safari/537.36 (compatible; Googlebot/2.1; +http://www.google.com/bot.html)"
66.249.75.8 - - [03/Mar/2026:16:03:33 +0330] "GET /?f=121034536 HTTP/1.1" 200 30557 "-" "Mozilla/5.0 (Linux; Android 6.0.1; Nexus 5X Build/MMB29P) AppleWebKit/537.36 (KHTML, like Gecko) Chrome/144.0.7559.132 Mobile Safari/537.36 (compatible; Googlebot/2.1; +http://www.google.com/bot.html)"
57.141.20.22 - - [03/Mar/2026:16:03:34 +0330] "GET /shopdetail/78769771?path=/home/foofelco/public_html/.tmb HTTP/2" 200 14282 "-" "meta-externalagent/1.1 (+https://developers.facebook.com/docs/sharing/webmasters/crawler)"
66.249.75.3 - - [03/Mar/2026:16:03:34 +0330] "GET /?o=e81py2p3empzvz6_gkind14523998 HTTP/1.1" 200 31062 "-" "Mozilla/5.0 (Linux; Android 6.0.1; Nexus 5X Build/MMB29P) AppleWebKit/537.36 (KHTML, like Gecko) Chrome/144.0.7559.132 Mobile Safari/537.36 (compatible; Googlebot/2.1; +http://www.google.com/bot.html)"
66.249.75.3 - - [03/Mar/2026:16:03:35 +0330] "GET /?o=fefb0s3bgjjtlt0_gkind14524006 HTTP/1.1" 200 3793 "-" "Mozilla/5.0 (Linux; Android 6.0.1; Nexus 5X Build/MMB29P) AppleWebKit/537.36 (KHTML, like Gecko) Chrome/144.0.7559.132 Mobile Safari/537.36 (compatible; Googlebot/2.1; +http://www.google.com/bot.html)"
66.249.75.5 - - [03/Mar/2026:16:03:34 +0330] "GET /?o=f9fr0s3bgojtst0_gkind14524002 HTTP/1.1" 200 31228 "-" "Mozilla/5.0 (Linux; Android 6.0.1; Nexus 5X Build/MMB29P) AppleWebKit/537.36 (KHTML, like Gecko) Chrome/144.0.7559.132 Mobile Safari/537.36 (compatible; Googlebot/2.1; +http://www.google.com/bot.html)"
57.141.20.46 - - [03/Mar/2026:16:03:35 +0330] "GET /goods/85232744500.htm?fileloc=/home/foofelco/public_html/license.txt&path=/home/foofelco/public_html HTTP/2" 200 32363 "-" "meta-externalagent/1.1 (+https://developers.facebook.com/docs/sharing/webmasters/crawler)"
57.141.20.19 - - [03/Mar/2026:16:03:35 +0330] "GET /shopdetail/262486671?fileloc=/home/foofelco/public_html/index.php0&path=/home/foofelco/public_html HTTP/2" 200 12343 "-" "meta-externalagent/1.1 (+https://developers.facebook.com/docs/sharing/webmasters/crawler)"
57.141.20.6 - - [03/Mar/2026:16:03:36 +0330] "GET /shopdetail/210969271?fileloc=/home/foofelco/public_html/wp-signup.php&path=/home/foofelco/public_html HTTP/2" 200 46577 "-" "meta-externalagent/1.1 (+https://developers.facebook.com/docs/sharing/webmasters/crawler)"
66.249.75.8 - - [03/Mar/2026:16:03:36 +0330] "GET /?o=e46urju973us2gb_gkind14524030 HTTP/1.1" 200 30793 "-" "Mozilla/5.0 (Linux; Android 6.0.1; Nexus 5X Build/MMB29P) AppleWebKit/537.36 (KHTML, like Gecko) Chrome/144.0.7559.132 Mobile Safari/537.36 (compatible; Googlebot/2.1; +http://www.google.com/bot.html)"
66.249.75.7 - - [03/Mar/2026:16:03:36 +0330] "GET /?o=e70aldo31xom8a5_gkind14524022 HTTP/1.1" 200 30899 "-" "Mozilla/5.0 (Linux; Android 6.0.1; Nexus 5X Build/MMB29P) AppleWebKit/537.36 (KHTML, like Gecko) Chrome/144.0.7559.132 Mobile Safari/537.36 (compatible; Googlebot/2.1; +http://www.google.com/bot.html)"
57.141.20.31 - - [03/Mar/2026:16:03:37 +0330] "GET /shopdetail/17698571?path=/home/foofelco/public_html/wp-admin HTTP/2" 200 163474 "-" "meta-externalagent/1.1 (+https://developers.facebook.com/docs/sharing/webmasters/crawler)"
57.141.20.58 - - [03/Mar/2026:16:03:37 +0330] "GET /goods/1590427795.htm?path=/home/foofelco/public_html/.tmb HTTP/2" 200 14282 "-" "meta-externalagent/1.1 (+https://developers.facebook.com/docs/sharing/webmasters/crawler)"
66.249.75.5 - - [03/Mar/2026:16:03:37 +0330] "GET /?o=ebl06y9xmi973vq_gkind14523986 HTTP/1.1" 200 31109 "-" "Mozilla/5.0 (Linux; Android 6.0.1; Nexus 5X Build/MMB29P) AppleWebKit/537.36 (KHTML, like Gecko) Chrome/144.0.7559.132 Mobile Safari/537.36 (compatible; Googlebot/2.1; +http://www.google.com/bot.html)"
66.249.75.7 - - [03/Mar/2026:16:03:37 +0330] "GET /?o=fbswptgb5rk64i1_gkind14523982 HTTP/1.1" 200 30836 "-" "Mozilla/5.0 (Linux; Android 6.0.1; Nexus 5X Build/MMB29P) AppleWebKit/537.36 (KHTML, like Gecko) Chrome/144.0.7559.132 Mobile Safari/537.36 (compatible; Googlebot/2.1; +http://www.google.com/bot.html)"
57.141.20.9 - - [03/Mar/2026:16:03:38 +0330] "GET /goods/1590111833.htm?path=/home/foofelco/public_html/images HTTP/2" 200 17209 "-" "meta-externalagent/1.1 (+https://developers.facebook.com/docs/sharing/webmasters/crawler)"
66.249.75.7 - - [03/Mar/2026:16:03:38 +0330] "GET /?j=261046472 HTTP/1.1" 200 31584 "-" "Mozilla/5.0 (Linux; Android 6.0.1; Nexus 5X Build/MMB29P) AppleWebKit/537.36 (KHTML, like Gecko) Chrome/144.0.7559.132 Mobile Safari/537.36 (compatible; GoogleOther)"
66.249.75.5 - - [03/Mar/2026:16:03:38 +0330] "GET /?o=ew4515svhps2e29_gkind14523978 HTTP/1.1" 200 31525 "-" "Mozilla/5.0 (Linux; Android 6.0.1; Nexus 5X Build/MMB29P) AppleWebKit/537.36 (KHTML, like Gecko) Chrome/144.0.7559.132 Mobile Safari/537.36 (compatible; Googlebot/2.1; +http://www.google.com/bot.html)"
57.141.20.44 - - [03/Mar/2026:16:03:31 +0330] "GET /shopdetail/64086471?fileloc=/home/foofelco/public_html/wp-comments-post.php&path=/home/foofelco/public_html HTTP/2" 200 14756 "-" "meta-externalagent/1.1 (+https://developers.facebook.com/docs/sharing/webmasters/crawler)"
74.7.227.54 - - [03/Mar/2026:16:03:32 +0330] "GET /xmlrpc.php?path=//proc/self/root/proc/thread-self/root/proc/thread-self/root/lib/jvm/jre-openjdk/lib/amd64 HTTP/2" 200 4362 "https://foofel.co/xmlrpc.php?path=//proc/self/root/proc/thread-self/root/proc/thread-self/root/lib/jvm/jre-openjdk/lib" "Mozilla/5.0 AppleWebKit/537.36 (KHTML, like Gecko; compatible; GPTBot/1.3; +https://openai.com/gptbot)"
57.141.20.31 - - [03/Mar/2026:16:03:32 +0330] "GET /shopdetail/109794671?fileloc=/home/foofelco/public_html/wp-load.php&path=/home/foofelco/public_html HTTP/2" 200 15938 "-" "meta-externalagent/1.1 (+https://developers.facebook.com/docs/sharing/webmasters/crawler)"
66.249.75.6 - - [03/Mar/2026:16:03:32 +0330] "GET /?o=e84815skhps2r29 HTTP/1.1" 200 30265 "-" "Mozilla/5.0 (Linux; Android 6.0.1; Nexus 5X Build/MMB29P) AppleWebKit/537.36 (KHTML, like Gecko) Chrome/144.0.7559.132 Mobile Safari/537.36 (compatible; Googlebot/2.1; +http://www.google.com/bot.html)"
57.141.20.40 - - [03/Mar/2026:16:03:32 +0330] "GET /shopdetail/89864671?path=/home/foofelco/public_html/wp-admin HTTP/2" 200 163474 "-" "meta-externalagent/1.1 (+https://developers.facebook.com/docs/sharing/webmasters/crawler)"
57.141.20.31 - - [03/Mar/2026:16:03:33 +0330] "GET /goods/1590466637.htm?fileloc=/home/foofelco/public_html/license.txt&path=/home/foofelco/public_html HTTP/2" 200 32363 "-" "meta-externalagent/1.1 (+https://developers.facebook.com/docs/sharing/webmasters/crawler)"
57.141.20.58 - - [03/Mar/2026:16:03:33 +0330] "GET /goods/159091809.htm?fileloc=/home/foofelco/public_html/robots.txt&path=/home/foofelco/public_html HTTP/2" 200 12423 "-" "meta-externalagent/1.1 (+https://developers.facebook.com/docs/sharing/webmasters/crawler)"
57.141.20.30 - - [03/Mar/2026:16:03:34 +0330] "GET /shopdetail/268465271?fileloc=/home/foofelco/public_html/googlee4527b28c4e7f734.html&path=/home/foofelco/public_html HTTP/2" 200 12360 "-" "meta-externalagent/1.1 (+https://developers.facebook.com/docs/sharing/webmasters/crawler)"
74.7.227.54 - - [03/Mar/2026:16:03:35 +0330] "GET /xmlrpc.php?path=//proc/self/root/proc/thread-self/root/proc/self/root/proc/thread-self/root/lib/python3.6/site-packages/up2date_client HTTP/2" 200 4189 "https://foofel.co/xmlrpc.php?path=//proc/self/root/proc/thread-self/root/proc/self/root/proc/thread-self/root/lib/python3.6/site-packages" "Mozilla/5.0 AppleWebKit/537.36 (KHTML, like Gecko; compatible; GPTBot/1.3; +https://openai.com/gptbot)"
57.141.20.18 - - [03/Mar/2026:16:03:36 +0330] "GET /shopdetail/232268871?fileloc=/home/foofelco/public_html/wp-blog-header.php&path=/home/foofelco/public_html HTTP/2" 200 12868 "-" "meta-externalagent/1.1 (+https://developers.facebook.com/docs/sharing/webmasters/crawler)"
74.7.227.54 - - [03/Mar/2026:16:03:38 +0330] "GET /xmlrpc.php?path=//opt/alt/alt-nodejs20/root/lib/node_modules/npm/node_modules.bundled/@sigstore/core/dist/x509 HTTP/2" 200 3053 "https://foofel.co/xmlrpc.php?path=//opt/alt/alt-nodejs20/root/lib/node_modules/npm/node_modules.bundled/@sigstore/core/dist" "Mozilla/5.0 AppleWebKit/537.36 (KHTML, like Gecko; compatible; GPTBot/1.3; +https://openai.com/gptbot)"
57.141.20.24 - - [03/Mar/2026:16:03:38 +0330] "GET /shopdetail/119121171?fileloc=/home/foofelco/public_html/wp-load.php&path=/home/foofelco/public_html HTTP/2" 200 15938 "-" "meta-externalagent/1.1 (+https://developers.facebook.com/docs/sharing/webmasters/crawler)"
57.141.20.31 - - [03/Mar/2026:16:03:40 +0330] "GET /shopdetail/109794671?path=/home/foofelco/public_html/wp-content HTTP/2" 200 31300 "-" "meta-externalagent/1.1 (+https://developers.facebook.com/docs/sharing/webmasters/crawler)"
114.119.135.166 - - [03/Mar/2026:16:03:39 +0330] "GET /item/173040889 HTTP/1.1" 200 3793 "https://foofel.co/sitemap_index.xml" "Mozilla/5.0 (Linux; Android 7.0;) AppleWebKit/537.36 (KHTML, like Gecko) Mobile Safari/537.36 (compatible; PetalBot;+https://webmaster.petalsearch.com/site/petalbot)"
57.141.20.31 - - [03/Mar/2026:16:03:39 +0330] "GET /shopdetail/183282871?fileloc=/home/foofelco/public_html/wp-blog-header.php&path=/home/foofelco/public_html HTTP/2" 200 12868 "-" "meta-externalagent/1.1 (+https://developers.facebook.com/docs/sharing/webmasters/crawler)"
66.249.75.7 - - [03/Mar/2026:16:03:39 +0330] "GET /?o=e2zz8on5o8n9vl4_gkind14523998 HTTP/1.1" 200 30860 "-" "Mozilla/5.0 (Linux; Android 6.0.1; Nexus 5X Build/MMB29P) AppleWebKit/537.36 (KHTML, like Gecko) Chrome/144.0.7559.132 Mobile Safari/537.36 (compatible; Googlebot/2.1; +http://www.google.com/bot.html)"
57.141.20.1 - - [03/Mar/2026:16:03:40 +0330] "GET /goods/1590427795.htm?path=/home/foofelco/public_html/.well-known HTTP/2" 200 15755 "-" "meta-externalagent/1.1 (+https://developers.facebook.com/docs/sharing/webmasters/crawler)"
66.249.75.5 - - [03/Mar/2026:16:03:40 +0330] "GET /?o=fldbae1bqn5r53m_gkind14523998 HTTP/1.1" 200 30911 "-" "Mozilla/5.0 (Linux; Android 6.0.1; Nexus 5X Build/MMB29P) AppleWebKit/537.36 (KHTML, like Gecko) Chrome/144.0.7559.132 Mobile Safari/537.36 (compatible; Googlebot/2.1; +http://www.google.com/bot.html)"
57.141.20.59 - - [03/Mar/2026:16:03:41 +0330] "GET /shopdetail/101188471?fileloc=/home/foofelco/public_html/options.php&path=/home/foofelco/public_html HTTP/2" 200 14836 "-" "meta-externalagent/1.1 (+https://developers.facebook.com/docs/sharing/webmasters/crawler)"
66.249.75.7 - - [03/Mar/2026:16:03:41 +0330] "GET /?o=e5iv3v66jf649sn_gkind14524018 HTTP/1.1" 200 30832 "-" "Mozilla/5.0 (Linux; Android 6.0.1; Nexus 5X Build/MMB29P) AppleWebKit/537.36 (KHTML, like Gecko) Chrome/144.0.7559.132 Mobile Safari/537.36 (compatible; Googlebot/2.1; +http://www.google.com/bot.html)"
57.141.20.36 - - [03/Mar/2026:16:03:42 +0330] "GET /shopdetail/116747671?fileloc=/home/foofelco/public_html/wp-mail.php&path=/home/foofelco/public_html HTTP/2" 200 21087 "-" "meta-externalagent/1.1 (+https://developers.facebook.com/docs/sharing/webmasters/crawler)"
66.249.75.6 - - [03/Mar/2026:16:03:42 +0330] "GET /?o=eu0uldon1xom6a5 HTTP/1.1" 200 3793 "-" "Mozilla/5.0 (Linux; Android 6.0.1; Nexus 5X Build/MMB29P) AppleWebKit/537.36 (KHTML, like Gecko) Chrome/144.0.7559.132 Mobile Safari/537.36 (compatible; Googlebot/2.1; +http://www.google.com/bot.html)"
57.141.20.55 - - [03/Mar/2026:16:03:43 +0330] "GET /goods/1590187342.htm?fileloc=/home/foofelco/public_html/wp-load.php&path=/home/foofelco/public_html HTTP/2" 200 15938 "-" "meta-externalagent/1.1 (+https://developers.facebook.com/docs/sharing/webmasters/crawler)"
66.249.75.5 - - [03/Mar/2026:16:03:42 +0330] "GET /?o=eg54eut5uetf9ra_gkind14524018 HTTP/1.1" 200 31210 "-" "Mozilla/5.0 (Linux; Android 6.0.1; Nexus 5X Build/MMB29P) AppleWebKit/537.36 (KHTML, like Gecko) Chrome/144.0.7559.132 Mobile Safari/537.36 (compatible; Googlebot/2.1; +http://www.google.com/bot.html)"
66.249.75.8 - - [03/Mar/2026:16:03:44 +0330] "GET /?o=eg54eut5uetf9ra_gkind14523990 HTTP/1.1" 200 31212 "-" "Mozilla/5.0 (Linux; Android 6.0.1; Nexus 5X Build/MMB29P) AppleWebKit/537.36 (KHTML, like Gecko) Chrome/144.0.7559.132 Mobile Safari/537.36 (compatible; Googlebot/2.1; +http://www.google.com/bot.html)"
57.141.20.2 - - [03/Mar/2026:16:03:44 +0330] "GET /shopdetail/11640971?fileloc=/home/foofelco/public_html/wp-config.php&path=/home/foofelco/public_html HTTP/2" 200 15595 "-" "meta-externalagent/1.1 (+https://developers.facebook.com/docs/sharing/webmasters/crawler)"
57.141.20.22 - - [03/Mar/2026:16:03:45 +0330] "GET /shopdetail/134117871?fileloc=/home/foofelco/public_html/index.php&path=/home/foofelco/public_html HTTP/2" 200 34464 "-" "meta-externalagent/1.1 (+https://developers.facebook.com/docs/sharing/webmasters/crawler)"
57.141.20.31 - - [03/Mar/2026:16:03:40 +0330] "GET /shopdetail/116747671?fileloc=/home/foofelco/public_html/wp-signup.php&path=/home/foofelco/public_html HTTP/2" 200 46577 "-" "meta-externalagent/1.1 (+https://developers.facebook.com/docs/sharing/webmasters/crawler)"
74.7.227.54 - - [03/Mar/2026:16:03:41 +0330] "GET /xmlrpc.php?path=//opt/alt/alt-nodejs20/root/usr/lib/node_modules/npm/node_modules.bundled/@sigstore/core/dist/x509 HTTP/2" 200 3063 "https://foofel.co/xmlrpc.php?path=//opt/alt/alt-nodejs20/root/usr/lib/node_modules/npm/node_modules.bundled/@sigstore/core/dist" "Mozilla/5.0 AppleWebKit/537.36 (KHTML, like Gecko; compatible; GPTBot/1.3; +https://openai.com/gptbot)"
57.141.20.31 - - [03/Mar/2026:16:03:41 +0330] "GET /shopdetail/13856971?path=/home/foofelco/public_html HTTP/2" 200 49197 "-" "meta-externalagent/1.1 (+https://developers.facebook.com/docs/sharing/webmasters/crawler)"
66.249.75.3 - - [03/Mar/2026:16:03:41 +0330] "GET /?o=fbswptgb5rk64i1_gkind14524018 HTTP/1.1" 200 30832 "-" "Mozilla/5.0 (Linux; Android 6.0.1; Nexus 5X Build/MMB29P) AppleWebKit/537.36 (KHTML, like Gecko) Chrome/144.0.7559.132 Mobile Safari/537.36 (compatible; Googlebot/2.1; +http://www.google.com/bot.html)"
57.141.20.27 - - [03/Mar/2026:16:03:42 +0330] "GET /goods/1590465402.htm?fileloc=/home/foofelco/public_html/options.php&path=/home/foofelco/public_html HTTP/2" 200 14836 "-" "meta-externalagent/1.1 (+https://developers.facebook.com/docs/sharing/webmasters/crawler)"
57.141.20.43 - - [03/Mar/2026:16:03:43 +0330] "GET /shopdetail/289588471?fileloc=/home/foofelco/public_html/wp-links-opml.php&path=/home/foofelco/public_html HTTP/2" 200 15147 "-" "meta-externalagent/1.1 (+https://developers.facebook.com/docs/sharing/webmasters/crawler)"
66.249.75.8 - - [03/Mar/2026:16:03:43 +0330] "GET /?o=f1pwmqdb2mh3cfy_gkind14524018 HTTP/1.1" 200 30912 "-" "Mozilla/5.0 (Linux; Android 6.0.1; Nexus 5X Build/MMB29P) AppleWebKit/537.36 (KHTML, like Gecko) Chrome/144.0.7559.132 Mobile Safari/537.36 (compatible; Googlebot/2.1; +http://www.google.com/bot.html)"
57.141.20.9 - - [03/Mar/2026:16:03:44 +0330] "GET /shopdetail/186484471?path=/home/foofelco/public_html/wp-content HTTP/2" 200 31300 "-" "meta-externalagent/1.1 (+https://developers.facebook.com/docs/sharing/webmasters/crawler)"
74.7.227.54 - - [03/Mar/2026:16:03:44 +0330] "GET /xmlrpc.php?path=//proc/self/root/var/lib/mysql/damooniraniancom_Emarat_NetSmart HTTP/2" 200 2577 "https://foofel.co/xmlrpc.php?path=//proc/self/root/var/lib/mysql" "Mozilla/5.0 AppleWebKit/537.36 (KHTML, like Gecko; compatible; GPTBot/1.3; +https://openai.com/gptbot)"
57.141.20.2 - - [03/Mar/2026:16:03:45 +0330] "GET /shopdetail/134117871?fileloc=/home/foofelco/public_html/wp-cron.php&path=/home/foofelco/public_html HTTP/2" 200 16353 "-" "meta-externalagent/1.1 (+https://developers.facebook.com/docs/sharing/webmasters/crawler)"
57.141.20.42 - - [03/Mar/2026:16:03:46 +0330] "GET /shopdetail/11640971?fileloc=/home/foofelco/public_html/wp-blog-header.php&path=/home/foofelco/public_html HTTP/2" 200 12868 "-" "meta-externalagent/1.1 (+https://developers.facebook.com/docs/sharing/webmasters/crawler)"
74.7.227.54 - - [03/Mar/2026:16:03:48 +0330] "GET /xmlrpc.php?path=//proc/self/root/proc/thread-self/root/usr/lib/python3.8/site-packages/pip/_vendor/pep517 HTTP/2" 200 3358 "https://foofel.co/xmlrpc.php?path=//proc/self/root/proc/thread-self/root/usr/lib/python3.8/site-packages/pip/_vendor" "Mozilla/5.0 AppleWebKit/537.36 (KHTML, like Gecko; compatible; GPTBot/1.3; +https://openai.com/gptbot)"
57.141.20.46 - - [03/Mar/2026:16:03:47 +0330] "GET /shopdetail/205518971?fileloc=/home/foofelco/public_html/wp-config.php&path=/home/foofelco/public_html HTTP/2" 200 15595 "-" "meta-externalagent/1.1 (+https://developers.facebook.com/docs/sharing/webmasters/crawler)"
66.249.75.7 - - [03/Mar/2026:16:03:45 +0330] "GET /?o=e8lr6y9rmi973vq_gkind14524014 HTTP/1.1" 200 31009 "-" "Mozilla/5.0 (Linux; Android 6.0.1; Nexus 5X Build/MMB29P) AppleWebKit/537.36 (KHTML, like Gecko) Chrome/144.0.7559.132 Mobile Safari/537.36 (compatible; Googlebot/2.1; +http://www.google.com/bot.html)"
66.249.75.6 - - [03/Mar/2026:16:03:45 +0330] "GET /?h=043000128 HTTP/1.1" 200 31062 "-" "Mozilla/5.0 (Linux; Android 6.0.1; Nexus 5X Build/MMB29P) AppleWebKit/537.36 (KHTML, like Gecko) Chrome/144.0.7559.132 Mobile Safari/537.36 (compatible; Googlebot/2.1; +http://www.google.com/bot.html)"
57.141.20.31 - - [03/Mar/2026:16:03:46 +0330] "GET /shopdetail/130243171?path=/home/foofelco/public_html/.tmb HTTP/2" 200 14282 "-" "meta-externalagent/1.1 (+https://developers.facebook.com/docs/sharing/webmasters/crawler)"
66.249.75.4 - - [03/Mar/2026:16:03:46 +0330] "GET /shop/robustiously/idolizer062774399312.shtm HTTP/1.1" 200 29723 "-" "Mozilla/5.0 (Linux; Android 6.0.1; Nexus 5X Build/MMB29P) AppleWebKit/537.36 (KHTML, like Gecko) Chrome/144.0.7559.132 Mobile Safari/537.36 (compatible; GoogleOther)"
57.141.20.10 - - [03/Mar/2026:16:03:47 +0330] "GET /shopdetail/158979971?fileloc=/home/foofelco/public_html/options.php&path=/home/foofelco/public_html HTTP/2" 200 14836 "-" "meta-externalagent/1.1 (+https://developers.facebook.com/docs/sharing/webmasters/crawler)"
66.249.75.5 - - [03/Mar/2026:16:03:46 +0330] "GET /?o=f020brqbr4igx4z HTTP/1.1" 200 30839 "-" "Mozilla/5.0 (Linux; Android 6.0.1; Nexus 5X Build/MMB29P) AppleWebKit/537.36 (KHTML, like Gecko) Chrome/144.0.7559.132 Mobile Safari/537.36 (compatible; Googlebot/2.1; +http://www.google.com/bot.html)"
66.249.75.5 - - [03/Mar/2026:16:03:48 +0330] "GET /?o=eod5ae1vqy1bfbi_gkind14523998 HTTP/1.1" 200 30832 "-" "Mozilla/5.0 (Linux; Android 6.0.1; Nexus 5X Build/MMB29P) AppleWebKit/537.36 (KHTML, like Gecko) Chrome/144.0.7559.132 Mobile Safari/537.36 (compatible; Googlebot/2.1; +http://www.google.com/bot.html)"
57.141.20.12 - - [03/Mar/2026:16:03:49 +0330] "GET /goods/99883380301.htm?fileloc=/home/foofelco/public_html/wp-mail.php&path=/home/foofelco/public_html HTTP/2" 200 21087 "-" "meta-externalagent/1.1 (+https://developers.facebook.com/docs/sharing/webmasters/crawler)"
66.249.75.6 - - [03/Mar/2026:16:03:49 +0330] "GET /?o=e9pfmqdc2adnenu HTTP/1.1" 200 31204 "-" "Mozilla/5.0 (Linux; Android 6.0.1; Nexus 5X Build/MMB29P) AppleWebKit/537.36 (KHTML, like Gecko) Chrome/144.0.7559.132 Mobile Safari/537.36 (compatible; Googlebot/2.1; +http://www.google.com/bot.html)"
66.249.75.4 - - [03/Mar/2026:16:03:49 +0330] "GET /?o=fy4p15sbh1wi0ud_gkind14524010 HTTP/1.1" 200 31413 "-" "Mozilla/5.0 (Linux; Android 6.0.1; Nexus 5X Build/MMB29P) AppleWebKit/537.36 (KHTML, like Gecko) Chrome/144.0.7559.132 Mobile Safari/537.36 (compatible; Googlebot/2.1; +http://www.google.com/bot.html)"
57.141.20.33 - - [03/Mar/2026:16:03:50 +0330] "GET /shopdetail/169830571?fileloc=/home/foofelco/public_html/wp-load.php&path=/home/foofelco/public_html HTTP/2" 200 15938 "-" "meta-externalagent/1.1 (+https://developers.facebook.com/docs/sharing/webmasters/crawler)"
57.141.20.19 - - [03/Mar/2026:16:03:50 +0330] "GET /shopdetail/258878771?fileloc=/home/foofelco/public_html/wp-mail.php&path=/home/foofelco/public_html HTTP/2" 200 21087 "-" "meta-externalagent/1.1 (+https://developers.facebook.com/docs/sharing/webmasters/crawler)"
66.249.75.3 - - [03/Mar/2026:16:03:51 +0330] "GET /?o=f1pwmqdb2mh3cfy_gkind14523982 HTTP/1.1" 200 30914 "-" "Mozilla/5.0 (Linux; Android 6.0.1; Nexus 5X Build/MMB29P) AppleWebKit/537.36 (KHTML, like Gecko) Chrome/144.0.7559.132 Mobile Safari/537.36 (compatible; Googlebot/2.1; +http://www.google.com/bot.html)"
57.141.20.25 - - [03/Mar/2026:16:03:52 +0330] "GET /shopdetail/11640971?fileloc=/home/foofelco/public_html/wp-load.php&path=/home/foofelco/public_html HTTP/2" 200 15938 "-" "meta-externalagent/1.1 (+https://developers.facebook.com/docs/sharing/webmasters/crawler)"
66.249.75.5 - - [03/Mar/2026:16:03:48 +0330] "GET /?o=ew4515svhps2e29_gkind14523990 HTTP/1.1" 200 31526 "-" "Mozilla/5.0 (Linux; Android 6.0.1; Nexus 5X Build/MMB29P) AppleWebKit/537.36 (KHTML, like Gecko) Chrome/144.0.7559.132 Mobile Safari/537.36 (compatible; Googlebot/2.1; +http://www.google.com/bot.html)"
57.141.20.45 - - [03/Mar/2026:16:03:49 +0330] "GET /goods/99883380301.htm?path=/home/foofelco/public_html HTTP/2" 200 49197 "-" "meta-externalagent/1.1 (+https://developers.facebook.com/docs/sharing/webmasters/crawler)"
57.141.20.21 - - [03/Mar/2026:16:03:49 +0330] "GET /shopdetail/64711871?fileloc=/home/foofelco/public_html/xmlrpc.php&path=/home/foofelco/public_html HTTP/2" 200 15832 "-" "meta-externalagent/1.1 (+https://developers.facebook.com/docs/sharing/webmasters/crawler)"
74.7.227.54 - - [03/Mar/2026:16:03:51 +0330] "GET /xmlrpc.php?path=//lib/firmware/ath6k/AR6003.1 HTTP/2" 200 2794 "https://foofel.co/xmlrpc.php?path=//lib/firmware/ath6k" "Mozilla/5.0 AppleWebKit/537.36 (KHTML, like Gecko; compatible; GPTBot/1.3; +https://openai.com/gptbot)"
57.141.20.23 - - [03/Mar/2026:16:03:51 +0330] "GET /shopdetail/169312171?fileloc=/home/foofelco/public_html/readme.html&path=/home/foofelco/public_html HTTP/2" 200 21522 "-" "meta-externalagent/1.1 (+https://developers.facebook.com/docs/sharing/webmasters/crawler)"
66.249.75.3 - - [03/Mar/2026:16:03:51 +0330] "GET /?g=097004640 HTTP/1.1" 200 30583 "-" "Mozilla/5.0 (Linux; Android 6.0.1; Nexus 5X Build/MMB29P) AppleWebKit/537.36 (KHTML, like Gecko) Chrome/144.0.7559.132 Mobile Safari/537.36 (compatible; Googlebot/2.1; +http://www.google.com/bot.html)"
57.141.20.30 - - [03/Mar/2026:16:03:51 +0330] "GET /shopdetail/197113971?path=/home/foofelco/public_html/.tmb HTTP/2" 200 14282 "-" "meta-externalagent/1.1 (+https://developers.facebook.com/docs/sharing/webmasters/crawler)"
66.249.75.1 - - [03/Mar/2026:16:03:52 +0330] "GET /?goods/103012179 HTTP/1.1" 200 30054 "-" "Mozilla/5.0 (Linux; Android 6.0.1; Nexus 5X Build/MMB29P) AppleWebKit/537.36 (KHTML, like Gecko) Chrome/144.0.7559.132 Mobile Safari/537.36 (compatible; Googlebot/2.1; +http://www.google.com/bot.html)"
57.141.20.44 - - [03/Mar/2026:16:03:53 +0330] "GET /shopdetail/271695471?fileloc=/home/foofelco/public_html/wp-links-opml.php&path=/home/foofelco/public_html HTTP/2" 200 15147 "-" "meta-externalagent/1.1 (+https://developers.facebook.com/docs/sharing/webmasters/crawler)"
74.7.227.54 - - [03/Mar/2026:16:03:54 +0330] "GET /xmlrpc.php?fileloc=//usr/local/apache/htdocs/.well-known/.well-knuwn/.htaccess&path=//usr/local/apache/htdocs/.well-known/.well-knuwn HTTP/2" 200 2604 "https://foofel.co/xmlrpc.php?path=//usr/local/apache/htdocs/.well-known/.well-knuwn" "Mozilla/5.0 AppleWebKit/537.36 (KHTML, like Gecko; compatible; GPTBot/1.3; +https://openai.com/gptbot)"
57.141.20.30 - - [03/Mar/2026:16:03:53 +0330] "GET /shopdetail/139398471?fileloc=/home/foofelco/public_html/wp-settings.php&path=/home/foofelco/public_html HTTP/2" 200 31798 "-" "meta-externalagent/1.1 (+https://developers.facebook.com/docs/sharing/webmasters/crawler)"
66.249.75.1 - - [03/Mar/2026:16:03:53 +0330] "GET /?o=fldbae1bqn5r53m_gkind14523994 HTTP/1.1" 200 30911 "-" "Mozilla/5.0 (Linux; Android 6.0.1; Nexus 5X Build/MMB29P) AppleWebKit/537.36 (KHTML, like Gecko) Chrome/144.0.7559.132 Mobile Safari/537.36 (compatible; Googlebot/2.1; +http://www.google.com/bot.html)"
57.141.20.56 - - [03/Mar/2026:16:03:55 +0330] "GET /shopdetail/183312871?path=/ HTTP/2" 200 35497 "-" "meta-externalagent/1.1 (+https://developers.facebook.com/docs/sharing/webmasters/crawler)"
57.141.20.33 - - [03/Mar/2026:16:03:55 +0330] "GET /goods/1590132512.htm?fileloc=/home/foofelco/public_html/license.txt&path=/home/foofelco/public_html HTTP/2" 200 32363 "-" "meta-externalagent/1.1 (+https://developers.facebook.com/docs/sharing/webmasters/crawler)"
57.141.20.22 - - [03/Mar/2026:16:03:52 +0330] "GET /shopdetail/13856971?path=/home/foofelco/public_html/.tmb HTTP/2" 200 14282 "-" "meta-externalagent/1.1 (+https://developers.facebook.com/docs/sharing/webmasters/crawler)"
66.249.75.8 - - [03/Mar/2026:16:03:52 +0330] "GET /?o=e1z48on8o8n90l4_gkind14523990 HTTP/1.1" 200 30912 "-" "Mozilla/5.0 (Linux; Android 6.0.1; Nexus 5X Build/MMB29P) AppleWebKit/537.36 (KHTML, like Gecko) Chrome/144.0.7559.132 Mobile Safari/537.36 (compatible; Googlebot/2.1; +http://www.google.com/bot.html)"
57.141.20.33 - - [03/Mar/2026:16:03:54 +0330] "GET /shopdetail/286760671?path=/home/foofelco/public_html/wp-admin HTTP/2" 200 163474 "-" "meta-externalagent/1.1 (+https://developers.facebook.com/docs/sharing/webmasters/crawler)"
57.141.20.11 - - [03/Mar/2026:16:03:54 +0330] "GET /shopdetail/22532471?fileloc=/home/foofelco/public_html/license.txt&path=/home/foofelco/public_html HTTP/2" 200 32363 "-" "meta-externalagent/1.1 (+https://developers.facebook.com/docs/sharing/webmasters/crawler)"
66.249.75.8 - - [03/Mar/2026:16:03:55 +0330] "GET /?o=e1z48on8o8n90l4_gkind14524030 HTTP/1.1" 200 30911 "-" "Mozilla/5.0 (Linux; Android 6.0.1; Nexus 5X Build/MMB29P) AppleWebKit/537.36 (KHTML, like Gecko) Chrome/144.0.7559.132 Mobile Safari/537.36 (compatible; Googlebot/2.1; +http://www.google.com/bot.html)"
57.141.20.31 - - [03/Mar/2026:16:03:56 +0330] "GET /shopdetail/197106471?path=/home/foofelco/public_html/.well-known HTTP/2" 200 15755 "-" "meta-externalagent/1.1 (+https://developers.facebook.com/docs/sharing/webmasters/crawler)"
66.249.75.8 - - [03/Mar/2026:16:03:56 +0330] "GET /?jp/054006084.html HTTP/1.1" 200 30191 "-" "Mozilla/5.0 (Linux; Android 6.0.1; Nexus 5X Build/MMB29P) AppleWebKit/537.36 (KHTML, like Gecko) Chrome/144.0.7559.132 Mobile Safari/537.36 (compatible; Googlebot/2.1; +http://www.google.com/bot.html)"
57.141.20.43 - - [03/Mar/2026:16:03:57 +0330] "GET /shopdetail/169830571?fileloc=/home/foofelco/public_html/wp-links-opml.php&path=/home/foofelco/public_html HTTP/2" 200 15147 "-" "meta-externalagent/1.1 (+https://developers.facebook.com/docs/sharing/webmasters/crawler)"
66.249.75.5 - - [03/Mar/2026:16:03:57 +0330] "GET /?o=fefb0s3bgjjtlt0_gkind14523998 HTTP/1.1" 200 3793 "-" "Mozilla/5.0 (Linux; Android 6.0.1; Nexus 5X Build/MMB29P) AppleWebKit/537.36 (KHTML, like Gecko) Chrome/144.0.7559.132 Mobile Safari/537.36 (compatible; Googlebot/2.1; +http://www.google.com/bot.html)"
66.249.75.2 - - [03/Mar/2026:16:03:58 +0330] "GET /?o=fefb0s3bgjjtlt0_gkind14524014 HTTP/1.1" 200 3793 "-" "Mozilla/5.0 (Linux; Android 6.0.1; Nexus 5X Build/MMB29P) AppleWebKit/537.36 (KHTML, like Gecko) Chrome/144.0.7559.132 Mobile Safari/537.36 (compatible; Googlebot/2.1; +http://www.google.com/bot.html)"
57.141.20.32 - - [03/Mar/2026:16:03:58 +0330] "GET /goods/159091809.htm?fileloc=/home/foofelco/public_html/license.txt&path=/home/foofelco/public_html HTTP/2" 200 32363 "-" "meta-externalagent/1.1 (+https://developers.facebook.com/docs/sharing/webmasters/crawler)"
57.141.20.2 - - [03/Mar/2026:16:03:59 +0330] "GET /goods/99883380301.htm?fileloc=/home/foofelco/public_html/index.php&path=/home/foofelco/public_html HTTP/2" 200 34464 "-" "meta-externalagent/1.1 (+https://developers.facebook.com/docs/sharing/webmasters/crawler)"
66.249.75.2 - - [03/Mar/2026:16:03:58 +0330] "GET /?o=eg4k15syhps2129_gkind14524022 HTTP/1.1" 200 31411 "-" "Mozilla/5.0 (Linux; Android 6.0.1; Nexus 5X Build/MMB29P) AppleWebKit/537.36 (KHTML, like Gecko) Chrome/144.0.7559.132 Mobile Safari/537.36 (compatible; Googlebot/2.1; +http://www.google.com/bot.html)"
57.141.20.14 - - [03/Mar/2026:16:03:59 +0330] "GET /shopdetail/211712971?fileloc=/home/foofelco/public_html/wp-settings.php&path=/home/foofelco/public_html HTTP/2" 200 31798 "-" "meta-externalagent/1.1 (+https://developers.facebook.com/docs/sharing/webmasters/crawler)"
66.249.75.1 - - [03/Mar/2026:16:03:55 +0330] "GET /?detail/074000404855 HTTP/1.1" 200 31485 "-" "Mozilla/5.0 (Linux; Android 6.0.1; Nexus 5X Build/MMB29P) AppleWebKit/537.36 (KHTML, like Gecko) Chrome/144.0.7559.132 Mobile Safari/537.36 (compatible; Googlebot/2.1; +http://www.google.com/bot.html)"
57.141.20.9 - - [03/Mar/2026:16:03:56 +0330] "GET /shopdetail/64711871?fileloc=/home/foofelco/public_html/wp-settings.php&path=/home/foofelco/public_html HTTP/2" 200 31798 "-" "meta-externalagent/1.1 (+https://developers.facebook.com/docs/sharing/webmasters/crawler)"
74.7.227.54 - - [03/Mar/2026:16:03:57 +0330] "GET /xmlrpc.php?fileloc=//proc/self/root/proc/thread-self/root/lib/firmware/vpu_p.bin&path=//proc/self/root/proc/thread-self/root/lib/firmware HTTP/2" 200 2516 "https://foofel.co/xmlrpc.php?path=//proc/self/root/proc/thread-self/root/lib/firmware" "Mozilla/5.0 AppleWebKit/537.36 (KHTML, like Gecko; compatible; GPTBot/1.3; +https://openai.com/gptbot)"
66.249.75.4 - - [03/Mar/2026:16:03:57 +0330] "GET /?o=fefb0s3bgjjtlt0_gkind14524022 HTTP/1.1" 200 3793 "-" "Mozilla/5.0 (Linux; Android 6.0.1; Nexus 5X Build/MMB29P) AppleWebKit/537.36 (KHTML, like Gecko) Chrome/144.0.7559.132 Mobile Safari/537.36 (compatible; Googlebot/2.1; +http://www.google.com/bot.html)"
57.141.20.24 - - [03/Mar/2026:16:03:57 +0330] "GET /shopdetail/169830571?fileloc=/home/foofelco/public_html/wp-settings.php&path=/home/foofelco/public_html HTTP/2" 200 31798 "-" "meta-externalagent/1.1 (+https://developers.facebook.com/docs/sharing/webmasters/crawler)"
57.141.20.22 - - [03/Mar/2026:16:03:58 +0330] "GET /shopdetail/197106471?fileloc=/home/foofelco/public_html/wp-trackback.php&path=/home/foofelco/public_html HTTP/2" 200 17443 "-" "meta-externalagent/1.1 (+https://developers.facebook.com/docs/sharing/webmasters/crawler)"
66.249.75.1 - - [03/Mar/2026:16:03:58 +0330] "GET /?o=f22mbrqbr1ige4z_gkind14524026 HTTP/1.1" 200 30730 "-" "Mozilla/5.0 (Linux; Android 6.0.1; Nexus 5X Build/MMB29P) AppleWebKit/537.36 (KHTML, like Gecko) Chrome/144.0.7559.132 Mobile Safari/537.36 (compatible; Googlebot/2.1; +http://www.google.com/bot.html)"
74.7.227.54 - - [03/Mar/2026:16:04:00 +0330] "GET /xmlrpc.php?fileloc=//proc/self/root/usr/include/linux/netfilter_bridge/ebt_ip.h&path=//proc/self/root/usr/include/linux/netfilter_bridge HTTP/2" 200 3039 "https://foofel.co/xmlrpc.php?path=//proc/self/root/usr/include/linux/netfilter_bridge" "Mozilla/5.0 AppleWebKit/537.36 (KHTML, like Gecko; compatible; GPTBot/1.3; +https://openai.com/gptbot)"
57.141.20.58 - - [03/Mar/2026:16:04:01 +0330] "GET /shopdetail/101188471?fileloc=/home/foofelco/public_html/robots.txt&path=/home/foofelco/public_html HTTP/2" 200 12423 "-" "meta-externalagent/1.1 (+https://developers.facebook.com/docs/sharing/webmasters/crawler)"
66.249.75.6 - - [03/Mar/2026:16:04:01 +0330] "GET /?o=egh5q6576q5rz3m HTTP/1.1" 200 30811 "-" "Mozilla/5.0 (Linux; Android 6.0.1; Nexus 5X Build/MMB29P) AppleWebKit/537.36 (KHTML, like Gecko) Chrome/144.0.7559.132 Mobile Safari/537.36 (compatible; Googlebot/2.1; +http://www.google.com/bot.html)"
74.7.227.54 - - [03/Mar/2026:16:04:03 +0330] "GET /xmlrpc.php?fileloc=//proc/self/root/usr/lib/firmware/intel/catpt/bdw/dsp_basefw.bin&path=//proc/self/root/usr/lib/firmware/intel/catpt/bdw HTTP/2" 200 2539 "https://foofel.co/xmlrpc.php?path=//proc/self/root/usr/lib/firmware/intel/catpt/bdw" "Mozilla/5.0 AppleWebKit/537.36 (KHTML, like Gecko; compatible; GPTBot/1.3; +https://openai.com/gptbot)"
57.141.20.54 - - [03/Mar/2026:16:04:03 +0330] "GET /shopdetail/289588471?fileloc=/home/foofelco/public_html/wp-settings.php&path=/home/foofelco/public_html HTTP/2" 200 31798 "-" "meta-externalagent/1.1 (+https://developers.facebook.com/docs/sharing/webmasters/crawler)"
57.141.20.31 - - [03/Mar/2026:16:04:04 +0330] "GET /goods/6001678001.shtm?fileloc=/home/foofelco/public_html/wp-trackback.php&path=/home/foofelco/public_html HTTP/2" 200 17443 "-" "meta-externalagent/1.1 (+https://developers.facebook.com/docs/sharing/webmasters/crawler)"
57.141.20.18 - - [03/Mar/2026:16:04:00 +0330] "GET /shopdetail/11640971?fileloc=/home/foofelco/public_html/robots.txt&path=/home/foofelco/public_html HTTP/2" 200 12423 "-" "meta-externalagent/1.1 (+https://developers.facebook.com/docs/sharing/webmasters/crawler)"
66.249.75.7 - - [03/Mar/2026:16:03:59 +0330] "GET /?o=e1z48on8o8n90l4_gkind14523986 HTTP/1.1" 200 30910 "-" "Mozilla/5.0 (Linux; Android 6.0.1; Nexus 5X Build/MMB29P) AppleWebKit/537.36 (KHTML, like Gecko) Chrome/144.0.7559.132 Mobile Safari/537.36 (compatible; Googlebot/2.1; +http://www.google.com/bot.html)"
66.249.75.2 - - [03/Mar/2026:16:04:00 +0330] "GET /?goods/054006080 HTTP/1.1" 200 31198 "-" "Mozilla/5.0 (Linux; Android 6.0.1; Nexus 5X Build/MMB29P) AppleWebKit/537.36 (KHTML, like Gecko) Chrome/144.0.7559.132 Mobile Safari/537.36 (compatible; Googlebot/2.1; +http://www.google.com/bot.html)"
57.141.20.40 - - [03/Mar/2026:16:04:00 +0330] "GET /shopdetail/191995571?fileloc=/home/foofelco/public_html/readme.html&path=/home/foofelco/public_html HTTP/2" 200 21522 "-" "meta-externalagent/1.1 (+https://developers.facebook.com/docs/sharing/webmasters/crawler)"
57.141.20.31 - - [03/Mar/2026:16:04:01 +0330] "GET /shopdetail/100886971?path=/home HTTP/2" 200 13940 "-" "meta-externalagent/1.1 (+https://developers.facebook.com/docs/sharing/webmasters/crawler)"
66.249.75.2 - - [03/Mar/2026:16:04:01 +0330] "GET /?o=f76grjub7nak2kr_gkind14523986 HTTP/1.1" 200 31280 "-" "Mozilla/5.0 (Linux; Android 6.0.1; Nexus 5X Build/MMB29P) AppleWebKit/537.36 (KHTML, like Gecko) Chrome/144.0.7559.132 Mobile Safari/537.36 (compatible; Googlebot/2.1; +http://www.google.com/bot.html)"
57.141.20.31 - - [03/Mar/2026:16:04:02 +0330] "GET /goods/99883380301.htm?fileloc=/home/foofelco/public_html/wp-settings.php&path=/home/foofelco/public_html HTTP/2" 200 31798 "-" "meta-externalagent/1.1 (+https://developers.facebook.com/docs/sharing/webmasters/crawler)"
57.141.20.46 - - [03/Mar/2026:16:04:02 +0330] "GET /goods/99883380301.htm?fileloc=/home/foofelco/public_html/wp-comments-post.php&path=/home/foofelco/public_html HTTP/2" 200 14756 "-" "meta-externalagent/1.1 (+https://developers.facebook.com/docs/sharing/webmasters/crawler)"
57.141.20.29 - - [03/Mar/2026:16:04:03 +0330] "GET /shopdetail/197106471?path=/home/foofelco/public_html/wp-includes HTTP/2" 200 345244 "-" "meta-externalagent/1.1 (+https://developers.facebook.com/docs/sharing/webmasters/crawler)"
66.249.75.1 - - [03/Mar/2026:16:04:03 +0330] "GET /?o=faat7bybnq2or0j HTTP/1.1" 200 30853 "-" "Mozilla/5.0 (Linux; Android 6.0.1; Nexus 5X Build/MMB29P) AppleWebKit/537.36 (KHTML, like Gecko) Chrome/144.0.7559.132 Mobile Safari/537.36 (compatible; GoogleOther)"
66.249.75.7 - - [03/Mar/2026:16:04:03 +0330] "GET /?o=eg4k15syhps2129_gkind14524030 HTTP/1.1" 200 31411 "-" "Mozilla/5.0 (Linux; Android 6.0.1; Nexus 5X Build/MMB29P) AppleWebKit/537.36 (KHTML, like Gecko) Chrome/144.0.7559.132 Mobile Safari/537.36 (compatible; Googlebot/2.1; +http://www.google.com/bot.html)"
57.141.20.31 - - [03/Mar/2026:16:04:05 +0330] "GET /goods/60042024316.shtm?fileloc=/home/foofelco/public_html/wp-activate.php&path=/home/foofelco/public_html HTTP/2" 200 20246 "-" "meta-externalagent/1.1 (+https://developers.facebook.com/docs/sharing/webmasters/crawler)"
57.141.20.49 - - [03/Mar/2026:16:04:05 +0330] "GET /shopdetail/197106471?fileloc=/home/foofelco/public_html/wp-comments-post.php&path=/home/foofelco/public_html HTTP/2" 200 14756 "-" "meta-externalagent/1.1 (+https://developers.facebook.com/docs/sharing/webmasters/crawler)"
57.141.20.57 - - [03/Mar/2026:16:04:07 +0330] "GET /shopdetail/183312871?fileloc=/home/foofelco/public_html/readme.html&path=/home/foofelco/public_html HTTP/2" 200 21522 "-" "meta-externalagent/1.1 (+https://developers.facebook.com/docs/sharing/webmasters/crawler)"
57.141.20.4 - - [03/Mar/2026:16:04:08 +0330] "GET /shopdetail/164171671?fileloc=/home/foofelco/public_html/wp-load.php&path=/home/foofelco/public_html HTTP/2" 200 15938 "-" "meta-externalagent/1.1 (+https://developers.facebook.com/docs/sharing/webmasters/crawler)"
57.141.20.12 - - [03/Mar/2026:16:04:04 +0330] "GET /shopdetail/286760671?path=/home/foofelco/public_html/wp-includes HTTP/2" 200 345244 "-" "meta-externalagent/1.1 (+https://developers.facebook.com/docs/sharing/webmasters/crawler)"
66.249.75.3 - - [03/Mar/2026:16:04:04 +0330] "GET /?o=fupkmqdb21h35fy_gkind14523998 HTTP/1.1" 200 30881 "-" "Mozilla/5.0 (Linux; Android 6.0.1; Nexus 5X Build/MMB29P) AppleWebKit/537.36 (KHTML, like Gecko) Chrome/144.0.7559.132 Mobile Safari/537.36 (compatible; Googlebot/2.1; +http://www.google.com/bot.html)"
66.249.75.6 - - [03/Mar/2026:16:04:04 +0330] "GET /?o=e06frju773us8gb_gkind14524006 HTTP/1.1" 200 31107 "-" "Mozilla/5.0 (Linux; Android 6.0.1; Nexus 5X Build/MMB29P) AppleWebKit/537.36 (KHTML, like Gecko) Chrome/144.0.7559.132 Mobile Safari/537.36 (compatible; Googlebot/2.1; +http://www.google.com/bot.html)"
74.7.227.54 - - [03/Mar/2026:16:04:06 +0330] "GET /xmlrpc.php?fileloc=//proc/self/root/usr/include/linux/netfilter_arp/arpt_mangle.h&path=//proc/self/root/usr/include/linux/netfilter_arp HTTP/2" 200 2783 "https://foofel.co/xmlrpc.php?path=//proc/self/root/usr/include/linux/netfilter_arp" "Mozilla/5.0 AppleWebKit/537.36 (KHTML, like Gecko; compatible; GPTBot/1.3; +https://openai.com/gptbot)"
57.141.20.12 - - [03/Mar/2026:16:04:06 +0330] "GET /shopdetail/169953471?fileloc=/home/foofelco/public_html/wp-comments-post.php&path=/home/foofelco/public_html HTTP/2" 200 14756 "-" "meta-externalagent/1.1 (+https://developers.facebook.com/docs/sharing/webmasters/crawler)"
57.141.20.40 - - [03/Mar/2026:16:04:06 +0330] "GET /shopdetail/169830571?path=/home HTTP/2" 200 13940 "-" "meta-externalagent/1.1 (+https://developers.facebook.com/docs/sharing/webmasters/crawler)"
66.249.75.5 - - [03/Mar/2026:16:04:06 +0330] "GET /?o=ekd2ae10qy1b4bi HTTP/1.1" 200 30838 "-" "Mozilla/5.0 (Linux; Android 6.0.1; Nexus 5X Build/MMB29P) AppleWebKit/537.36 (KHTML, like Gecko) Chrome/144.0.7559.132 Mobile Safari/537.36 (compatible; Googlebot/2.1; +http://www.google.com/bot.html)"
66.249.75.6 - - [03/Mar/2026:16:04:06 +0330] "GET /?o=e06frju773us8gb_gkind14524002 HTTP/1.1" 200 31108 "-" "Mozilla/5.0 (Linux; Android 6.0.1; Nexus 5X Build/MMB29P) AppleWebKit/537.36 (KHTML, like Gecko) Chrome/144.0.7559.132 Mobile Safari/537.36 (compatible; Googlebot/2.1; +http://www.google.com/bot.html)"
57.141.20.57 - - [03/Mar/2026:16:04:08 +0330] "GET /shopdetail/201443871?path=/home/foofelco/public_html/wp-content HTTP/2" 200 31300 "-" "meta-externalagent/1.1 (+https://developers.facebook.com/docs/sharing/webmasters/crawler)"
66.249.75.3 - - [03/Mar/2026:16:04:08 +0330] "GET /?o=ewric4f3sofd91w HTTP/1.1" 200 31389 "-" "Mozilla/5.0 (Linux; Android 6.0.1; Nexus 5X Build/MMB29P) AppleWebKit/537.36 (KHTML, like Gecko) Chrome/144.0.7559.132 Mobile Safari/537.36 (compatible; Googlebot/2.1; +http://www.google.com/bot.html)"
57.141.20.16 - - [03/Mar/2026:16:04:09 +0330] "GET /shopdetail/294991471?path=/home/foofelco/public_html/.tmb HTTP/2" 200 14282 "-" "meta-externalagent/1.1 (+https://developers.facebook.com/docs/sharing/webmasters/crawler)"
66.249.75.5 - - [03/Mar/2026:16:04:08 +0330] "GET /?o=e06frju773us8gb_gkind14524030 HTTP/1.1" 200 31107 "-" "Mozilla/5.0 (Linux; Android 6.0.1; Nexus 5X Build/MMB29P) AppleWebKit/537.36 (KHTML, like Gecko) Chrome/144.0.7559.132 Mobile Safari/537.36 (compatible; Googlebot/2.1; +http://www.google.com/bot.html)"
74.7.227.54 - - [03/Mar/2026:16:04:10 +0330] "GET /xmlrpc.php?fileloc=//proc/self/root/lib/tuned/optimize-serial-console/tuned.conf&path=//proc/self/root/lib/tuned/optimize-serial-console HTTP/2" 200 2641 "https://foofel.co/xmlrpc.php?path=//proc/self/root/lib/tuned/optimize-serial-console" "Mozilla/5.0 AppleWebKit/537.36 (KHTML, like Gecko; compatible; GPTBot/1.3; +https://openai.com/gptbot)"
66.249.75.3 - - [03/Mar/2026:16:04:09 +0330] "GET /?o=e8lr6y9rmi973vq_gkind14524006 HTTP/1.1" 200 31010 "-" "Mozilla/5.0 (Linux; Android 6.0.1; Nexus 5X Build/MMB29P) AppleWebKit/537.36 (KHTML, like Gecko) Chrome/144.0.7559.132 Mobile Safari/537.36 (compatible; Googlebot/2.1; +http://www.google.com/bot.html)"
57.141.20.12 - - [03/Mar/2026:16:04:10 +0330] "GET /goods/1590132512.htm?fileloc=/home/foofelco/public_html/wp-comments-post.php&path=/home/foofelco/public_html HTTP/2" 200 14756 "-" "meta-externalagent/1.1 (+https://developers.facebook.com/docs/sharing/webmasters/crawler)"
66.84.95.82 - - [03/Mar/2026:16:04:11 +0330] "GET /shop/yttrotantalite/phrenologically024292581631.shtm?fileloc=/home/foofelco/public_html/wp-trackback.php&path=/home/foofelco/public_html HTTP/1.1" 200 4263 "https://foofel.co/" "Mozilla/5.0 (Windows NT 10.0; WOW64; x64) AppleWebKit/537.36 (KHTML, like Gecko) Chrome/114.0.0.0 Safari/537.36 OPR/89.0.4447.51"
66.249.75.3 - - [03/Mar/2026:16:04:11 +0330] "GET /?detail/07402257030556 HTTP/1.1" 200 30477 "-" "Mozilla/5.0 (Linux; Android 6.0.1; Nexus 5X Build/MMB29P) AppleWebKit/537.36 (KHTML, like Gecko) Chrome/144.0.7559.132 Mobile Safari/537.36 (compatible; Googlebot/2.1; +http://www.google.com/bot.html)"
74.7.227.54 - - [03/Mar/2026:16:04:13 +0330] "GET /xmlrpc.php?path=//proc/self/root/proc/thread-self/root/proc/thread-self/root/lib/jvm/jre-openjdk/lib/amd64/server HTTP/2" 200 3077 "https://foofel.co/xmlrpc.php?path=//proc/self/root/proc/thread-self/root/proc/thread-self/root/lib/jvm/jre-openjdk/lib/amd64" "Mozilla/5.0 AppleWebKit/537.36 (KHTML, like Gecko; compatible; GPTBot/1.3; +https://openai.com/gptbot)"
